| Back to Build/check report for BioC 3.11 experimental data |
This page was generated on 2020-10-05 15:53:48 -0400 (Mon, 05 Oct 2020).
| TO THE DEVELOPERS/MAINTAINERS OF THE RforProteomics PACKAGE: Please make sure to use the following settings in order to reproduce any error or warning you see on this page. |
| Package 298/391 | Hostname | OS / Arch | INSTALL | BUILD | CHECK | ||||||
| RforProteomics 1.26.0 Laurent Gatto
| malbec2 | Linux (Ubuntu 18.04.4 LTS) / x86_64 | OK | OK | [ WARNINGS ] |
| Package: RforProteomics |
| Version: 1.26.0 |
| Command: /home/biocbuild/bbs-3.11-bioc/R/bin/R CMD check --install=check:RforProteomics.install-out.txt --library=/home/biocbuild/bbs-3.11-bioc/R/library --no-vignettes --timings RforProteomics_1.26.0.tar.gz |
| StartedAt: 2020-10-05 11:20:51 -0400 (Mon, 05 Oct 2020) |
| EndedAt: 2020-10-05 11:22:59 -0400 (Mon, 05 Oct 2020) |
| EllapsedTime: 128.9 seconds |
| RetCode: 0 |
| Status: WARNINGS |
| CheckDir: RforProteomics.Rcheck |
| Warnings: 1 |
##############################################################################
##############################################################################
###
### Running command:
###
### /home/biocbuild/bbs-3.11-bioc/R/bin/R CMD check --install=check:RforProteomics.install-out.txt --library=/home/biocbuild/bbs-3.11-bioc/R/library --no-vignettes --timings RforProteomics_1.26.0.tar.gz
###
##############################################################################
##############################################################################
* using log directory ‘/home/biocbuild/bbs-3.11-data-experiment/meat/RforProteomics.Rcheck’
* using R version 4.0.2 (2020-06-22)
* using platform: x86_64-pc-linux-gnu (64-bit)
* using session charset: UTF-8
* using option ‘--no-vignettes’
* checking for file ‘RforProteomics/DESCRIPTION’ ... OK
* checking extension type ... Package
* this is package ‘RforProteomics’ version ‘1.26.0’
* checking package namespace information ... OK
* checking package dependencies ... OK
* checking if this is a source package ... OK
* checking if there is a namespace ... OK
* checking for hidden files and directories ... OK
* checking for portable file names ... OK
* checking for sufficient/correct file permissions ... OK
* checking whether package ‘RforProteomics’ can be installed ... WARNING
Found the following significant warnings:
Note: possible error in 'plotOutput("plotma", ': unused argument (clickId = "plotma_click")
Warning: replacing previous import ‘MSnbase::plot’ by ‘graphics::plot’ when loading ‘RforProteomics’
See ‘/home/biocbuild/bbs-3.11-data-experiment/meat/RforProteomics.Rcheck/00install.out’ for details.
Information on the location(s) of code generating the ‘Note’s can be
obtained by re-running with environment variable R_KEEP_PKG_SOURCE set
to ‘yes’.
* checking installed package size ... OK
* checking package directory ... OK
* checking ‘build’ directory ... OK
* checking DESCRIPTION meta-information ... OK
* checking top-level files ... OK
* checking for left-over files ... OK
* checking index information ... OK
* checking package subdirectories ... OK
* checking R files for non-ASCII characters ... OK
* checking R files for syntax errors ... OK
* checking whether the package can be loaded ... OK
* checking whether the package can be loaded with stated dependencies ... OK
* checking whether the package can be unloaded cleanly ... OK
* checking whether the namespace can be loaded with stated dependencies ... OK
* checking whether the namespace can be unloaded cleanly ... OK
* checking dependencies in R code ... OK
* checking S3 generic/method consistency ... OK
* checking replacement functions ... OK
* checking foreign function calls ... OK
* checking R code for possible problems ... NOTE
shinyMA: possible error in plotOutput("plotma", clickId =
"plotma_click", width = 400, height = 400): unused argument (clickId
= "plotma_click")
* checking Rd files ... OK
* checking Rd metadata ... OK
* checking Rd cross-references ... OK
* checking for missing documentation entries ... OK
* checking for code/documentation mismatches ... OK
* checking Rd \usage sections ... OK
* checking Rd contents ... OK
* checking for unstated dependencies in examples ... OK
* checking contents of ‘data’ directory ... OK
* checking data for non-ASCII characters ... OK
* checking data for ASCII and uncompressed saves ... OK
* checking files in ‘vignettes’ ... OK
* checking examples ... OK
Examples with CPU (user + system) or elapsed time > 5s
user system elapsed
id 7.638 0.096 16.272
* checking for unstated dependencies in vignettes ... OK
* checking package vignettes in ‘inst/doc’ ... OK
* checking running R code from vignettes ... SKIPPED
* checking re-building of vignette outputs ... SKIPPED
* checking PDF version of manual ... OK
* DONE
Status: 1 WARNING, 1 NOTE
See
‘/home/biocbuild/bbs-3.11-data-experiment/meat/RforProteomics.Rcheck/00check.log’
for details.
RforProteomics.Rcheck/00install.out
##############################################################################
##############################################################################
###
### Running command:
###
### /home/biocbuild/bbs-3.11-bioc/R/bin/R CMD INSTALL RforProteomics
###
##############################################################################
##############################################################################
* installing to library ‘/home/biocbuild/bbs-3.11-bioc/R/library’
* installing *source* package ‘RforProteomics’ ...
** using staged installation
** R
** data
** inst
** byte-compile and prepare package for lazy loading
Warning: replacing previous import ‘MSnbase::plot’ by ‘graphics::plot’ when loading ‘RforProteomics’
Note: possible error in 'plotOutput("plotma", ': unused argument (clickId = "plotma_click")
** help
*** installing help indices
** building package indices
** installing vignettes
** testing if installed package can be loaded from temporary location
Warning: replacing previous import ‘MSnbase::plot’ by ‘graphics::plot’ when loading ‘RforProteomics’
** testing if installed package can be loaded from final location
Warning: replacing previous import ‘MSnbase::plot’ by ‘graphics::plot’ when loading ‘RforProteomics’
** testing if installed package keeps a record of temporary installation path
* DONE (RforProteomics)
RforProteomics.Rcheck/RforProteomics-Ex.timings
| name | user | system | elapsed | |
| getThermoHelaPRTC | 0 | 0 | 0 | |
| id | 7.638 | 0.096 | 16.272 | |
| mstut | 0.043 | 0.000 | 0.544 | |
| proteomicsPackages | 3.501 | 0.012 | 3.966 | |
| qnt | 0.019 | 0.000 | 0.019 | |
| shinyMA | 0 | 0 | 0 | |