| Back to Build/check report for BioC 3.11 experimental data |
This page was generated on 2020-10-15 20:46:02 -0400 (Thu, 15 Oct 2020).
| TO THE DEVELOPERS/MAINTAINERS OF THE TCGAWorkflowData PACKAGE: Please make sure to use the following settings in order to reproduce any error or warning you see on this page. |
| Package 366/391 | Hostname | OS / Arch | INSTALL | BUILD | CHECK | ||||||
| TCGAWorkflowData 1.12.0 Tiago Chedraoui Silva
| malbec2 | Linux (Ubuntu 18.04.4 LTS) / x86_64 | OK | OK | [ WARNINGS ] |
| Package: TCGAWorkflowData |
| Version: 1.12.0 |
| Command: /home/biocbuild/bbs-3.11-bioc/R/bin/R CMD check --install=check:TCGAWorkflowData.install-out.txt --library=/home/biocbuild/bbs-3.11-bioc/R/library --no-vignettes --timings TCGAWorkflowData_1.12.0.tar.gz |
| StartedAt: 2020-10-15 14:17:05 -0400 (Thu, 15 Oct 2020) |
| EndedAt: 2020-10-15 14:25:48 -0400 (Thu, 15 Oct 2020) |
| EllapsedTime: 522.9 seconds |
| RetCode: 0 |
| Status: WARNINGS |
| CheckDir: TCGAWorkflowData.Rcheck |
| Warnings: 1 |
##############################################################################
##############################################################################
###
### Running command:
###
### /home/biocbuild/bbs-3.11-bioc/R/bin/R CMD check --install=check:TCGAWorkflowData.install-out.txt --library=/home/biocbuild/bbs-3.11-bioc/R/library --no-vignettes --timings TCGAWorkflowData_1.12.0.tar.gz
###
##############################################################################
##############################################################################
* using log directory ‘/home/biocbuild/bbs-3.11-data-experiment/meat/TCGAWorkflowData.Rcheck’
* using R version 4.0.3 (2020-10-10)
* using platform: x86_64-pc-linux-gnu (64-bit)
* using session charset: UTF-8
* using option ‘--no-vignettes’
* checking for file ‘TCGAWorkflowData/DESCRIPTION’ ... OK
* this is package ‘TCGAWorkflowData’ version ‘1.12.0’
* checking package namespace information ... OK
* checking package dependencies ... OK
* checking if this is a source package ... OK
* checking if there is a namespace ... OK
* checking for hidden files and directories ... OK
* checking for portable file names ... OK
* checking for sufficient/correct file permissions ... OK
* checking whether package ‘TCGAWorkflowData’ can be installed ... OK
* checking installed package size ... NOTE
installed size is 77.5Mb
sub-directories of 1Mb or more:
data 77.3Mb
* checking package directory ... OK
* checking ‘build’ directory ... OK
* checking DESCRIPTION meta-information ... OK
* checking top-level files ... OK
* checking for left-over files ... OK
* checking index information ... OK
* checking package subdirectories ... OK
* checking R files for non-ASCII characters ... OK
* checking R files for syntax errors ... OK
* checking whether the package can be loaded ... OK
* checking whether the package can be loaded with stated dependencies ... OK
* checking whether the package can be unloaded cleanly ... OK
* checking whether the namespace can be loaded with stated dependencies ... OK
* checking whether the namespace can be unloaded cleanly ... OK
* checking dependencies in R code ... OK
* checking S3 generic/method consistency ... OK
* checking replacement functions ... OK
* checking foreign function calls ... OK
* checking R code for possible problems ... OK
* checking Rd files ... OK
* checking Rd metadata ... OK
* checking Rd cross-references ... OK
* checking for missing documentation entries ... WARNING
Undocumented data sets:
‘commonCNV’
All user-level objects in a package should have documentation entries.
See chapter ‘Writing R documentation files’ in the ‘Writing R
Extensions’ manual.
* checking for code/documentation mismatches ... OK
* checking Rd \usage sections ... OK
* checking Rd contents ... OK
* checking for unstated dependencies in examples ... OK
* checking contents of ‘data’ directory ... OK
* checking data for non-ASCII characters ... OK
* checking data for ASCII and uncompressed saves ... OK
* checking files in ‘vignettes’ ... OK
* checking examples ... OK
Examples with CPU (user + system) or elapsed time > 5s
user system elapsed
TCGAWorkflowData 39.805 0.336 40.141
GBMmut 14.947 0.088 15.034
LGGmut 12.340 0.052 12.391
mut 11.562 0.064 11.626
tmp.biogrid 11.589 0.008 11.597
* checking for unstated dependencies in ‘tests’ ... OK
* checking tests ...
Running ‘testthat.R’
OK
* checking for unstated dependencies in vignettes ... OK
* checking package vignettes in ‘inst/doc’ ... OK
* checking running R code from vignettes ... SKIPPED
* checking re-building of vignette outputs ... SKIPPED
* checking PDF version of manual ... OK
* DONE
Status: 1 WARNING, 1 NOTE
See
‘/home/biocbuild/bbs-3.11-data-experiment/meat/TCGAWorkflowData.Rcheck/00check.log’
for details.
TCGAWorkflowData.Rcheck/00install.out
############################################################################## ############################################################################## ### ### Running command: ### ### /home/biocbuild/bbs-3.11-bioc/R/bin/R CMD INSTALL TCGAWorkflowData ### ############################################################################## ############################################################################## * installing to library ‘/home/biocbuild/bbs-3.11-bioc/R/library’ * installing *source* package ‘TCGAWorkflowData’ ... ** using staged installation ** R ** data ** byte-compile and prepare package for lazy loading ** help *** installing help indices ** building package indices ** installing vignettes ** testing if installed package can be loaded from temporary location ** testing if installed package can be loaded from final location ** testing if installed package keeps a record of temporary installation path * DONE (TCGAWorkflowData)
TCGAWorkflowData.Rcheck/tests/testthat.Rout
R version 4.0.3 (2020-10-10) -- "Bunny-Wunnies Freak Out"
Copyright (C) 2020 The R Foundation for Statistical Computing
Platform: x86_64-pc-linux-gnu (64-bit)
R is free software and comes with ABSOLUTELY NO WARRANTY.
You are welcome to redistribute it under certain conditions.
Type 'license()' or 'licence()' for distribution details.
R is a collaborative project with many contributors.
Type 'contributors()' for more information and
'citation()' on how to cite R or R packages in publications.
Type 'demo()' for some demos, 'help()' for on-line help, or
'help.start()' for an HTML browser interface to help.
Type 'q()' to quit R.
> library(testthat)
> library(TCGAWorkflowData)
>
> test_check("TCGAWorkflowData")
══ testthat results ═══════════════════════════════════════════════════════════
[ OK: 0 | SKIPPED: 1 | WARNINGS: 0 | FAILED: 0 ]
>
> proc.time()
user system elapsed
37.317 0.656 38.233
TCGAWorkflowData.Rcheck/TCGAWorkflowData-Ex.timings
| name | user | system | elapsed | |
| GBMmut | 14.947 | 0.088 | 15.034 | |
| LGGmut | 12.340 | 0.052 | 12.391 | |
| TCGAWorkflowData | 39.805 | 0.336 | 40.141 | |
| cnvMatrix | 0.007 | 0.000 | 0.008 | |
| exp | 0.632 | 0.008 | 0.641 | |
| exp.elmer | 0.572 | 0.004 | 0.576 | |
| gbm.exp | 0.379 | 0.004 | 0.384 | |
| gbm.samples | 0.499 | 0.020 | 0.519 | |
| genes | 0.181 | 0.004 | 0.185 | |
| genes_GR | 0.178 | 0.004 | 0.183 | |
| gistic.allbygene | 0.007 | 0.000 | 0.007 | |
| gistic.thresholedbygene | 0.006 | 0.000 | 0.007 | |
| histone.marks | 1.244 | 0.052 | 1.296 | |
| lgg.exp | 0.373 | 0.004 | 0.376 | |
| lgg.samples | 0.482 | 0.008 | 0.492 | |
| markersMatrix | 2.935 | 0.032 | 2.967 | |
| met | 0.534 | 0.016 | 0.550 | |
| met.elmer | 0.535 | 0.004 | 0.540 | |
| mut | 11.562 | 0.064 | 11.626 | |
| tmp.biogrid | 11.589 | 0.008 | 11.597 | |