| Back to Multiple platform build/check report for BioC 3.13 |
|
This page was generated on 2021-10-15 15:05:38 -0400 (Fri, 15 Oct 2021).
|
To the developers/maintainers of the CopyNumberPlots package: - Please allow up to 24 hours (and sometimes 48 hours) for your latest push to git@git.bioconductor.org:packages/CopyNumberPlots.git to reflect on this report. See How and When does the builder pull? When will my changes propagate? here for more information. - Make sure to use the following settings in order to reproduce any error or warning you see on this page. |
| Package 388/2041 | Hostname | OS / Arch | INSTALL | BUILD | CHECK | BUILD BIN | ||||||||
| CopyNumberPlots 1.8.0 (landing page) Bernat Gel
| nebbiolo1 | Linux (Ubuntu 20.04.2 LTS) / x86_64 | OK | ERROR | skipped | |||||||||
| tokay2 | Windows Server 2012 R2 Standard / x64 | OK | ERROR | skipped | skipped | |||||||||
| machv2 | macOS 10.14.6 Mojave / x86_64 | OK | ERROR | skipped | skipped | |||||||||
| Package: CopyNumberPlots |
| Version: 1.8.0 |
| Command: /home/biocbuild/bbs-3.13-bioc/R/bin/R CMD build --keep-empty-dirs --no-resave-data CopyNumberPlots |
| StartedAt: 2021-10-14 07:01:25 -0400 (Thu, 14 Oct 2021) |
| EndedAt: 2021-10-14 07:02:07 -0400 (Thu, 14 Oct 2021) |
| EllapsedTime: 42.1 seconds |
| RetCode: 1 |
| Status: ERROR |
| PackageFile: None |
| PackageFileSize: NA |
############################################################################## ############################################################################## ### ### Running command: ### ### /home/biocbuild/bbs-3.13-bioc/R/bin/R CMD build --keep-empty-dirs --no-resave-data CopyNumberPlots ### ############################################################################## ############################################################################## * checking for file ‘CopyNumberPlots/DESCRIPTION’ ... OK * preparing ‘CopyNumberPlots’: * checking DESCRIPTION meta-information ... OK * installing the package to build vignettes * creating vignettes ... ERROR --- re-building ‘CopyNumberPlots.Rmd’ using rmarkdown Quitting from lines 93-109 (CopyNumberPlots.Rmd) Error: processing vignette 'CopyNumberPlots.Rmd' failed with diagnostics: attempt to use zero-length variable name --- failed re-building ‘CopyNumberPlots.Rmd’ SUMMARY: processing the following file failed: ‘CopyNumberPlots.Rmd’ Error: Vignette re-building failed. Execution halted