| Back to Multiple platform build/check report for BioC 3.14 |
|
This page was generated on 2022-04-13 12:07:54 -0400 (Wed, 13 Apr 2022).
| Hostname | OS | Arch (*) | R version | Installed pkgs |
|---|---|---|---|---|
| nebbiolo2 | Linux (Ubuntu 20.04.4 LTS) | x86_64 | 4.1.3 (2022-03-10) -- "One Push-Up" | 4324 |
| tokay2 | Windows Server 2012 R2 Standard | x64 | 4.1.3 (2022-03-10) -- "One Push-Up" | 4077 |
| machv2 | macOS 10.14.6 Mojave | x86_64 | 4.1.3 (2022-03-10) -- "One Push-Up" | 4137 |
| Click on any hostname to see more info about the system (e.g. compilers) (*) as reported by 'uname -p', except on Windows and Mac OS X | ||||
|
To the developers/maintainers of the DiffLogo package: - Please allow up to 24 hours (and sometimes 48 hours) for your latest push to git@git.bioconductor.org:packages/DiffLogo.git to reflect on this report. See How and When does the builder pull? When will my changes propagate? for more information. - Make sure to use the following settings in order to reproduce any error or warning you see on this page. |
| Package 508/2083 | Hostname | OS / Arch | INSTALL | BUILD | CHECK | BUILD BIN | ||||||||
| DiffLogo 2.18.0 (landing page) Hendrik Treutler
| nebbiolo2 | Linux (Ubuntu 20.04.4 LTS) / x86_64 | OK | OK | WARNINGS | |||||||||
| tokay2 | Windows Server 2012 R2 Standard / x64 | OK | OK | WARNINGS | OK | |||||||||
| machv2 | macOS 10.14.6 Mojave / x86_64 | OK | OK | WARNINGS | OK | |||||||||
| Package: DiffLogo |
| Version: 2.18.0 |
| Command: /Library/Frameworks/R.framework/Resources/bin/R CMD check --install=check:DiffLogo.install-out.txt --library=/Library/Frameworks/R.framework/Resources/library --no-vignettes --timings DiffLogo_2.18.0.tar.gz |
| StartedAt: 2022-04-12 12:36:24 -0400 (Tue, 12 Apr 2022) |
| EndedAt: 2022-04-12 12:37:20 -0400 (Tue, 12 Apr 2022) |
| EllapsedTime: 55.6 seconds |
| RetCode: 0 |
| Status: WARNINGS |
| CheckDir: DiffLogo.Rcheck |
| Warnings: 1 |
##############################################################################
##############################################################################
###
### Running command:
###
### /Library/Frameworks/R.framework/Resources/bin/R CMD check --install=check:DiffLogo.install-out.txt --library=/Library/Frameworks/R.framework/Resources/library --no-vignettes --timings DiffLogo_2.18.0.tar.gz
###
##############################################################################
##############################################################################
* using log directory ‘/Users/biocbuild/bbs-3.14-bioc/meat/DiffLogo.Rcheck’
* using R version 4.1.3 (2022-03-10)
* using platform: x86_64-apple-darwin17.0 (64-bit)
* using session charset: UTF-8
* using option ‘--no-vignettes’
* checking for file ‘DiffLogo/DESCRIPTION’ ... OK
* checking extension type ... Package
* this is package ‘DiffLogo’ version ‘2.18.0’
* checking package namespace information ... OK
* checking package dependencies ... OK
* checking if this is a source package ... OK
* checking if there is a namespace ... OK
* checking for hidden files and directories ... OK
* checking for portable file names ... OK
* checking for sufficient/correct file permissions ... OK
* checking whether package ‘DiffLogo’ can be installed ... OK
* checking installed package size ... OK
* checking package directory ... OK
* checking ‘build’ directory ... OK
* checking DESCRIPTION meta-information ... OK
* checking top-level files ... OK
* checking for left-over files ... OK
* checking index information ... OK
* checking package subdirectories ... OK
* checking R files for non-ASCII characters ... OK
* checking R files for syntax errors ... OK
* checking whether the package can be loaded ... OK
* checking whether the package can be loaded with stated dependencies ... OK
* checking whether the package can be unloaded cleanly ... OK
* checking whether the namespace can be loaded with stated dependencies ... WARNING
Warning: S4 exports specified in 'NAMESPACE' but not defined in package ‘DiffLogo’
* checking whether the namespace can be unloaded cleanly ... OK
* checking dependencies in R code ... OK
* checking S3 generic/method consistency ... OK
* checking replacement functions ... OK
* checking foreign function calls ... OK
* checking R code for possible problems ... NOTE
diffLogo: no visible global function definition for ‘is’
preconditionTransformPWM: no visible global function definition for
‘is’
Undefined global functions or variables:
is
Consider adding
importFrom("methods", "is")
to your NAMESPACE file (and ensure that your DESCRIPTION Imports field
contains 'methods').
* checking Rd files ... OK
* checking Rd metadata ... OK
* checking Rd cross-references ... OK
* checking for missing documentation entries ... OK
* checking for code/documentation mismatches ... OK
* checking Rd \usage sections ... OK
* checking Rd contents ... OK
* checking for unstated dependencies in examples ... OK
* checking sizes of PDF files under ‘inst/doc’ ... OK
* checking files in ‘vignettes’ ... OK
* checking examples ... OK
Examples with CPU (user + system) or elapsed time > 5s
user system elapsed
enrichDiffLogoTableWithPvalues 5.311 0.199 5.525
* checking for unstated dependencies in ‘tests’ ... OK
* checking tests ...
Running ‘testthat.R’
OK
* checking for unstated dependencies in vignettes ... OK
* checking package vignettes in ‘inst/doc’ ... OK
* checking running R code from vignettes ... SKIPPED
* checking re-building of vignette outputs ... SKIPPED
* checking PDF version of manual ... OK
* DONE
Status: 1 WARNING, 1 NOTE
See
‘/Users/biocbuild/bbs-3.14-bioc/meat/DiffLogo.Rcheck/00check.log’
for details.
DiffLogo.Rcheck/00install.out
############################################################################## ############################################################################## ### ### Running command: ### ### /Library/Frameworks/R.framework/Resources/bin/R CMD INSTALL DiffLogo ### ############################################################################## ############################################################################## * installing to library ‘/Library/Frameworks/R.framework/Versions/4.1/Resources/library’ * installing *source* package ‘DiffLogo’ ... ** using staged installation ** R ** inst ** byte-compile and prepare package for lazy loading ** help *** installing help indices ** building package indices ** installing vignettes ** testing if installed package can be loaded from temporary location ** testing if installed package can be loaded from final location ** testing if installed package keeps a record of temporary installation path * DONE (DiffLogo)
DiffLogo.Rcheck/tests/testthat.Rout
R version 4.1.3 (2022-03-10) -- "One Push-Up" Copyright (C) 2022 The R Foundation for Statistical Computing Platform: x86_64-apple-darwin17.0 (64-bit) R is free software and comes with ABSOLUTELY NO WARRANTY. You are welcome to redistribute it under certain conditions. Type 'license()' or 'licence()' for distribution details. R is a collaborative project with many contributors. Type 'contributors()' for more information and 'citation()' on how to cite R or R packages in publications. Type 'demo()' for some demos, 'help()' for on-line help, or 'help.start()' for an HTML browser interface to help. Type 'q()' to quit R. > > proc.time() user system elapsed 0.329 0.080 0.381
DiffLogo.Rcheck/DiffLogo-Ex.timings
| name | user | system | elapsed | |
| ASN | 0.001 | 0.001 | 0.003 | |
| Alphabet | 0.000 | 0.001 | 0.001 | |
| DNA | 0 | 0 | 0 | |
| FULL_ALPHABET | 0.001 | 0.001 | 0.001 | |
| RNA | 0.000 | 0.000 | 0.001 | |
| calculatePvalue | 0.028 | 0.004 | 0.032 | |
| createDiffLogoObject | 0.099 | 0.009 | 0.109 | |
| diffLogo | 0.074 | 0.009 | 0.084 | |
| diffLogoFromPwm | 0.077 | 0.008 | 0.086 | |
| diffLogoTable | 2.081 | 0.090 | 2.172 | |
| diffLogoTableConfiguration | 0.001 | 0.001 | 0.002 | |
| differenceOfICs | 0.427 | 0.015 | 0.444 | |
| drawDiffLogoTable | 2.083 | 0.109 | 2.194 | |
| enrichDiffLogoObjectWithPvalues | 0.297 | 0.023 | 0.320 | |
| enrichDiffLogoTableWithPvalues | 5.311 | 0.199 | 5.525 | |
| extendPwmsFromAlignmentVector | 0.093 | 0.003 | 0.098 | |
| getAlphabetFromCharacters | 0.001 | 0.000 | 0.002 | |
| getAlphabetFromSequences | 0.000 | 0.001 | 0.001 | |
| getPwmFromAlignment | 0.540 | 0.135 | 0.677 | |
| getPwmFromAlignmentFile | 0.012 | 0.001 | 0.013 | |
| getPwmFromFastaFile | 0.028 | 0.001 | 0.029 | |
| getPwmFromFile | 0.004 | 0.001 | 0.004 | |
| getPwmFromHomerFile | 0.003 | 0.001 | 0.003 | |
| getPwmFromPfmOrJasparFile | 0.004 | 0.001 | 0.006 | |
| getPwmFromPwmFile | 0.005 | 0.000 | 0.005 | |
| getSequencesFromAlignmentFile | 0.003 | 0.000 | 0.003 | |
| getSequencesFromFastaFile | 0.002 | 0.001 | 0.004 | |
| informationContent | 0.102 | 0.004 | 0.107 | |
| lossOfAbsICDifferences | 0.092 | 0.008 | 0.101 | |
| multipleLocalPwmsAlignment | 0.076 | 0.002 | 0.079 | |
| normalizePWM | 0.001 | 0.000 | 0.000 | |
| normalizedDifferenceOfProbabilities | 0.084 | 0.005 | 0.090 | |
| prepareDiffLogoTable | 2.006 | 0.052 | 2.067 | |
| probabilities | 0.061 | 0.004 | 0.065 | |
| seqLogo | 0.062 | 0.039 | 0.101 | |
| shannonDivergence | 0.082 | 0.008 | 0.090 | |
| sumOfAbsICDifferences | 0.083 | 0.005 | 0.087 | |
| sumOfAbsProbabilityDifferences | 0.086 | 0.011 | 0.097 | |
| sumProbabilities | 0.062 | 0.008 | 0.070 | |