| Back to Multiple platform build/check report for BioC 3.15 |
|
This page was generated on 2022-03-18 11:08:39 -0400 (Fri, 18 Mar 2022).
| Hostname | OS | Arch (*) | R version | Installed pkgs |
|---|---|---|---|---|
| nebbiolo1 | Linux (Ubuntu 20.04.4 LTS) | x86_64 | R Under development (unstable) (2022-02-17 r81757) -- "Unsuffered Consequences" | 4334 |
| riesling1 | Windows Server 2019 Standard | x64 | R Under development (unstable) (2021-11-21 r81221) -- "Unsuffered Consequences" | 4097 |
| palomino3 | Windows Server 2022 Datacenter | x64 | R Under development (unstable) (2022-02-17 r81757 ucrt) -- "Unsuffered Consequences" | 4083 |
| merida1 | macOS 10.14.6 Mojave | x86_64 | R Under development (unstable) (2022-03-02 r81842) -- "Unsuffered Consequences" | 4134 |
| Click on any hostname to see more info about the system (e.g. compilers) (*) as reported by 'uname -p', except on Windows and Mac OS X | ||||
|
To the developers/maintainers of the scuttle package: - Please allow up to 24 hours (and sometimes 48 hours) for your latest push to git@git.bioconductor.org:packages/scuttle.git to reflect on this report. See How and When does the builder pull? When will my changes propagate? here for more information. - Make sure to use the following settings in order to reproduce any error or warning you see on this page. |
| Package 1759/2090 | Hostname | OS / Arch | INSTALL | BUILD | CHECK | BUILD BIN | ||||||||
| scuttle 1.5.1 (landing page) Aaron Lun
| nebbiolo1 | Linux (Ubuntu 20.04.4 LTS) / x86_64 | OK | OK | WARNINGS | |||||||||
| riesling1 | Windows Server 2019 Standard / x64 | OK | OK | WARNINGS | OK | |||||||||
| palomino3 | Windows Server 2022 Datacenter / x64 | OK | OK | WARNINGS | OK | |||||||||
| merida1 | macOS 10.14.6 Mojave / x86_64 | OK | OK | WARNINGS | OK | |||||||||
| Package: scuttle |
| Version: 1.5.1 |
| Command: D:\biocbuild\bbs-3.15-bioc\R\bin\R.exe CMD check --no-multiarch --install=check:scuttle.install-out.txt --library=D:\biocbuild\bbs-3.15-bioc\R\library --no-vignettes --timings scuttle_1.5.1.tar.gz |
| StartedAt: 2022-03-17 20:14:14 -0400 (Thu, 17 Mar 2022) |
| EndedAt: 2022-03-17 20:21:54 -0400 (Thu, 17 Mar 2022) |
| EllapsedTime: 460.2 seconds |
| RetCode: 0 |
| Status: WARNINGS |
| CheckDir: scuttle.Rcheck |
| Warnings: 1 |
##############################################################################
##############################################################################
###
### Running command:
###
### D:\biocbuild\bbs-3.15-bioc\R\bin\R.exe CMD check --no-multiarch --install=check:scuttle.install-out.txt --library=D:\biocbuild\bbs-3.15-bioc\R\library --no-vignettes --timings scuttle_1.5.1.tar.gz
###
##############################################################################
##############################################################################
* using log directory 'D:/biocbuild/bbs-3.15-bioc/meat/scuttle.Rcheck'
* using R Under development (unstable) (2021-11-21 r81221)
* using platform: x86_64-w64-mingw32 (64-bit)
* using session charset: ISO8859-1
* using option '--no-vignettes'
* checking for file 'scuttle/DESCRIPTION' ... OK
* checking extension type ... Package
* this is package 'scuttle' version '1.5.1'
* checking package namespace information ... OK
* checking package dependencies ... OK
* checking if this is a source package ... OK
* checking if there is a namespace ... OK
* checking for hidden files and directories ... OK
* checking for portable file names ... OK
* checking whether package 'scuttle' can be installed ... OK
* checking installed package size ... OK
* checking package directory ... OK
* checking 'build' directory ... OK
* checking DESCRIPTION meta-information ... OK
* checking top-level files ... OK
* checking for left-over files ... OK
* checking index information ... OK
* checking package subdirectories ... OK
* checking R files for non-ASCII characters ... OK
* checking R files for syntax errors ... OK
* checking whether the package can be loaded ... OK
* checking whether the package can be loaded with stated dependencies ... OK
* checking whether the package can be unloaded cleanly ... OK
* checking whether the namespace can be loaded with stated dependencies ... OK
* checking whether the namespace can be unloaded cleanly ... OK
* checking dependencies in R code ... OK
* checking S3 generic/method consistency ... OK
* checking replacement functions ... OK
* checking foreign function calls ... OK
* checking R code for possible problems ... OK
* checking Rd files ... OK
* checking Rd metadata ... OK
* checking Rd cross-references ... OK
* checking for missing documentation entries ... OK
* checking for code/documentation mismatches ... OK
* checking Rd \usage sections ... OK
* checking Rd contents ... OK
* checking for unstated dependencies in examples ... OK
* checking line endings in C/C++/Fortran sources/headers ... OK
* checking line endings in Makefiles ... OK
* checking compilation flags in Makevars ... OK
* checking for GNU extensions in Makefiles ... OK
* checking for portable use of $(BLAS_LIBS) and $(LAPACK_LIBS) ... OK
* checking use of PKG_*FLAGS in Makefiles ... OK
* checking compiled code ... NOTE
Note: information on .o files for x64 is not available
File 'D:/biocbuild/bbs-3.15-bioc/R/library/scuttle/libs/x64/scuttle.dll':
Found 'abort', possibly from 'abort' (C), 'runtime' (Fortran)
Found 'exit', possibly from 'exit' (C), 'stop' (Fortran)
Found 'printf', possibly from 'printf' (C)
Compiled code should not call entry points which might terminate R nor
write to stdout/stderr instead of to the console, nor use Fortran I/O
nor system RNGs. The detected symbols are linked into the code but
might come from libraries and not actually be called.
See 'Writing portable packages' in the 'Writing R Extensions' manual.
* checking files in 'vignettes' ... OK
* checking examples ... WARNING
Found the following significant warnings:
Warning: 'use.altexps=' is deprecated.
Warning: 'use.altexps=' is deprecated.
Warning: 'use.altexps=' is deprecated.
Warning: 'use.altexps=' is deprecated.
Deprecated functions may be defunct as soon as of the next release of
R.
See ?Deprecated.
Examples with CPU (user + system) or elapsed time > 5s
user system elapsed
computePooledFactors 5.76 0.34 6.11
* checking for unstated dependencies in 'tests' ... OK
* checking tests ...
Running 'testthat.R'
OK
* checking for unstated dependencies in vignettes ... OK
* checking package vignettes in 'inst/doc' ... OK
* checking running R code from vignettes ... SKIPPED
* checking re-building of vignette outputs ... SKIPPED
* checking PDF version of manual ... OK
* DONE
Status: 1 WARNING, 1 NOTE
See
'D:/biocbuild/bbs-3.15-bioc/meat/scuttle.Rcheck/00check.log'
for details.
scuttle.Rcheck/00install.out
##############################################################################
##############################################################################
###
### Running command:
###
### D:\biocbuild\bbs-3.15-bioc\R\bin\R.exe CMD INSTALL scuttle
###
##############################################################################
##############################################################################
* installing to library 'D:/biocbuild/bbs-3.15-bioc/R/library'
* installing *source* package 'scuttle' ...
** using staged installation
** libs
"C:/rtools40/mingw64/bin/"g++ -std=gnu++11 -I"D:/biocbuild/bbs-3.15-bioc/R/include" -DNDEBUG -I../inst/include/ -I'D:/biocbuild/bbs-3.15-bioc/R/library/Rcpp/include' -I'D:/biocbuild/bbs-3.15-bioc/R/library/beachmat/include' -I"C:/extsoft/include" -O2 -Wall -mfpmath=sse -msse2 -mstackrealign -fno-reorder-blocks-and-partition -c RcppExports.cpp -o RcppExports.o
"C:/rtools40/mingw64/bin/"g++ -std=gnu++11 -I"D:/biocbuild/bbs-3.15-bioc/R/include" -DNDEBUG -I../inst/include/ -I'D:/biocbuild/bbs-3.15-bioc/R/library/Rcpp/include' -I'D:/biocbuild/bbs-3.15-bioc/R/library/beachmat/include' -I"C:/extsoft/include" -O2 -Wall -mfpmath=sse -msse2 -mstackrealign -fno-reorder-blocks-and-partition -c cumulative_prop.cpp -o cumulative_prop.o
In file included from D:/biocbuild/bbs-3.15-bioc/R/library/beachmat/include/beachmat3/lin_matrix.h:12,
from D:/biocbuild/bbs-3.15-bioc/R/library/beachmat/include/beachmat3/read_lin_block.h:11,
from D:/biocbuild/bbs-3.15-bioc/R/library/beachmat/include/beachmat3/beachmat.h:24,
from cumulative_prop.cpp:2:
D:/biocbuild/bbs-3.15-bioc/R/library/beachmat/include/beachmat3/Csparse_reader.h: In instantiation of 'beachmat::SparseArraySeed_reader<V, TIT>::SparseArraySeed_reader(Rcpp::RObject) [with V = Rcpp::Vector<13>; TIT = const int*; Rcpp::RObject = Rcpp::RObject_Impl<Rcpp::PreserveStorage>]':
D:/biocbuild/bbs-3.15-bioc/R/library/beachmat/include/beachmat3/lin_matrix.h:561:56: required from 'beachmat::lin_SparseArraySeed<V, TIT>::lin_SparseArraySeed(Rcpp::RObject) [with V = Rcpp::Vector<13>; TIT = const int*; Rcpp::RObject = Rcpp::RObject_Impl<Rcpp::PreserveStorage>]'
D:/biocbuild/bbs-3.15-bioc/R/library/beachmat/include/beachmat3/read_lin_block.h:36:39: required from 'std::unique_ptr<_Codecvt> beachmat::read_lin_sparse_block_raw(Rcpp::RObject) [with M = beachmat::lin_matrix; Rcpp::RObject = Rcpp::RObject_Impl<Rcpp::PreserveStorage>]'
D:/biocbuild/bbs-3.15-bioc/R/library/beachmat/include/beachmat3/read_lin_block.h:65:63: required from here
D:/biocbuild/bbs-3.15-bioc/R/library/beachmat/include/beachmat3/Csparse_reader.h:535:17: warning: comparison of integer expressions of different signedness: 'const size_t' {aka 'const long long unsigned int'} and 'R_xlen_t' {aka 'long long int'} [-Wsign-compare]
if (nnz != x.size()) {
D:/biocbuild/bbs-3.15-bioc/R/library/beachmat/include/beachmat3/Csparse_reader.h:551:45: warning: comparison of integer expressions of different signedness: 'int' and 'const size_t' {aka 'const long long unsigned int'} [-Wsign-compare]
if (lastR <= 0 || lastR > NR || lastC <= 0 || lastC > NC) {
~~~~~~^~~~
D:/biocbuild/bbs-3.15-bioc/R/library/beachmat/include/beachmat3/Csparse_reader.h:551:73: warning: comparison of integer expressions of different signedness: 'int' and 'const size_t' {aka 'const long long unsigned int'} [-Wsign-compare]
if (lastR <= 0 || lastR > NR || lastC <= 0 || lastC > NC) {
~~~~~~^~~~
D:/biocbuild/bbs-3.15-bioc/R/library/beachmat/include/beachmat3/Csparse_reader.h:593:35: warning: comparison of integer expressions of different signedness: 'int' and 'const size_t' {aka 'const long long unsigned int'} [-Wsign-compare]
for (int v = 0; v < nnz; ++v, ++rowIt, ++colIt, ++xIt) {
~~^~~~~
D:/biocbuild/bbs-3.15-bioc/R/library/beachmat/include/beachmat3/Csparse_reader.h: In instantiation of 'beachmat::SparseArraySeed_reader<V, TIT>::SparseArraySeed_reader(Rcpp::RObject) [with V = Rcpp::Vector<14, Rcpp::PreserveStorage>; TIT = const double*; Rcpp::RObject = Rcpp::RObject_Impl<Rcpp::PreserveStorage>]':
D:/biocbuild/bbs-3.15-bioc/R/library/beachmat/include/beachmat3/lin_matrix.h:561:56: required from 'beachmat::lin_SparseArraySeed<V, TIT>::lin_SparseArraySeed(Rcpp::RObject) [with V = Rcpp::Vector<14, Rcpp::PreserveStorage>; TIT = const double*; Rcpp::RObject = Rcpp::RObject_Impl<Rcpp::PreserveStorage>]'
D:/biocbuild/bbs-3.15-bioc/R/library/beachmat/include/beachmat3/read_lin_block.h:38:39: required from 'std::unique_ptr<_Codecvt> beachmat::read_lin_sparse_block_raw(Rcpp::RObject) [with M = beachmat::lin_matrix; Rcpp::RObject = Rcpp::RObject_Impl<Rcpp::PreserveStorage>]'
D:/biocbuild/bbs-3.15-bioc/R/library/beachmat/include/beachmat3/read_lin_block.h:65:63: required from here
D:/biocbuild/bbs-3.15-bioc/R/library/beachmat/include/beachmat3/Csparse_reader.h:535:17: warning: comparison of integer expressions of different signedness: 'const size_t' {aka 'const long long unsigned int'} and 'R_xlen_t' {aka 'long long int'} [-Wsign-compare]
if (nnz != x.size()) {
D:/biocbuild/bbs-3.15-bioc/R/library/beachmat/include/beachmat3/Csparse_reader.h:551:45: warning: comparison of integer expressions of different signedness: 'int' and 'const size_t' {aka 'const long long unsigned int'} [-Wsign-compare]
if (lastR <= 0 || lastR > NR || lastC <= 0 || lastC > NC) {
~~~~~~^~~~
D:/biocbuild/bbs-3.15-bioc/R/library/beachmat/include/beachmat3/Csparse_reader.h:551:73: warning: comparison of integer expressions of different signedness: 'int' and 'const size_t' {aka 'const long long unsigned int'} [-Wsign-compare]
if (lastR <= 0 || lastR > NR || lastC <= 0 || lastC > NC) {
~~~~~~^~~~
D:/biocbuild/bbs-3.15-bioc/R/library/beachmat/include/beachmat3/Csparse_reader.h:593:35: warning: comparison of integer expressions of different signedness: 'int' and 'const size_t' {aka 'const long long unsigned int'} [-Wsign-compare]
for (int v = 0; v < nnz; ++v, ++rowIt, ++colIt, ++xIt) {
~~^~~~~
D:/biocbuild/bbs-3.15-bioc/R/library/beachmat/include/beachmat3/Csparse_reader.h: In instantiation of 'beachmat::SparseArraySeed_reader<V, TIT>::SparseArraySeed_reader(Rcpp::RObject) [with V = Rcpp::Vector<10, Rcpp::PreserveStorage>; TIT = const int*; Rcpp::RObject = Rcpp::RObject_Impl<Rcpp::PreserveStorage>]':
D:/biocbuild/bbs-3.15-bioc/R/library/beachmat/include/beachmat3/lin_matrix.h:561:56: required from 'beachmat::lin_SparseArraySeed<V, TIT>::lin_SparseArraySeed(Rcpp::RObject) [with V = Rcpp::Vector<10, Rcpp::PreserveStorage>; TIT = const int*; Rcpp::RObject = Rcpp::RObject_Impl<Rcpp::PreserveStorage>]'
D:/biocbuild/bbs-3.15-bioc/R/library/beachmat/include/beachmat3/read_lin_block.h:40:39: required from 'std::unique_ptr<_Codecvt> beachmat::read_lin_sparse_block_raw(Rcpp::RObject) [with M = beachmat::lin_matrix; Rcpp::RObject = Rcpp::RObject_Impl<Rcpp::PreserveStorage>]'
D:/biocbuild/bbs-3.15-bioc/R/library/beachmat/include/beachmat3/read_lin_block.h:65:63: required from here
D:/biocbuild/bbs-3.15-bioc/R/library/beachmat/include/beachmat3/Csparse_reader.h:535:17: warning: comparison of integer expressions of different signedness: 'const size_t' {aka 'const long long unsigned int'} and 'R_xlen_t' {aka 'long long int'} [-Wsign-compare]
if (nnz != x.size()) {
D:/biocbuild/bbs-3.15-bioc/R/library/beachmat/include/beachmat3/Csparse_reader.h:551:45: warning: comparison of integer expressions of different signedness: 'int' and 'const size_t' {aka 'const long long unsigned int'} [-Wsign-compare]
if (lastR <= 0 || lastR > NR || lastC <= 0 || lastC > NC) {
~~~~~~^~~~
D:/biocbuild/bbs-3.15-bioc/R/library/beachmat/include/beachmat3/Csparse_reader.h:551:73: warning: comparison of integer expressions of different signedness: 'int' and 'const size_t' {aka 'const long long unsigned int'} [-Wsign-compare]
if (lastR <= 0 || lastR > NR || lastC <= 0 || lastC > NC) {
~~~~~~^~~~
D:/biocbuild/bbs-3.15-bioc/R/library/beachmat/include/beachmat3/Csparse_reader.h:593:35: warning: comparison of integer expressions of different signedness: 'int' and 'const size_t' {aka 'const long long unsigned int'} [-Wsign-compare]
for (int v = 0; v < nnz; ++v, ++rowIt, ++colIt, ++xIt) {
~~^~~~~
D:/biocbuild/bbs-3.15-bioc/R/library/beachmat/include/beachmat3/Csparse_reader.h: In instantiation of 'beachmat::sparse_index<OUT, I> beachmat::Csparse_core<TIT, I, P>::get_row(size_t, ALT, I*, size_t, size_t) [with OUT = const int*; ALT = int*; TIT = const double*; I = int; P = long long unsigned int; size_t = long long unsigned int]':
D:/biocbuild/bbs-3.15-bioc/R/library/beachmat/include/beachmat3/Csparse_reader.h:650:73: required from 'beachmat::sparse_index<OUT, int> beachmat::SparseArraySeed_reader<V, TIT>::get_row(size_t, ALT, int*, size_t, size_t) [with OUT = const int*; ALT = int*; V = Rcpp::Vector<14, Rcpp::PreserveStorage>; TIT = const double*; size_t = long long unsigned int]'
D:/biocbuild/bbs-3.15-bioc/R/library/beachmat/include/beachmat3/lin_matrix.h:596:82: required from 'beachmat::sparse_index<const int*, int> beachmat::lin_SparseArraySeed<V, TIT>::get_row(size_t, int*, int*, size_t, size_t) [with V = Rcpp::Vector<14, Rcpp::PreserveStorage>; TIT = const double*; size_t = long long unsigned int]'
D:/biocbuild/bbs-3.15-bioc/R/library/beachmat/include/beachmat3/lin_matrix.h:595:35: required from here
D:/biocbuild/bbs-3.15-bioc/R/library/beachmat/include/beachmat3/Csparse_reader.h:250:22: warning: comparison of integer expressions of different signedness: 'const int' and 'const long long unsigned int' [-Wsign-compare]
if (idex != *pIt && static_cast<size_t>(i[idex]) == r) {
~~~~~^~~~~~~
D:/biocbuild/bbs-3.15-bioc/R/library/beachmat/include/beachmat3/Csparse_reader.h: In instantiation of 'beachmat::sparse_index<OUT, I> beachmat::Csparse_core<TIT, I, P>::get_row(size_t, ALT, I*, size_t, size_t) [with OUT = const double*; ALT = double*; TIT = const double*; I = int; P = long long unsigned int; size_t = long long unsigned int]':
D:/biocbuild/bbs-3.15-bioc/R/library/beachmat/include/beachmat3/Csparse_reader.h:650:73: required from 'beachmat::sparse_index<OUT, int> beachmat::SparseArraySeed_reader<V, TIT>::get_row(size_t, ALT, int*, size_t, size_t) [with OUT = const double*; ALT = double*; V = Rcpp::Vector<14, Rcpp::PreserveStorage>; TIT = const double*; size_t = long long unsigned int]'
D:/biocbuild/bbs-3.15-bioc/R/library/beachmat/include/beachmat3/lin_matrix.h:602:85: required from 'beachmat::sparse_index<const double*, int> beachmat::lin_SparseArraySeed<V, TIT>::get_row(size_t, double*, int*, size_t, size_t) [with V = Rcpp::Vector<14, Rcpp::PreserveStorage>; TIT = const double*; size_t = long long unsigned int]'
D:/biocbuild/bbs-3.15-bioc/R/library/beachmat/include/beachmat3/lin_matrix.h:601:38: required from here
D:/biocbuild/bbs-3.15-bioc/R/library/beachmat/include/beachmat3/Csparse_reader.h:250:22: warning: comparison of integer expressions of different signedness: 'const int' and 'const long long unsigned int' [-Wsign-compare]
D:/biocbuild/bbs-3.15-bioc/R/library/beachmat/include/beachmat3/Csparse_reader.h: In instantiation of 'beachmat::sparse_index<OUT, I> beachmat::Csparse_core<TIT, I, P>::get_row(size_t, ALT, I*, size_t, size_t) [with OUT = const int*; ALT = int*; TIT = const int*; I = int; P = long long unsigned int; size_t = long long unsigned int]':
D:/biocbuild/bbs-3.15-bioc/R/library/beachmat/include/beachmat3/Csparse_reader.h:650:73: required from 'beachmat::sparse_index<OUT, int> beachmat::SparseArraySeed_reader<V, TIT>::get_row(size_t, ALT, int*, size_t, size_t) [with OUT = const int*; ALT = int*; V = Rcpp::Vector<10, Rcpp::PreserveStorage>; TIT = const int*; size_t = long long unsigned int]'
D:/biocbuild/bbs-3.15-bioc/R/library/beachmat/include/beachmat3/lin_matrix.h:596:82: required from 'beachmat::sparse_index<const int*, int> beachmat::lin_SparseArraySeed<V, TIT>::get_row(size_t, int*, int*, size_t, size_t) [with V = Rcpp::Vector<10, Rcpp::PreserveStorage>; TIT = const int*; size_t = long long unsigned int]'
D:/biocbuild/bbs-3.15-bioc/R/library/beachmat/include/beachmat3/lin_matrix.h:595:35: required from here
D:/biocbuild/bbs-3.15-bioc/R/library/beachmat/include/beachmat3/Csparse_reader.h:250:22: warning: comparison of integer expressions of different signedness: 'const int' and 'const long long unsigned int' [-Wsign-compare]
D:/biocbuild/bbs-3.15-bioc/R/library/beachmat/include/beachmat3/Csparse_reader.h: In instantiation of 'beachmat::sparse_index<OUT, I> beachmat::Csparse_core<TIT, I, P>::get_row(size_t, ALT, I*, size_t, size_t) [with OUT = const double*; ALT = double*; TIT = const int*; I = int; P = long long unsigned int; size_t = long long unsigned int]':
D:/biocbuild/bbs-3.15-bioc/R/library/beachmat/include/beachmat3/Csparse_reader.h:650:73: required from 'beachmat::sparse_index<OUT, int> beachmat::SparseArraySeed_reader<V, TIT>::get_row(size_t, ALT, int*, size_t, size_t) [with OUT = const double*; ALT = double*; V = Rcpp::Vector<10, Rcpp::PreserveStorage>; TIT = const int*; size_t = long long unsigned int]'
D:/biocbuild/bbs-3.15-bioc/R/library/beachmat/include/beachmat3/lin_matrix.h:602:85: required from 'beachmat::sparse_index<const double*, int> beachmat::lin_SparseArraySeed<V, TIT>::get_row(size_t, double*, int*, size_t, size_t) [with V = Rcpp::Vector<10, Rcpp::PreserveStorage>; TIT = const int*; size_t = long long unsigned int]'
D:/biocbuild/bbs-3.15-bioc/R/library/beachmat/include/beachmat3/lin_matrix.h:601:38: required from here
D:/biocbuild/bbs-3.15-bioc/R/library/beachmat/include/beachmat3/Csparse_reader.h:250:22: warning: comparison of integer expressions of different signedness: 'const int' and 'const long long unsigned int' [-Wsign-compare]
"C:/rtools40/mingw64/bin/"g++ -std=gnu++11 -I"D:/biocbuild/bbs-3.15-bioc/R/include" -DNDEBUG -I../inst/include/ -I'D:/biocbuild/bbs-3.15-bioc/R/library/Rcpp/include' -I'D:/biocbuild/bbs-3.15-bioc/R/library/beachmat/include' -I"C:/extsoft/include" -O2 -Wall -mfpmath=sse -msse2 -mstackrealign -fno-reorder-blocks-and-partition -c downsample_counts.cpp -o downsample_counts.o
In file included from D:/biocbuild/bbs-3.15-bioc/R/library/beachmat/include/beachmat3/lin_matrix.h:12,
from D:/biocbuild/bbs-3.15-bioc/R/library/beachmat/include/beachmat3/read_lin_block.h:11,
from D:/biocbuild/bbs-3.15-bioc/R/library/beachmat/include/beachmat3/beachmat.h:24,
from downsample_counts.cpp:2:
D:/biocbuild/bbs-3.15-bioc/R/library/beachmat/include/beachmat3/Csparse_reader.h: In instantiation of 'beachmat::SparseArraySeed_reader<V, TIT>::SparseArraySeed_reader(Rcpp::RObject) [with V = Rcpp::Vector<13>; TIT = const int*; Rcpp::RObject = Rcpp::RObject_Impl<Rcpp::PreserveStorage>]':
D:/biocbuild/bbs-3.15-bioc/R/library/beachmat/include/beachmat3/lin_matrix.h:561:56: required from 'beachmat::lin_SparseArraySeed<V, TIT>::lin_SparseArraySeed(Rcpp::RObject) [with V = Rcpp::Vector<13>; TIT = const int*; Rcpp::RObject = Rcpp::RObject_Impl<Rcpp::PreserveStorage>]'
D:/biocbuild/bbs-3.15-bioc/R/library/beachmat/include/beachmat3/read_lin_block.h:36:39: required from 'std::unique_ptr<_Codecvt> beachmat::read_lin_sparse_block_raw(Rcpp::RObject) [with M = beachmat::lin_matrix; Rcpp::RObject = Rcpp::RObject_Impl<Rcpp::PreserveStorage>]'
D:/biocbuild/bbs-3.15-bioc/R/library/beachmat/include/beachmat3/read_lin_block.h:65:63: required from here
D:/biocbuild/bbs-3.15-bioc/R/library/beachmat/include/beachmat3/Csparse_reader.h:535:17: warning: comparison of integer expressions of different signedness: 'const size_t' {aka 'const long long unsigned int'} and 'R_xlen_t' {aka 'long long int'} [-Wsign-compare]
if (nnz != x.size()) {
D:/biocbuild/bbs-3.15-bioc/R/library/beachmat/include/beachmat3/Csparse_reader.h:551:45: warning: comparison of integer expressions of different signedness: 'int' and 'const size_t' {aka 'const long long unsigned int'} [-Wsign-compare]
if (lastR <= 0 || lastR > NR || lastC <= 0 || lastC > NC) {
~~~~~~^~~~
D:/biocbuild/bbs-3.15-bioc/R/library/beachmat/include/beachmat3/Csparse_reader.h:551:73: warning: comparison of integer expressions of different signedness: 'int' and 'const size_t' {aka 'const long long unsigned int'} [-Wsign-compare]
if (lastR <= 0 || lastR > NR || lastC <= 0 || lastC > NC) {
~~~~~~^~~~
D:/biocbuild/bbs-3.15-bioc/R/library/beachmat/include/beachmat3/Csparse_reader.h:593:35: warning: comparison of integer expressions of different signedness: 'int' and 'const size_t' {aka 'const long long unsigned int'} [-Wsign-compare]
for (int v = 0; v < nnz; ++v, ++rowIt, ++colIt, ++xIt) {
~~^~~~~
D:/biocbuild/bbs-3.15-bioc/R/library/beachmat/include/beachmat3/Csparse_reader.h: In instantiation of 'beachmat::SparseArraySeed_reader<V, TIT>::SparseArraySeed_reader(Rcpp::RObject) [with V = Rcpp::Vector<14, Rcpp::PreserveStorage>; TIT = const double*; Rcpp::RObject = Rcpp::RObject_Impl<Rcpp::PreserveStorage>]':
D:/biocbuild/bbs-3.15-bioc/R/library/beachmat/include/beachmat3/lin_matrix.h:561:56: required from 'beachmat::lin_SparseArraySeed<V, TIT>::lin_SparseArraySeed(Rcpp::RObject) [with V = Rcpp::Vector<14, Rcpp::PreserveStorage>; TIT = const double*; Rcpp::RObject = Rcpp::RObject_Impl<Rcpp::PreserveStorage>]'
D:/biocbuild/bbs-3.15-bioc/R/library/beachmat/include/beachmat3/read_lin_block.h:38:39: required from 'std::unique_ptr<_Codecvt> beachmat::read_lin_sparse_block_raw(Rcpp::RObject) [with M = beachmat::lin_matrix; Rcpp::RObject = Rcpp::RObject_Impl<Rcpp::PreserveStorage>]'
D:/biocbuild/bbs-3.15-bioc/R/library/beachmat/include/beachmat3/read_lin_block.h:65:63: required from here
D:/biocbuild/bbs-3.15-bioc/R/library/beachmat/include/beachmat3/Csparse_reader.h:535:17: warning: comparison of integer expressions of different signedness: 'const size_t' {aka 'const long long unsigned int'} and 'R_xlen_t' {aka 'long long int'} [-Wsign-compare]
if (nnz != x.size()) {
D:/biocbuild/bbs-3.15-bioc/R/library/beachmat/include/beachmat3/Csparse_reader.h:551:45: warning: comparison of integer expressions of different signedness: 'int' and 'const size_t' {aka 'const long long unsigned int'} [-Wsign-compare]
if (lastR <= 0 || lastR > NR || lastC <= 0 || lastC > NC) {
~~~~~~^~~~
D:/biocbuild/bbs-3.15-bioc/R/library/beachmat/include/beachmat3/Csparse_reader.h:551:73: warning: comparison of integer expressions of different signedness: 'int' and 'const size_t' {aka 'const long long unsigned int'} [-Wsign-compare]
if (lastR <= 0 || lastR > NR || lastC <= 0 || lastC > NC) {
~~~~~~^~~~
D:/biocbuild/bbs-3.15-bioc/R/library/beachmat/include/beachmat3/Csparse_reader.h:593:35: warning: comparison of integer expressions of different signedness: 'int' and 'const size_t' {aka 'const long long unsigned int'} [-Wsign-compare]
for (int v = 0; v < nnz; ++v, ++rowIt, ++colIt, ++xIt) {
~~^~~~~
D:/biocbuild/bbs-3.15-bioc/R/library/beachmat/include/beachmat3/Csparse_reader.h: In instantiation of 'beachmat::SparseArraySeed_reader<V, TIT>::SparseArraySeed_reader(Rcpp::RObject) [with V = Rcpp::Vector<10, Rcpp::PreserveStorage>; TIT = const int*; Rcpp::RObject = Rcpp::RObject_Impl<Rcpp::PreserveStorage>]':
D:/biocbuild/bbs-3.15-bioc/R/library/beachmat/include/beachmat3/lin_matrix.h:561:56: required from 'beachmat::lin_SparseArraySeed<V, TIT>::lin_SparseArraySeed(Rcpp::RObject) [with V = Rcpp::Vector<10, Rcpp::PreserveStorage>; TIT = const int*; Rcpp::RObject = Rcpp::RObject_Impl<Rcpp::PreserveStorage>]'
D:/biocbuild/bbs-3.15-bioc/R/library/beachmat/include/beachmat3/read_lin_block.h:40:39: required from 'std::unique_ptr<_Codecvt> beachmat::read_lin_sparse_block_raw(Rcpp::RObject) [with M = beachmat::lin_matrix; Rcpp::RObject = Rcpp::RObject_Impl<Rcpp::PreserveStorage>]'
D:/biocbuild/bbs-3.15-bioc/R/library/beachmat/include/beachmat3/read_lin_block.h:65:63: required from here
D:/biocbuild/bbs-3.15-bioc/R/library/beachmat/include/beachmat3/Csparse_reader.h:535:17: warning: comparison of integer expressions of different signedness: 'const size_t' {aka 'const long long unsigned int'} and 'R_xlen_t' {aka 'long long int'} [-Wsign-compare]
if (nnz != x.size()) {
D:/biocbuild/bbs-3.15-bioc/R/library/beachmat/include/beachmat3/Csparse_reader.h:551:45: warning: comparison of integer expressions of different signedness: 'int' and 'const size_t' {aka 'const long long unsigned int'} [-Wsign-compare]
if (lastR <= 0 || lastR > NR || lastC <= 0 || lastC > NC) {
~~~~~~^~~~
D:/biocbuild/bbs-3.15-bioc/R/library/beachmat/include/beachmat3/Csparse_reader.h:551:73: warning: comparison of integer expressions of different signedness: 'int' and 'const size_t' {aka 'const long long unsigned int'} [-Wsign-compare]
if (lastR <= 0 || lastR > NR || lastC <= 0 || lastC > NC) {
~~~~~~^~~~
D:/biocbuild/bbs-3.15-bioc/R/library/beachmat/include/beachmat3/Csparse_reader.h:593:35: warning: comparison of integer expressions of different signedness: 'int' and 'const size_t' {aka 'const long long unsigned int'} [-Wsign-compare]
for (int v = 0; v < nnz; ++v, ++rowIt, ++colIt, ++xIt) {
~~^~~~~
D:/biocbuild/bbs-3.15-bioc/R/library/beachmat/include/beachmat3/Csparse_reader.h: In instantiation of 'beachmat::sparse_index<OUT, I> beachmat::Csparse_core<TIT, I, P>::get_row(size_t, ALT, I*, size_t, size_t) [with OUT = const int*; ALT = int*; TIT = const double*; I = int; P = long long unsigned int; size_t = long long unsigned int]':
D:/biocbuild/bbs-3.15-bioc/R/library/beachmat/include/beachmat3/Csparse_reader.h:650:73: required from 'beachmat::sparse_index<OUT, int> beachmat::SparseArraySeed_reader<V, TIT>::get_row(size_t, ALT, int*, size_t, size_t) [with OUT = const int*; ALT = int*; V = Rcpp::Vector<14, Rcpp::PreserveStorage>; TIT = const double*; size_t = long long unsigned int]'
D:/biocbuild/bbs-3.15-bioc/R/library/beachmat/include/beachmat3/lin_matrix.h:596:82: required from 'beachmat::sparse_index<const int*, int> beachmat::lin_SparseArraySeed<V, TIT>::get_row(size_t, int*, int*, size_t, size_t) [with V = Rcpp::Vector<14, Rcpp::PreserveStorage>; TIT = const double*; size_t = long long unsigned int]'
D:/biocbuild/bbs-3.15-bioc/R/library/beachmat/include/beachmat3/lin_matrix.h:595:35: required from here
D:/biocbuild/bbs-3.15-bioc/R/library/beachmat/include/beachmat3/Csparse_reader.h:250:22: warning: comparison of integer expressions of different signedness: 'const int' and 'const long long unsigned int' [-Wsign-compare]
if (idex != *pIt && static_cast<size_t>(i[idex]) == r) {
~~~~~^~~~~~~
D:/biocbuild/bbs-3.15-bioc/R/library/beachmat/include/beachmat3/Csparse_reader.h: In instantiation of 'beachmat::sparse_index<OUT, I> beachmat::Csparse_core<TIT, I, P>::get_row(size_t, ALT, I*, size_t, size_t) [with OUT = const double*; ALT = double*; TIT = const double*; I = int; P = long long unsigned int; size_t = long long unsigned int]':
D:/biocbuild/bbs-3.15-bioc/R/library/beachmat/include/beachmat3/Csparse_reader.h:650:73: required from 'beachmat::sparse_index<OUT, int> beachmat::SparseArraySeed_reader<V, TIT>::get_row(size_t, ALT, int*, size_t, size_t) [with OUT = const double*; ALT = double*; V = Rcpp::Vector<14, Rcpp::PreserveStorage>; TIT = const double*; size_t = long long unsigned int]'
D:/biocbuild/bbs-3.15-bioc/R/library/beachmat/include/beachmat3/lin_matrix.h:602:85: required from 'beachmat::sparse_index<const double*, int> beachmat::lin_SparseArraySeed<V, TIT>::get_row(size_t, double*, int*, size_t, size_t) [with V = Rcpp::Vector<14, Rcpp::PreserveStorage>; TIT = const double*; size_t = long long unsigned int]'
D:/biocbuild/bbs-3.15-bioc/R/library/beachmat/include/beachmat3/lin_matrix.h:601:38: required from here
D:/biocbuild/bbs-3.15-bioc/R/library/beachmat/include/beachmat3/Csparse_reader.h:250:22: warning: comparison of integer expressions of different signedness: 'const int' and 'const long long unsigned int' [-Wsign-compare]
D:/biocbuild/bbs-3.15-bioc/R/library/beachmat/include/beachmat3/Csparse_reader.h: In instantiation of 'beachmat::sparse_index<OUT, I> beachmat::Csparse_core<TIT, I, P>::get_row(size_t, ALT, I*, size_t, size_t) [with OUT = const int*; ALT = int*; TIT = const int*; I = int; P = long long unsigned int; size_t = long long unsigned int]':
D:/biocbuild/bbs-3.15-bioc/R/library/beachmat/include/beachmat3/Csparse_reader.h:650:73: required from 'beachmat::sparse_index<OUT, int> beachmat::SparseArraySeed_reader<V, TIT>::get_row(size_t, ALT, int*, size_t, size_t) [with OUT = const int*; ALT = int*; V = Rcpp::Vector<10, Rcpp::PreserveStorage>; TIT = const int*; size_t = long long unsigned int]'
D:/biocbuild/bbs-3.15-bioc/R/library/beachmat/include/beachmat3/lin_matrix.h:596:82: required from 'beachmat::sparse_index<const int*, int> beachmat::lin_SparseArraySeed<V, TIT>::get_row(size_t, int*, int*, size_t, size_t) [with V = Rcpp::Vector<10, Rcpp::PreserveStorage>; TIT = const int*; size_t = long long unsigned int]'
D:/biocbuild/bbs-3.15-bioc/R/library/beachmat/include/beachmat3/lin_matrix.h:595:35: required from here
D:/biocbuild/bbs-3.15-bioc/R/library/beachmat/include/beachmat3/Csparse_reader.h:250:22: warning: comparison of integer expressions of different signedness: 'const int' and 'const long long unsigned int' [-Wsign-compare]
D:/biocbuild/bbs-3.15-bioc/R/library/beachmat/include/beachmat3/Csparse_reader.h: In instantiation of 'beachmat::sparse_index<OUT, I> beachmat::Csparse_core<TIT, I, P>::get_row(size_t, ALT, I*, size_t, size_t) [with OUT = const double*; ALT = double*; TIT = const int*; I = int; P = long long unsigned int; size_t = long long unsigned int]':
D:/biocbuild/bbs-3.15-bioc/R/library/beachmat/include/beachmat3/Csparse_reader.h:650:73: required from 'beachmat::sparse_index<OUT, int> beachmat::SparseArraySeed_reader<V, TIT>::get_row(size_t, ALT, int*, size_t, size_t) [with OUT = const double*; ALT = double*; V = Rcpp::Vector<10, Rcpp::PreserveStorage>; TIT = const int*; size_t = long long unsigned int]'
D:/biocbuild/bbs-3.15-bioc/R/library/beachmat/include/beachmat3/lin_matrix.h:602:85: required from 'beachmat::sparse_index<const double*, int> beachmat::lin_SparseArraySeed<V, TIT>::get_row(size_t, double*, int*, size_t, size_t) [with V = Rcpp::Vector<10, Rcpp::PreserveStorage>; TIT = const int*; size_t = long long unsigned int]'
D:/biocbuild/bbs-3.15-bioc/R/library/beachmat/include/beachmat3/lin_matrix.h:601:38: required from here
D:/biocbuild/bbs-3.15-bioc/R/library/beachmat/include/beachmat3/Csparse_reader.h:250:22: warning: comparison of integer expressions of different signedness: 'const int' and 'const long long unsigned int' [-Wsign-compare]
"C:/rtools40/mingw64/bin/"g++ -std=gnu++11 -I"D:/biocbuild/bbs-3.15-bioc/R/include" -DNDEBUG -I../inst/include/ -I'D:/biocbuild/bbs-3.15-bioc/R/library/Rcpp/include' -I'D:/biocbuild/bbs-3.15-bioc/R/library/beachmat/include' -I"C:/extsoft/include" -O2 -Wall -mfpmath=sse -msse2 -mstackrealign -fno-reorder-blocks-and-partition -c fit_linear_model.cpp -o fit_linear_model.o
In file included from D:/biocbuild/bbs-3.15-bioc/R/library/beachmat/include/beachmat3/lin_matrix.h:12,
from D:/biocbuild/bbs-3.15-bioc/R/library/beachmat/include/beachmat3/read_lin_block.h:11,
from D:/biocbuild/bbs-3.15-bioc/R/library/beachmat/include/beachmat3/beachmat.h:24,
from fit_linear_model.cpp:2:
D:/biocbuild/bbs-3.15-bioc/R/library/beachmat/include/beachmat3/Csparse_reader.h: In instantiation of 'beachmat::SparseArraySeed_reader<V, TIT>::SparseArraySeed_reader(Rcpp::RObject) [with V = Rcpp::Vector<13>; TIT = const int*; Rcpp::RObject = Rcpp::RObject_Impl<Rcpp::PreserveStorage>]':
D:/biocbuild/bbs-3.15-bioc/R/library/beachmat/include/beachmat3/lin_matrix.h:561:56: required from 'beachmat::lin_SparseArraySeed<V, TIT>::lin_SparseArraySeed(Rcpp::RObject) [with V = Rcpp::Vector<13>; TIT = const int*; Rcpp::RObject = Rcpp::RObject_Impl<Rcpp::PreserveStorage>]'
D:/biocbuild/bbs-3.15-bioc/R/library/beachmat/include/beachmat3/read_lin_block.h:36:39: required from 'std::unique_ptr<_Codecvt> beachmat::read_lin_sparse_block_raw(Rcpp::RObject) [with M = beachmat::lin_matrix; Rcpp::RObject = Rcpp::RObject_Impl<Rcpp::PreserveStorage>]'
D:/biocbuild/bbs-3.15-bioc/R/library/beachmat/include/beachmat3/read_lin_block.h:65:63: required from here
D:/biocbuild/bbs-3.15-bioc/R/library/beachmat/include/beachmat3/Csparse_reader.h:535:17: warning: comparison of integer expressions of different signedness: 'const size_t' {aka 'const long long unsigned int'} and 'R_xlen_t' {aka 'long long int'} [-Wsign-compare]
if (nnz != x.size()) {
D:/biocbuild/bbs-3.15-bioc/R/library/beachmat/include/beachmat3/Csparse_reader.h:551:45: warning: comparison of integer expressions of different signedness: 'int' and 'const size_t' {aka 'const long long unsigned int'} [-Wsign-compare]
if (lastR <= 0 || lastR > NR || lastC <= 0 || lastC > NC) {
~~~~~~^~~~
D:/biocbuild/bbs-3.15-bioc/R/library/beachmat/include/beachmat3/Csparse_reader.h:551:73: warning: comparison of integer expressions of different signedness: 'int' and 'const size_t' {aka 'const long long unsigned int'} [-Wsign-compare]
if (lastR <= 0 || lastR > NR || lastC <= 0 || lastC > NC) {
~~~~~~^~~~
D:/biocbuild/bbs-3.15-bioc/R/library/beachmat/include/beachmat3/Csparse_reader.h:593:35: warning: comparison of integer expressions of different signedness: 'int' and 'const size_t' {aka 'const long long unsigned int'} [-Wsign-compare]
for (int v = 0; v < nnz; ++v, ++rowIt, ++colIt, ++xIt) {
~~^~~~~
D:/biocbuild/bbs-3.15-bioc/R/library/beachmat/include/beachmat3/Csparse_reader.h: In instantiation of 'beachmat::SparseArraySeed_reader<V, TIT>::SparseArraySeed_reader(Rcpp::RObject) [with V = Rcpp::Vector<14, Rcpp::PreserveStorage>; TIT = const double*; Rcpp::RObject = Rcpp::RObject_Impl<Rcpp::PreserveStorage>]':
D:/biocbuild/bbs-3.15-bioc/R/library/beachmat/include/beachmat3/lin_matrix.h:561:56: required from 'beachmat::lin_SparseArraySeed<V, TIT>::lin_SparseArraySeed(Rcpp::RObject) [with V = Rcpp::Vector<14, Rcpp::PreserveStorage>; TIT = const double*; Rcpp::RObject = Rcpp::RObject_Impl<Rcpp::PreserveStorage>]'
D:/biocbuild/bbs-3.15-bioc/R/library/beachmat/include/beachmat3/read_lin_block.h:38:39: required from 'std::unique_ptr<_Codecvt> beachmat::read_lin_sparse_block_raw(Rcpp::RObject) [with M = beachmat::lin_matrix; Rcpp::RObject = Rcpp::RObject_Impl<Rcpp::PreserveStorage>]'
D:/biocbuild/bbs-3.15-bioc/R/library/beachmat/include/beachmat3/read_lin_block.h:65:63: required from here
D:/biocbuild/bbs-3.15-bioc/R/library/beachmat/include/beachmat3/Csparse_reader.h:535:17: warning: comparison of integer expressions of different signedness: 'const size_t' {aka 'const long long unsigned int'} and 'R_xlen_t' {aka 'long long int'} [-Wsign-compare]
if (nnz != x.size()) {
D:/biocbuild/bbs-3.15-bioc/R/library/beachmat/include/beachmat3/Csparse_reader.h:551:45: warning: comparison of integer expressions of different signedness: 'int' and 'const size_t' {aka 'const long long unsigned int'} [-Wsign-compare]
if (lastR <= 0 || lastR > NR || lastC <= 0 || lastC > NC) {
~~~~~~^~~~
D:/biocbuild/bbs-3.15-bioc/R/library/beachmat/include/beachmat3/Csparse_reader.h:551:73: warning: comparison of integer expressions of different signedness: 'int' and 'const size_t' {aka 'const long long unsigned int'} [-Wsign-compare]
if (lastR <= 0 || lastR > NR || lastC <= 0 || lastC > NC) {
~~~~~~^~~~
D:/biocbuild/bbs-3.15-bioc/R/library/beachmat/include/beachmat3/Csparse_reader.h:593:35: warning: comparison of integer expressions of different signedness: 'int' and 'const size_t' {aka 'const long long unsigned int'} [-Wsign-compare]
for (int v = 0; v < nnz; ++v, ++rowIt, ++colIt, ++xIt) {
~~^~~~~
D:/biocbuild/bbs-3.15-bioc/R/library/beachmat/include/beachmat3/Csparse_reader.h: In instantiation of 'beachmat::SparseArraySeed_reader<V, TIT>::SparseArraySeed_reader(Rcpp::RObject) [with V = Rcpp::Vector<10, Rcpp::PreserveStorage>; TIT = const int*; Rcpp::RObject = Rcpp::RObject_Impl<Rcpp::PreserveStorage>]':
D:/biocbuild/bbs-3.15-bioc/R/library/beachmat/include/beachmat3/lin_matrix.h:561:56: required from 'beachmat::lin_SparseArraySeed<V, TIT>::lin_SparseArraySeed(Rcpp::RObject) [with V = Rcpp::Vector<10, Rcpp::PreserveStorage>; TIT = const int*; Rcpp::RObject = Rcpp::RObject_Impl<Rcpp::PreserveStorage>]'
D:/biocbuild/bbs-3.15-bioc/R/library/beachmat/include/beachmat3/read_lin_block.h:40:39: required from 'std::unique_ptr<_Codecvt> beachmat::read_lin_sparse_block_raw(Rcpp::RObject) [with M = beachmat::lin_matrix; Rcpp::RObject = Rcpp::RObject_Impl<Rcpp::PreserveStorage>]'
D:/biocbuild/bbs-3.15-bioc/R/library/beachmat/include/beachmat3/read_lin_block.h:65:63: required from here
D:/biocbuild/bbs-3.15-bioc/R/library/beachmat/include/beachmat3/Csparse_reader.h:535:17: warning: comparison of integer expressions of different signedness: 'const size_t' {aka 'const long long unsigned int'} and 'R_xlen_t' {aka 'long long int'} [-Wsign-compare]
if (nnz != x.size()) {
D:/biocbuild/bbs-3.15-bioc/R/library/beachmat/include/beachmat3/Csparse_reader.h:551:45: warning: comparison of integer expressions of different signedness: 'int' and 'const size_t' {aka 'const long long unsigned int'} [-Wsign-compare]
if (lastR <= 0 || lastR > NR || lastC <= 0 || lastC > NC) {
~~~~~~^~~~
D:/biocbuild/bbs-3.15-bioc/R/library/beachmat/include/beachmat3/Csparse_reader.h:551:73: warning: comparison of integer expressions of different signedness: 'int' and 'const size_t' {aka 'const long long unsigned int'} [-Wsign-compare]
if (lastR <= 0 || lastR > NR || lastC <= 0 || lastC > NC) {
~~~~~~^~~~
D:/biocbuild/bbs-3.15-bioc/R/library/beachmat/include/beachmat3/Csparse_reader.h:593:35: warning: comparison of integer expressions of different signedness: 'int' and 'const size_t' {aka 'const long long unsigned int'} [-Wsign-compare]
for (int v = 0; v < nnz; ++v, ++rowIt, ++colIt, ++xIt) {
~~^~~~~
D:/biocbuild/bbs-3.15-bioc/R/library/beachmat/include/beachmat3/Csparse_reader.h: In instantiation of 'beachmat::sparse_index<OUT, I> beachmat::Csparse_core<TIT, I, P>::get_row(size_t, ALT, I*, size_t, size_t) [with OUT = const int*; ALT = int*; TIT = const double*; I = int; P = long long unsigned int; size_t = long long unsigned int]':
D:/biocbuild/bbs-3.15-bioc/R/library/beachmat/include/beachmat3/Csparse_reader.h:650:73: required from 'beachmat::sparse_index<OUT, int> beachmat::SparseArraySeed_reader<V, TIT>::get_row(size_t, ALT, int*, size_t, size_t) [with OUT = const int*; ALT = int*; V = Rcpp::Vector<14, Rcpp::PreserveStorage>; TIT = const double*; size_t = long long unsigned int]'
D:/biocbuild/bbs-3.15-bioc/R/library/beachmat/include/beachmat3/lin_matrix.h:596:82: required from 'beachmat::sparse_index<const int*, int> beachmat::lin_SparseArraySeed<V, TIT>::get_row(size_t, int*, int*, size_t, size_t) [with V = Rcpp::Vector<14, Rcpp::PreserveStorage>; TIT = const double*; size_t = long long unsigned int]'
D:/biocbuild/bbs-3.15-bioc/R/library/beachmat/include/beachmat3/lin_matrix.h:595:35: required from here
D:/biocbuild/bbs-3.15-bioc/R/library/beachmat/include/beachmat3/Csparse_reader.h:250:22: warning: comparison of integer expressions of different signedness: 'const int' and 'const long long unsigned int' [-Wsign-compare]
if (idex != *pIt && static_cast<size_t>(i[idex]) == r) {
~~~~~^~~~~~~
D:/biocbuild/bbs-3.15-bioc/R/library/beachmat/include/beachmat3/Csparse_reader.h: In instantiation of 'beachmat::sparse_index<OUT, I> beachmat::Csparse_core<TIT, I, P>::get_row(size_t, ALT, I*, size_t, size_t) [with OUT = const double*; ALT = double*; TIT = const double*; I = int; P = long long unsigned int; size_t = long long unsigned int]':
D:/biocbuild/bbs-3.15-bioc/R/library/beachmat/include/beachmat3/Csparse_reader.h:650:73: required from 'beachmat::sparse_index<OUT, int> beachmat::SparseArraySeed_reader<V, TIT>::get_row(size_t, ALT, int*, size_t, size_t) [with OUT = const double*; ALT = double*; V = Rcpp::Vector<14, Rcpp::PreserveStorage>; TIT = const double*; size_t = long long unsigned int]'
D:/biocbuild/bbs-3.15-bioc/R/library/beachmat/include/beachmat3/lin_matrix.h:602:85: required from 'beachmat::sparse_index<const double*, int> beachmat::lin_SparseArraySeed<V, TIT>::get_row(size_t, double*, int*, size_t, size_t) [with V = Rcpp::Vector<14, Rcpp::PreserveStorage>; TIT = const double*; size_t = long long unsigned int]'
D:/biocbuild/bbs-3.15-bioc/R/library/beachmat/include/beachmat3/lin_matrix.h:601:38: required from here
D:/biocbuild/bbs-3.15-bioc/R/library/beachmat/include/beachmat3/Csparse_reader.h:250:22: warning: comparison of integer expressions of different signedness: 'const int' and 'const long long unsigned int' [-Wsign-compare]
D:/biocbuild/bbs-3.15-bioc/R/library/beachmat/include/beachmat3/Csparse_reader.h: In instantiation of 'beachmat::sparse_index<OUT, I> beachmat::Csparse_core<TIT, I, P>::get_row(size_t, ALT, I*, size_t, size_t) [with OUT = const int*; ALT = int*; TIT = const int*; I = int; P = long long unsigned int; size_t = long long unsigned int]':
D:/biocbuild/bbs-3.15-bioc/R/library/beachmat/include/beachmat3/Csparse_reader.h:650:73: required from 'beachmat::sparse_index<OUT, int> beachmat::SparseArraySeed_reader<V, TIT>::get_row(size_t, ALT, int*, size_t, size_t) [with OUT = const int*; ALT = int*; V = Rcpp::Vector<10, Rcpp::PreserveStorage>; TIT = const int*; size_t = long long unsigned int]'
D:/biocbuild/bbs-3.15-bioc/R/library/beachmat/include/beachmat3/lin_matrix.h:596:82: required from 'beachmat::sparse_index<const int*, int> beachmat::lin_SparseArraySeed<V, TIT>::get_row(size_t, int*, int*, size_t, size_t) [with V = Rcpp::Vector<10, Rcpp::PreserveStorage>; TIT = const int*; size_t = long long unsigned int]'
D:/biocbuild/bbs-3.15-bioc/R/library/beachmat/include/beachmat3/lin_matrix.h:595:35: required from here
D:/biocbuild/bbs-3.15-bioc/R/library/beachmat/include/beachmat3/Csparse_reader.h:250:22: warning: comparison of integer expressions of different signedness: 'const int' and 'const long long unsigned int' [-Wsign-compare]
D:/biocbuild/bbs-3.15-bioc/R/library/beachmat/include/beachmat3/Csparse_reader.h: In instantiation of 'beachmat::sparse_index<OUT, I> beachmat::Csparse_core<TIT, I, P>::get_row(size_t, ALT, I*, size_t, size_t) [with OUT = const double*; ALT = double*; TIT = const int*; I = int; P = long long unsigned int; size_t = long long unsigned int]':
D:/biocbuild/bbs-3.15-bioc/R/library/beachmat/include/beachmat3/Csparse_reader.h:650:73: required from 'beachmat::sparse_index<OUT, int> beachmat::SparseArraySeed_reader<V, TIT>::get_row(size_t, ALT, int*, size_t, size_t) [with OUT = const double*; ALT = double*; V = Rcpp::Vector<10, Rcpp::PreserveStorage>; TIT = const int*; size_t = long long unsigned int]'
D:/biocbuild/bbs-3.15-bioc/R/library/beachmat/include/beachmat3/lin_matrix.h:602:85: required from 'beachmat::sparse_index<const double*, int> beachmat::lin_SparseArraySeed<V, TIT>::get_row(size_t, double*, int*, size_t, size_t) [with V = Rcpp::Vector<10, Rcpp::PreserveStorage>; TIT = const int*; size_t = long long unsigned int]'
D:/biocbuild/bbs-3.15-bioc/R/library/beachmat/include/beachmat3/lin_matrix.h:601:38: required from here
D:/biocbuild/bbs-3.15-bioc/R/library/beachmat/include/beachmat3/Csparse_reader.h:250:22: warning: comparison of integer expressions of different signedness: 'const int' and 'const long long unsigned int' [-Wsign-compare]
"C:/rtools40/mingw64/bin/"g++ -std=gnu++11 -I"D:/biocbuild/bbs-3.15-bioc/R/include" -DNDEBUG -I../inst/include/ -I'D:/biocbuild/bbs-3.15-bioc/R/library/Rcpp/include' -I'D:/biocbuild/bbs-3.15-bioc/R/library/beachmat/include' -I"C:/extsoft/include" -O2 -Wall -mfpmath=sse -msse2 -mstackrealign -fno-reorder-blocks-and-partition -c pool_size_factors.cpp -o pool_size_factors.o
pool_size_factors.cpp: In function 'Rcpp::List pool_size_factors(Rcpp::RObject, Rcpp::NumericVector, Rcpp::IntegerVector, Rcpp::IntegerVector)':
pool_size_factors.cpp:56:15: warning: comparison of integer expressions of different signedness: 'const size_t' {aka 'const long long unsigned int'} and 'R_xlen_t' {aka 'long long int'} [-Wsign-compare]
if (ngenes!=pseudo_cell.size()) {
~~~~~~^~~~~~~~~~~~~~~~~~~~
pool_size_factors.cpp:61:22: warning: comparison of integer expressions of different signedness: 'R_xlen_t' {aka 'long long int'} and 'long long unsigned int' [-Wsign-compare]
if (order.size() < ncells*2-1) {
~~~~~~~~~~~~~^~~~~~~~~~~~
pool_size_factors.cpp:170:37: warning: comparison of integer expressions of different signedness: 'int' and 'long long unsigned int' [-Wsign-compare]
for (auto i=0; i<n; ++i, ++val, ++rows) {
~^~
In file included from D:/biocbuild/bbs-3.15-bioc/R/library/beachmat/include/beachmat3/lin_matrix.h:12,
from D:/biocbuild/bbs-3.15-bioc/R/library/beachmat/include/beachmat3/read_lin_block.h:11,
from D:/biocbuild/bbs-3.15-bioc/R/library/beachmat/include/beachmat3/beachmat.h:24,
from pool_size_factors.cpp:2:
D:/biocbuild/bbs-3.15-bioc/R/library/beachmat/include/beachmat3/Csparse_reader.h: In instantiation of 'beachmat::SparseArraySeed_reader<V, TIT>::SparseArraySeed_reader(Rcpp::RObject) [with V = Rcpp::Vector<13>; TIT = const int*; Rcpp::RObject = Rcpp::RObject_Impl<Rcpp::PreserveStorage>]':
D:/biocbuild/bbs-3.15-bioc/R/library/beachmat/include/beachmat3/lin_matrix.h:561:56: required from 'beachmat::lin_SparseArraySeed<V, TIT>::lin_SparseArraySeed(Rcpp::RObject) [with V = Rcpp::Vector<13>; TIT = const int*; Rcpp::RObject = Rcpp::RObject_Impl<Rcpp::PreserveStorage>]'
D:/biocbuild/bbs-3.15-bioc/R/library/beachmat/include/beachmat3/read_lin_block.h:36:39: required from 'std::unique_ptr<_Codecvt> beachmat::read_lin_sparse_block_raw(Rcpp::RObject) [with M = beachmat::lin_matrix; Rcpp::RObject = Rcpp::RObject_Impl<Rcpp::PreserveStorage>]'
D:/biocbuild/bbs-3.15-bioc/R/library/beachmat/include/beachmat3/read_lin_block.h:65:63: required from here
D:/biocbuild/bbs-3.15-bioc/R/library/beachmat/include/beachmat3/Csparse_reader.h:535:17: warning: comparison of integer expressions of different signedness: 'const size_t' {aka 'const long long unsigned int'} and 'R_xlen_t' {aka 'long long int'} [-Wsign-compare]
if (nnz != x.size()) {
D:/biocbuild/bbs-3.15-bioc/R/library/beachmat/include/beachmat3/Csparse_reader.h:551:45: warning: comparison of integer expressions of different signedness: 'int' and 'const size_t' {aka 'const long long unsigned int'} [-Wsign-compare]
if (lastR <= 0 || lastR > NR || lastC <= 0 || lastC > NC) {
~~~~~~^~~~
D:/biocbuild/bbs-3.15-bioc/R/library/beachmat/include/beachmat3/Csparse_reader.h:551:73: warning: comparison of integer expressions of different signedness: 'int' and 'const size_t' {aka 'const long long unsigned int'} [-Wsign-compare]
if (lastR <= 0 || lastR > NR || lastC <= 0 || lastC > NC) {
~~~~~~^~~~
D:/biocbuild/bbs-3.15-bioc/R/library/beachmat/include/beachmat3/Csparse_reader.h:593:35: warning: comparison of integer expressions of different signedness: 'int' and 'const size_t' {aka 'const long long unsigned int'} [-Wsign-compare]
for (int v = 0; v < nnz; ++v, ++rowIt, ++colIt, ++xIt) {
~~^~~~~
D:/biocbuild/bbs-3.15-bioc/R/library/beachmat/include/beachmat3/Csparse_reader.h: In instantiation of 'beachmat::SparseArraySeed_reader<V, TIT>::SparseArraySeed_reader(Rcpp::RObject) [with V = Rcpp::Vector<14, Rcpp::PreserveStorage>; TIT = const double*; Rcpp::RObject = Rcpp::RObject_Impl<Rcpp::PreserveStorage>]':
D:/biocbuild/bbs-3.15-bioc/R/library/beachmat/include/beachmat3/lin_matrix.h:561:56: required from 'beachmat::lin_SparseArraySeed<V, TIT>::lin_SparseArraySeed(Rcpp::RObject) [with V = Rcpp::Vector<14, Rcpp::PreserveStorage>; TIT = const double*; Rcpp::RObject = Rcpp::RObject_Impl<Rcpp::PreserveStorage>]'
D:/biocbuild/bbs-3.15-bioc/R/library/beachmat/include/beachmat3/read_lin_block.h:38:39: required from 'std::unique_ptr<_Codecvt> beachmat::read_lin_sparse_block_raw(Rcpp::RObject) [with M = beachmat::lin_matrix; Rcpp::RObject = Rcpp::RObject_Impl<Rcpp::PreserveStorage>]'
D:/biocbuild/bbs-3.15-bioc/R/library/beachmat/include/beachmat3/read_lin_block.h:65:63: required from here
D:/biocbuild/bbs-3.15-bioc/R/library/beachmat/include/beachmat3/Csparse_reader.h:535:17: warning: comparison of integer expressions of different signedness: 'const size_t' {aka 'const long long unsigned int'} and 'R_xlen_t' {aka 'long long int'} [-Wsign-compare]
if (nnz != x.size()) {
D:/biocbuild/bbs-3.15-bioc/R/library/beachmat/include/beachmat3/Csparse_reader.h:551:45: warning: comparison of integer expressions of different signedness: 'int' and 'const size_t' {aka 'const long long unsigned int'} [-Wsign-compare]
if (lastR <= 0 || lastR > NR || lastC <= 0 || lastC > NC) {
~~~~~~^~~~
D:/biocbuild/bbs-3.15-bioc/R/library/beachmat/include/beachmat3/Csparse_reader.h:551:73: warning: comparison of integer expressions of different signedness: 'int' and 'const size_t' {aka 'const long long unsigned int'} [-Wsign-compare]
if (lastR <= 0 || lastR > NR || lastC <= 0 || lastC > NC) {
~~~~~~^~~~
D:/biocbuild/bbs-3.15-bioc/R/library/beachmat/include/beachmat3/Csparse_reader.h:593:35: warning: comparison of integer expressions of different signedness: 'int' and 'const size_t' {aka 'const long long unsigned int'} [-Wsign-compare]
for (int v = 0; v < nnz; ++v, ++rowIt, ++colIt, ++xIt) {
~~^~~~~
D:/biocbuild/bbs-3.15-bioc/R/library/beachmat/include/beachmat3/Csparse_reader.h: In instantiation of 'beachmat::SparseArraySeed_reader<V, TIT>::SparseArraySeed_reader(Rcpp::RObject) [with V = Rcpp::Vector<10, Rcpp::PreserveStorage>; TIT = const int*; Rcpp::RObject = Rcpp::RObject_Impl<Rcpp::PreserveStorage>]':
D:/biocbuild/bbs-3.15-bioc/R/library/beachmat/include/beachmat3/lin_matrix.h:561:56: required from 'beachmat::lin_SparseArraySeed<V, TIT>::lin_SparseArraySeed(Rcpp::RObject) [with V = Rcpp::Vector<10, Rcpp::PreserveStorage>; TIT = const int*; Rcpp::RObject = Rcpp::RObject_Impl<Rcpp::PreserveStorage>]'
D:/biocbuild/bbs-3.15-bioc/R/library/beachmat/include/beachmat3/read_lin_block.h:40:39: required from 'std::unique_ptr<_Codecvt> beachmat::read_lin_sparse_block_raw(Rcpp::RObject) [with M = beachmat::lin_matrix; Rcpp::RObject = Rcpp::RObject_Impl<Rcpp::PreserveStorage>]'
D:/biocbuild/bbs-3.15-bioc/R/library/beachmat/include/beachmat3/read_lin_block.h:65:63: required from here
D:/biocbuild/bbs-3.15-bioc/R/library/beachmat/include/beachmat3/Csparse_reader.h:535:17: warning: comparison of integer expressions of different signedness: 'const size_t' {aka 'const long long unsigned int'} and 'R_xlen_t' {aka 'long long int'} [-Wsign-compare]
if (nnz != x.size()) {
D:/biocbuild/bbs-3.15-bioc/R/library/beachmat/include/beachmat3/Csparse_reader.h:551:45: warning: comparison of integer expressions of different signedness: 'int' and 'const size_t' {aka 'const long long unsigned int'} [-Wsign-compare]
if (lastR <= 0 || lastR > NR || lastC <= 0 || lastC > NC) {
~~~~~~^~~~
D:/biocbuild/bbs-3.15-bioc/R/library/beachmat/include/beachmat3/Csparse_reader.h:551:73: warning: comparison of integer expressions of different signedness: 'int' and 'const size_t' {aka 'const long long unsigned int'} [-Wsign-compare]
if (lastR <= 0 || lastR > NR || lastC <= 0 || lastC > NC) {
~~~~~~^~~~
D:/biocbuild/bbs-3.15-bioc/R/library/beachmat/include/beachmat3/Csparse_reader.h:593:35: warning: comparison of integer expressions of different signedness: 'int' and 'const size_t' {aka 'const long long unsigned int'} [-Wsign-compare]
for (int v = 0; v < nnz; ++v, ++rowIt, ++colIt, ++xIt) {
~~^~~~~
D:/biocbuild/bbs-3.15-bioc/R/library/beachmat/include/beachmat3/Csparse_reader.h: In instantiation of 'beachmat::sparse_index<OUT, I> beachmat::Csparse_core<TIT, I, P>::get_row(size_t, ALT, I*, size_t, size_t) [with OUT = const int*; ALT = int*; TIT = const double*; I = int; P = long long unsigned int; size_t = long long unsigned int]':
D:/biocbuild/bbs-3.15-bioc/R/library/beachmat/include/beachmat3/Csparse_reader.h:650:73: required from 'beachmat::sparse_index<OUT, int> beachmat::SparseArraySeed_reader<V, TIT>::get_row(size_t, ALT, int*, size_t, size_t) [with OUT = const int*; ALT = int*; V = Rcpp::Vector<14, Rcpp::PreserveStorage>; TIT = const double*; size_t = long long unsigned int]'
D:/biocbuild/bbs-3.15-bioc/R/library/beachmat/include/beachmat3/lin_matrix.h:596:82: required from 'beachmat::sparse_index<const int*, int> beachmat::lin_SparseArraySeed<V, TIT>::get_row(size_t, int*, int*, size_t, size_t) [with V = Rcpp::Vector<14, Rcpp::PreserveStorage>; TIT = const double*; size_t = long long unsigned int]'
D:/biocbuild/bbs-3.15-bioc/R/library/beachmat/include/beachmat3/lin_matrix.h:595:35: required from here
D:/biocbuild/bbs-3.15-bioc/R/library/beachmat/include/beachmat3/Csparse_reader.h:250:22: warning: comparison of integer expressions of different signedness: 'const int' and 'const long long unsigned int' [-Wsign-compare]
if (idex != *pIt && static_cast<size_t>(i[idex]) == r) {
~~~~~^~~~~~~
D:/biocbuild/bbs-3.15-bioc/R/library/beachmat/include/beachmat3/Csparse_reader.h: In instantiation of 'beachmat::sparse_index<OUT, I> beachmat::Csparse_core<TIT, I, P>::get_row(size_t, ALT, I*, size_t, size_t) [with OUT = const double*; ALT = double*; TIT = const double*; I = int; P = long long unsigned int; size_t = long long unsigned int]':
D:/biocbuild/bbs-3.15-bioc/R/library/beachmat/include/beachmat3/Csparse_reader.h:650:73: required from 'beachmat::sparse_index<OUT, int> beachmat::SparseArraySeed_reader<V, TIT>::get_row(size_t, ALT, int*, size_t, size_t) [with OUT = const double*; ALT = double*; V = Rcpp::Vector<14, Rcpp::PreserveStorage>; TIT = const double*; size_t = long long unsigned int]'
D:/biocbuild/bbs-3.15-bioc/R/library/beachmat/include/beachmat3/lin_matrix.h:602:85: required from 'beachmat::sparse_index<const double*, int> beachmat::lin_SparseArraySeed<V, TIT>::get_row(size_t, double*, int*, size_t, size_t) [with V = Rcpp::Vector<14, Rcpp::PreserveStorage>; TIT = const double*; size_t = long long unsigned int]'
D:/biocbuild/bbs-3.15-bioc/R/library/beachmat/include/beachmat3/lin_matrix.h:601:38: required from here
D:/biocbuild/bbs-3.15-bioc/R/library/beachmat/include/beachmat3/Csparse_reader.h:250:22: warning: comparison of integer expressions of different signedness: 'const int' and 'const long long unsigned int' [-Wsign-compare]
D:/biocbuild/bbs-3.15-bioc/R/library/beachmat/include/beachmat3/Csparse_reader.h: In instantiation of 'beachmat::sparse_index<OUT, I> beachmat::Csparse_core<TIT, I, P>::get_row(size_t, ALT, I*, size_t, size_t) [with OUT = const int*; ALT = int*; TIT = const int*; I = int; P = long long unsigned int; size_t = long long unsigned int]':
D:/biocbuild/bbs-3.15-bioc/R/library/beachmat/include/beachmat3/Csparse_reader.h:650:73: required from 'beachmat::sparse_index<OUT, int> beachmat::SparseArraySeed_reader<V, TIT>::get_row(size_t, ALT, int*, size_t, size_t) [with OUT = const int*; ALT = int*; V = Rcpp::Vector<10, Rcpp::PreserveStorage>; TIT = const int*; size_t = long long unsigned int]'
D:/biocbuild/bbs-3.15-bioc/R/library/beachmat/include/beachmat3/lin_matrix.h:596:82: required from 'beachmat::sparse_index<const int*, int> beachmat::lin_SparseArraySeed<V, TIT>::get_row(size_t, int*, int*, size_t, size_t) [with V = Rcpp::Vector<10, Rcpp::PreserveStorage>; TIT = const int*; size_t = long long unsigned int]'
D:/biocbuild/bbs-3.15-bioc/R/library/beachmat/include/beachmat3/lin_matrix.h:595:35: required from here
D:/biocbuild/bbs-3.15-bioc/R/library/beachmat/include/beachmat3/Csparse_reader.h:250:22: warning: comparison of integer expressions of different signedness: 'const int' and 'const long long unsigned int' [-Wsign-compare]
D:/biocbuild/bbs-3.15-bioc/R/library/beachmat/include/beachmat3/Csparse_reader.h: In instantiation of 'beachmat::sparse_index<OUT, I> beachmat::Csparse_core<TIT, I, P>::get_row(size_t, ALT, I*, size_t, size_t) [with OUT = const double*; ALT = double*; TIT = const int*; I = int; P = long long unsigned int; size_t = long long unsigned int]':
D:/biocbuild/bbs-3.15-bioc/R/library/beachmat/include/beachmat3/Csparse_reader.h:650:73: required from 'beachmat::sparse_index<OUT, int> beachmat::SparseArraySeed_reader<V, TIT>::get_row(size_t, ALT, int*, size_t, size_t) [with OUT = const double*; ALT = double*; V = Rcpp::Vector<10, Rcpp::PreserveStorage>; TIT = const int*; size_t = long long unsigned int]'
D:/biocbuild/bbs-3.15-bioc/R/library/beachmat/include/beachmat3/lin_matrix.h:602:85: required from 'beachmat::sparse_index<const double*, int> beachmat::lin_SparseArraySeed<V, TIT>::get_row(size_t, double*, int*, size_t, size_t) [with V = Rcpp::Vector<10, Rcpp::PreserveStorage>; TIT = const int*; size_t = long long unsigned int]'
D:/biocbuild/bbs-3.15-bioc/R/library/beachmat/include/beachmat3/lin_matrix.h:601:38: required from here
D:/biocbuild/bbs-3.15-bioc/R/library/beachmat/include/beachmat3/Csparse_reader.h:250:22: warning: comparison of integer expressions of different signedness: 'const int' and 'const long long unsigned int' [-Wsign-compare]
"C:/rtools40/mingw64/bin/"g++ -std=gnu++11 -I"D:/biocbuild/bbs-3.15-bioc/R/include" -DNDEBUG -I../inst/include/ -I'D:/biocbuild/bbs-3.15-bioc/R/library/Rcpp/include' -I'D:/biocbuild/bbs-3.15-bioc/R/library/beachmat/include' -I"C:/extsoft/include" -O2 -Wall -mfpmath=sse -msse2 -mstackrealign -fno-reorder-blocks-and-partition -c sum_counts.cpp -o sum_counts.o
In file included from D:/biocbuild/bbs-3.15-bioc/R/library/beachmat/include/beachmat3/lin_matrix.h:12,
from D:/biocbuild/bbs-3.15-bioc/R/library/beachmat/include/beachmat3/read_lin_block.h:11,
from D:/biocbuild/bbs-3.15-bioc/R/library/beachmat/include/beachmat3/beachmat.h:24,
from sum_counts.cpp:2:
D:/biocbuild/bbs-3.15-bioc/R/library/beachmat/include/beachmat3/Csparse_reader.h: In instantiation of 'beachmat::SparseArraySeed_reader<V, TIT>::SparseArraySeed_reader(Rcpp::RObject) [with V = Rcpp::Vector<13>; TIT = const int*; Rcpp::RObject = Rcpp::RObject_Impl<Rcpp::PreserveStorage>]':
D:/biocbuild/bbs-3.15-bioc/R/library/beachmat/include/beachmat3/lin_matrix.h:561:56: required from 'beachmat::lin_SparseArraySeed<V, TIT>::lin_SparseArraySeed(Rcpp::RObject) [with V = Rcpp::Vector<13>; TIT = const int*; Rcpp::RObject = Rcpp::RObject_Impl<Rcpp::PreserveStorage>]'
D:/biocbuild/bbs-3.15-bioc/R/library/beachmat/include/beachmat3/read_lin_block.h:36:39: required from 'std::unique_ptr<_Codecvt> beachmat::read_lin_sparse_block_raw(Rcpp::RObject) [with M = beachmat::lin_matrix; Rcpp::RObject = Rcpp::RObject_Impl<Rcpp::PreserveStorage>]'
D:/biocbuild/bbs-3.15-bioc/R/library/beachmat/include/beachmat3/read_lin_block.h:65:63: required from here
D:/biocbuild/bbs-3.15-bioc/R/library/beachmat/include/beachmat3/Csparse_reader.h:535:17: warning: comparison of integer expressions of different signedness: 'const size_t' {aka 'const long long unsigned int'} and 'R_xlen_t' {aka 'long long int'} [-Wsign-compare]
if (nnz != x.size()) {
D:/biocbuild/bbs-3.15-bioc/R/library/beachmat/include/beachmat3/Csparse_reader.h:551:45: warning: comparison of integer expressions of different signedness: 'int' and 'const size_t' {aka 'const long long unsigned int'} [-Wsign-compare]
if (lastR <= 0 || lastR > NR || lastC <= 0 || lastC > NC) {
~~~~~~^~~~
D:/biocbuild/bbs-3.15-bioc/R/library/beachmat/include/beachmat3/Csparse_reader.h:551:73: warning: comparison of integer expressions of different signedness: 'int' and 'const size_t' {aka 'const long long unsigned int'} [-Wsign-compare]
if (lastR <= 0 || lastR > NR || lastC <= 0 || lastC > NC) {
~~~~~~^~~~
D:/biocbuild/bbs-3.15-bioc/R/library/beachmat/include/beachmat3/Csparse_reader.h:593:35: warning: comparison of integer expressions of different signedness: 'int' and 'const size_t' {aka 'const long long unsigned int'} [-Wsign-compare]
for (int v = 0; v < nnz; ++v, ++rowIt, ++colIt, ++xIt) {
~~^~~~~
D:/biocbuild/bbs-3.15-bioc/R/library/beachmat/include/beachmat3/Csparse_reader.h: In instantiation of 'beachmat::SparseArraySeed_reader<V, TIT>::SparseArraySeed_reader(Rcpp::RObject) [with V = Rcpp::Vector<14, Rcpp::PreserveStorage>; TIT = const double*; Rcpp::RObject = Rcpp::RObject_Impl<Rcpp::PreserveStorage>]':
D:/biocbuild/bbs-3.15-bioc/R/library/beachmat/include/beachmat3/lin_matrix.h:561:56: required from 'beachmat::lin_SparseArraySeed<V, TIT>::lin_SparseArraySeed(Rcpp::RObject) [with V = Rcpp::Vector<14, Rcpp::PreserveStorage>; TIT = const double*; Rcpp::RObject = Rcpp::RObject_Impl<Rcpp::PreserveStorage>]'
D:/biocbuild/bbs-3.15-bioc/R/library/beachmat/include/beachmat3/read_lin_block.h:38:39: required from 'std::unique_ptr<_Codecvt> beachmat::read_lin_sparse_block_raw(Rcpp::RObject) [with M = beachmat::lin_matrix; Rcpp::RObject = Rcpp::RObject_Impl<Rcpp::PreserveStorage>]'
D:/biocbuild/bbs-3.15-bioc/R/library/beachmat/include/beachmat3/read_lin_block.h:65:63: required from here
D:/biocbuild/bbs-3.15-bioc/R/library/beachmat/include/beachmat3/Csparse_reader.h:535:17: warning: comparison of integer expressions of different signedness: 'const size_t' {aka 'const long long unsigned int'} and 'R_xlen_t' {aka 'long long int'} [-Wsign-compare]
if (nnz != x.size()) {
D:/biocbuild/bbs-3.15-bioc/R/library/beachmat/include/beachmat3/Csparse_reader.h:551:45: warning: comparison of integer expressions of different signedness: 'int' and 'const size_t' {aka 'const long long unsigned int'} [-Wsign-compare]
if (lastR <= 0 || lastR > NR || lastC <= 0 || lastC > NC) {
~~~~~~^~~~
D:/biocbuild/bbs-3.15-bioc/R/library/beachmat/include/beachmat3/Csparse_reader.h:551:73: warning: comparison of integer expressions of different signedness: 'int' and 'const size_t' {aka 'const long long unsigned int'} [-Wsign-compare]
if (lastR <= 0 || lastR > NR || lastC <= 0 || lastC > NC) {
~~~~~~^~~~
D:/biocbuild/bbs-3.15-bioc/R/library/beachmat/include/beachmat3/Csparse_reader.h:593:35: warning: comparison of integer expressions of different signedness: 'int' and 'const size_t' {aka 'const long long unsigned int'} [-Wsign-compare]
for (int v = 0; v < nnz; ++v, ++rowIt, ++colIt, ++xIt) {
~~^~~~~
D:/biocbuild/bbs-3.15-bioc/R/library/beachmat/include/beachmat3/Csparse_reader.h: In instantiation of 'beachmat::SparseArraySeed_reader<V, TIT>::SparseArraySeed_reader(Rcpp::RObject) [with V = Rcpp::Vector<10, Rcpp::PreserveStorage>; TIT = const int*; Rcpp::RObject = Rcpp::RObject_Impl<Rcpp::PreserveStorage>]':
D:/biocbuild/bbs-3.15-bioc/R/library/beachmat/include/beachmat3/lin_matrix.h:561:56: required from 'beachmat::lin_SparseArraySeed<V, TIT>::lin_SparseArraySeed(Rcpp::RObject) [with V = Rcpp::Vector<10, Rcpp::PreserveStorage>; TIT = const int*; Rcpp::RObject = Rcpp::RObject_Impl<Rcpp::PreserveStorage>]'
D:/biocbuild/bbs-3.15-bioc/R/library/beachmat/include/beachmat3/read_lin_block.h:40:39: required from 'std::unique_ptr<_Codecvt> beachmat::read_lin_sparse_block_raw(Rcpp::RObject) [with M = beachmat::lin_matrix; Rcpp::RObject = Rcpp::RObject_Impl<Rcpp::PreserveStorage>]'
D:/biocbuild/bbs-3.15-bioc/R/library/beachmat/include/beachmat3/read_lin_block.h:65:63: required from here
D:/biocbuild/bbs-3.15-bioc/R/library/beachmat/include/beachmat3/Csparse_reader.h:535:17: warning: comparison of integer expressions of different signedness: 'const size_t' {aka 'const long long unsigned int'} and 'R_xlen_t' {aka 'long long int'} [-Wsign-compare]
if (nnz != x.size()) {
D:/biocbuild/bbs-3.15-bioc/R/library/beachmat/include/beachmat3/Csparse_reader.h:551:45: warning: comparison of integer expressions of different signedness: 'int' and 'const size_t' {aka 'const long long unsigned int'} [-Wsign-compare]
if (lastR <= 0 || lastR > NR || lastC <= 0 || lastC > NC) {
~~~~~~^~~~
D:/biocbuild/bbs-3.15-bioc/R/library/beachmat/include/beachmat3/Csparse_reader.h:551:73: warning: comparison of integer expressions of different signedness: 'int' and 'const size_t' {aka 'const long long unsigned int'} [-Wsign-compare]
if (lastR <= 0 || lastR > NR || lastC <= 0 || lastC > NC) {
~~~~~~^~~~
D:/biocbuild/bbs-3.15-bioc/R/library/beachmat/include/beachmat3/Csparse_reader.h:593:35: warning: comparison of integer expressions of different signedness: 'int' and 'const size_t' {aka 'const long long unsigned int'} [-Wsign-compare]
for (int v = 0; v < nnz; ++v, ++rowIt, ++colIt, ++xIt) {
~~^~~~~
D:/biocbuild/bbs-3.15-bioc/R/library/beachmat/include/beachmat3/Csparse_reader.h: In instantiation of 'beachmat::sparse_index<OUT, I> beachmat::Csparse_core<TIT, I, P>::get_row(size_t, ALT, I*, size_t, size_t) [with OUT = const int*; ALT = int*; TIT = const double*; I = int; P = long long unsigned int; size_t = long long unsigned int]':
D:/biocbuild/bbs-3.15-bioc/R/library/beachmat/include/beachmat3/Csparse_reader.h:650:73: required from 'beachmat::sparse_index<OUT, int> beachmat::SparseArraySeed_reader<V, TIT>::get_row(size_t, ALT, int*, size_t, size_t) [with OUT = const int*; ALT = int*; V = Rcpp::Vector<14, Rcpp::PreserveStorage>; TIT = const double*; size_t = long long unsigned int]'
D:/biocbuild/bbs-3.15-bioc/R/library/beachmat/include/beachmat3/lin_matrix.h:596:82: required from 'beachmat::sparse_index<const int*, int> beachmat::lin_SparseArraySeed<V, TIT>::get_row(size_t, int*, int*, size_t, size_t) [with V = Rcpp::Vector<14, Rcpp::PreserveStorage>; TIT = const double*; size_t = long long unsigned int]'
D:/biocbuild/bbs-3.15-bioc/R/library/beachmat/include/beachmat3/lin_matrix.h:595:35: required from here
D:/biocbuild/bbs-3.15-bioc/R/library/beachmat/include/beachmat3/Csparse_reader.h:250:22: warning: comparison of integer expressions of different signedness: 'const int' and 'const long long unsigned int' [-Wsign-compare]
if (idex != *pIt && static_cast<size_t>(i[idex]) == r) {
~~~~~^~~~~~~
D:/biocbuild/bbs-3.15-bioc/R/library/beachmat/include/beachmat3/Csparse_reader.h: In instantiation of 'beachmat::sparse_index<OUT, I> beachmat::Csparse_core<TIT, I, P>::get_row(size_t, ALT, I*, size_t, size_t) [with OUT = const double*; ALT = double*; TIT = const double*; I = int; P = long long unsigned int; size_t = long long unsigned int]':
D:/biocbuild/bbs-3.15-bioc/R/library/beachmat/include/beachmat3/Csparse_reader.h:650:73: required from 'beachmat::sparse_index<OUT, int> beachmat::SparseArraySeed_reader<V, TIT>::get_row(size_t, ALT, int*, size_t, size_t) [with OUT = const double*; ALT = double*; V = Rcpp::Vector<14, Rcpp::PreserveStorage>; TIT = const double*; size_t = long long unsigned int]'
D:/biocbuild/bbs-3.15-bioc/R/library/beachmat/include/beachmat3/lin_matrix.h:602:85: required from 'beachmat::sparse_index<const double*, int> beachmat::lin_SparseArraySeed<V, TIT>::get_row(size_t, double*, int*, size_t, size_t) [with V = Rcpp::Vector<14, Rcpp::PreserveStorage>; TIT = const double*; size_t = long long unsigned int]'
D:/biocbuild/bbs-3.15-bioc/R/library/beachmat/include/beachmat3/lin_matrix.h:601:38: required from here
D:/biocbuild/bbs-3.15-bioc/R/library/beachmat/include/beachmat3/Csparse_reader.h:250:22: warning: comparison of integer expressions of different signedness: 'const int' and 'const long long unsigned int' [-Wsign-compare]
D:/biocbuild/bbs-3.15-bioc/R/library/beachmat/include/beachmat3/Csparse_reader.h: In instantiation of 'beachmat::sparse_index<OUT, I> beachmat::Csparse_core<TIT, I, P>::get_row(size_t, ALT, I*, size_t, size_t) [with OUT = const int*; ALT = int*; TIT = const int*; I = int; P = long long unsigned int; size_t = long long unsigned int]':
D:/biocbuild/bbs-3.15-bioc/R/library/beachmat/include/beachmat3/Csparse_reader.h:650:73: required from 'beachmat::sparse_index<OUT, int> beachmat::SparseArraySeed_reader<V, TIT>::get_row(size_t, ALT, int*, size_t, size_t) [with OUT = const int*; ALT = int*; V = Rcpp::Vector<10, Rcpp::PreserveStorage>; TIT = const int*; size_t = long long unsigned int]'
D:/biocbuild/bbs-3.15-bioc/R/library/beachmat/include/beachmat3/lin_matrix.h:596:82: required from 'beachmat::sparse_index<const int*, int> beachmat::lin_SparseArraySeed<V, TIT>::get_row(size_t, int*, int*, size_t, size_t) [with V = Rcpp::Vector<10, Rcpp::PreserveStorage>; TIT = const int*; size_t = long long unsigned int]'
D:/biocbuild/bbs-3.15-bioc/R/library/beachmat/include/beachmat3/lin_matrix.h:595:35: required from here
D:/biocbuild/bbs-3.15-bioc/R/library/beachmat/include/beachmat3/Csparse_reader.h:250:22: warning: comparison of integer expressions of different signedness: 'const int' and 'const long long unsigned int' [-Wsign-compare]
D:/biocbuild/bbs-3.15-bioc/R/library/beachmat/include/beachmat3/Csparse_reader.h: In instantiation of 'beachmat::sparse_index<OUT, I> beachmat::Csparse_core<TIT, I, P>::get_row(size_t, ALT, I*, size_t, size_t) [with OUT = const double*; ALT = double*; TIT = const int*; I = int; P = long long unsigned int; size_t = long long unsigned int]':
D:/biocbuild/bbs-3.15-bioc/R/library/beachmat/include/beachmat3/Csparse_reader.h:650:73: required from 'beachmat::sparse_index<OUT, int> beachmat::SparseArraySeed_reader<V, TIT>::get_row(size_t, ALT, int*, size_t, size_t) [with OUT = const double*; ALT = double*; V = Rcpp::Vector<10, Rcpp::PreserveStorage>; TIT = const int*; size_t = long long unsigned int]'
D:/biocbuild/bbs-3.15-bioc/R/library/beachmat/include/beachmat3/lin_matrix.h:602:85: required from 'beachmat::sparse_index<const double*, int> beachmat::lin_SparseArraySeed<V, TIT>::get_row(size_t, double*, int*, size_t, size_t) [with V = Rcpp::Vector<10, Rcpp::PreserveStorage>; TIT = const int*; size_t = long long unsigned int]'
D:/biocbuild/bbs-3.15-bioc/R/library/beachmat/include/beachmat3/lin_matrix.h:601:38: required from here
D:/biocbuild/bbs-3.15-bioc/R/library/beachmat/include/beachmat3/Csparse_reader.h:250:22: warning: comparison of integer expressions of different signedness: 'const int' and 'const long long unsigned int' [-Wsign-compare]
"C:/rtools40/mingw64/bin/"g++ -std=gnu++11 -I"D:/biocbuild/bbs-3.15-bioc/R/include" -DNDEBUG -I../inst/include/ -I'D:/biocbuild/bbs-3.15-bioc/R/library/Rcpp/include' -I'D:/biocbuild/bbs-3.15-bioc/R/library/beachmat/include' -I"C:/extsoft/include" -O2 -Wall -mfpmath=sse -msse2 -mstackrealign -fno-reorder-blocks-and-partition -c utils.cpp -o utils.o
C:/rtools40/mingw64/bin/g++ -shared -s -static-libgcc -o scuttle.dll tmp.def RcppExports.o cumulative_prop.o downsample_counts.o fit_linear_model.o pool_size_factors.o sum_counts.o utils.o -LD:/biocbuild/bbs-3.15-bioc/R/bin/x64 -lRlapack -LD:/biocbuild/bbs-3.15-bioc/R/bin/x64 -lRblas -lgfortran -lm -lquadmath -LC:/extsoft/lib/x64 -LC:/extsoft/lib -LD:/biocbuild/bbs-3.15-bioc/R/bin/x64 -lR
installing to D:/biocbuild/bbs-3.15-bioc/R/library/00LOCK-scuttle/00new/scuttle/libs/x64
** R
** inst
** byte-compile and prepare package for lazy loading
** help
*** installing help indices
converting help for package 'scuttle'
finding HTML links ... done
addPerCellQCMetrics html
finding level-2 HTML links ... done
aggregateAcrossCells html
aggregateAcrossFeatures html
calculateAverage html
calculateCPM html
calculateFPKM html
calculateTPM html
cleanSizeFactors html
computePooledFactors html
computeSpikeFactors html
correctGroupSummary html
downsampleBatches html
downsampleMatrix html
fitLinearModel html
geometricSizeFactors html
isOutlier html
librarySizeFactors html
logNormCounts html
makePerCellDF html
makePerFeatureDF html
medianSizeFactors html
mockSCE html
normalizeCounts html
numDetectedAcrossCells html
numDetectedAcrossFeatures html
perCellQCFilters html
perCellQCMetrics html
perFeatureQCMetrics html
quickPerCellQC html
readSparseCounts html
reexports html
scuttle-pkg html
scuttle-utils html
sumCountsAcrossCells html
sumCountsAcrossFeatures html
summarizeAssayByGroup html
uniquifyFeatureNames html
** building package indices
** installing vignettes
** testing if installed package can be loaded from temporary location
** testing if installed package can be loaded from final location
** testing if installed package keeps a record of temporary installation path
* DONE (scuttle)
Making 'packages.html' ... done
scuttle.Rcheck/tests/testthat.Rout
R Under development (unstable) (2021-11-21 r81221) -- "Unsuffered Consequences"
Copyright (C) 2021 The R Foundation for Statistical Computing
Platform: x86_64-w64-mingw32/x64 (64-bit)
R is free software and comes with ABSOLUTELY NO WARRANTY.
You are welcome to redistribute it under certain conditions.
Type 'license()' or 'licence()' for distribution details.
R is a collaborative project with many contributors.
Type 'contributors()' for more information and
'citation()' on how to cite R or R packages in publications.
Type 'demo()' for some demos, 'help()' for on-line help, or
'help.start()' for an HTML browser interface to help.
Type 'q()' to quit R.
> library(testthat)
> library(scuttle)
Loading required package: SingleCellExperiment
Loading required package: SummarizedExperiment
Loading required package: MatrixGenerics
Loading required package: matrixStats
Attaching package: 'MatrixGenerics'
The following objects are masked from 'package:matrixStats':
colAlls, colAnyNAs, colAnys, colAvgsPerRowSet, colCollapse,
colCounts, colCummaxs, colCummins, colCumprods, colCumsums,
colDiffs, colIQRDiffs, colIQRs, colLogSumExps, colMadDiffs,
colMads, colMaxs, colMeans2, colMedians, colMins, colOrderStats,
colProds, colQuantiles, colRanges, colRanks, colSdDiffs, colSds,
colSums2, colTabulates, colVarDiffs, colVars, colWeightedMads,
colWeightedMeans, colWeightedMedians, colWeightedSds,
colWeightedVars, rowAlls, rowAnyNAs, rowAnys, rowAvgsPerColSet,
rowCollapse, rowCounts, rowCummaxs, rowCummins, rowCumprods,
rowCumsums, rowDiffs, rowIQRDiffs, rowIQRs, rowLogSumExps,
rowMadDiffs, rowMads, rowMaxs, rowMeans2, rowMedians, rowMins,
rowOrderStats, rowProds, rowQuantiles, rowRanges, rowRanks,
rowSdDiffs, rowSds, rowSums2, rowTabulates, rowVarDiffs, rowVars,
rowWeightedMads, rowWeightedMeans, rowWeightedMedians,
rowWeightedSds, rowWeightedVars
Loading required package: GenomicRanges
Loading required package: stats4
Loading required package: BiocGenerics
Attaching package: 'BiocGenerics'
The following objects are masked from 'package:stats':
IQR, mad, sd, var, xtabs
The following objects are masked from 'package:base':
Filter, Find, Map, Position, Reduce, anyDuplicated, append,
as.data.frame, basename, cbind, colnames, dirname, do.call,
duplicated, eval, evalq, get, grep, grepl, intersect, is.unsorted,
lapply, mapply, match, mget, order, paste, pmax, pmax.int, pmin,
pmin.int, rank, rbind, rownames, sapply, setdiff, sort, table,
tapply, union, unique, unsplit, which.max, which.min
Loading required package: S4Vectors
Attaching package: 'S4Vectors'
The following objects are masked from 'package:base':
I, expand.grid, unname
Loading required package: IRanges
Attaching package: 'IRanges'
The following object is masked from 'package:grDevices':
windows
Loading required package: GenomeInfoDb
Loading required package: Biobase
Welcome to Bioconductor
Vignettes contain introductory material; view with
'browseVignettes()'. To cite Bioconductor, see
'citation("Biobase")', and for packages 'citation("pkgname")'.
Attaching package: 'Biobase'
The following object is masked from 'package:MatrixGenerics':
rowMedians
The following objects are masked from 'package:matrixStats':
anyMissing, rowMedians
> test_check("scuttle")
Loading required package: Matrix
Attaching package: 'Matrix'
The following object is masked from 'package:S4Vectors':
expand
Attaching package: 'DelayedArray'
The following objects are masked from 'package:base':
aperm, apply, rowsum, scale, sweep
[ FAIL 0 | WARN 0 | SKIP 0 | PASS 1683 ]
>
> proc.time()
user system elapsed
81.10 7.51 274.03
scuttle.Rcheck/scuttle-Ex.timings
| name | user | system | elapsed | |
| addPerCellQCMetrics | 1.20 | 0.05 | 1.25 | |
| aggregateAcrossCells | 4.79 | 0.04 | 4.84 | |
| aggregateAcrossFeatures | 0.61 | 0.00 | 0.61 | |
| calculateAverage | 0.45 | 0.02 | 0.47 | |
| calculateCPM | 0.60 | 0.03 | 0.63 | |
| calculateFPKM | 0.56 | 0.00 | 0.58 | |
| calculateTPM | 0.53 | 0.05 | 0.57 | |
| cleanSizeFactors | 0.02 | 0.00 | 0.02 | |
| computePooledFactors | 5.76 | 0.34 | 6.11 | |
| computeSpikeFactors | 0.44 | 0.00 | 0.44 | |
| correctGroupSummary | 0.05 | 0.00 | 0.04 | |
| downsampleBatches | 4.56 | 0.21 | 4.77 | |
| downsampleMatrix | 2.89 | 0.00 | 2.89 | |
| fitLinearModel | 0.05 | 0.00 | 0.05 | |
| geometricSizeFactors | 0.39 | 0.00 | 0.39 | |
| isOutlier | 1.26 | 0.03 | 1.29 | |
| librarySizeFactors | 0.32 | 0.01 | 0.33 | |
| logNormCounts | 1.03 | 0.00 | 1.03 | |
| makePerCellDF | 0.79 | 0.03 | 0.83 | |
| makePerFeatureDF | 0.50 | 0.02 | 0.52 | |
| medianSizeFactors | 0.36 | 0.00 | 0.36 | |
| mockSCE | 0.42 | 0.01 | 0.43 | |
| normalizeCounts | 1.15 | 0.04 | 1.18 | |
| numDetectedAcrossCells | 0.39 | 0.01 | 0.40 | |
| numDetectedAcrossFeatures | 0.37 | 0.00 | 0.38 | |
| perCellQCFilters | 0.81 | 0.03 | 0.84 | |
| perCellQCMetrics | 1.16 | 0.03 | 1.19 | |
| perFeatureQCMetrics | 0.42 | 0.00 | 0.42 | |
| quickPerCellQC | 0.91 | 0.00 | 0.91 | |
| readSparseCounts | 0.01 | 0.00 | 0.01 | |
| sumCountsAcrossCells | 0.5 | 0.0 | 0.5 | |
| sumCountsAcrossFeatures | 0.35 | 0.00 | 0.35 | |
| summarizeAssayByGroup | 0.43 | 0.00 | 0.43 | |
| uniquifyFeatureNames | 0 | 0 | 0 | |