| Back to Build/check report for BioC 3.16 experimental data |
|
This page was generated on 2023-04-11 14:50:27 -0400 (Tue, 11 Apr 2023).
| Hostname | OS | Arch (*) | R version | Installed pkgs |
|---|---|---|---|---|
| nebbiolo2 | Linux (Ubuntu 20.04.5 LTS) | x86_64 | 4.2.3 (2023-03-15) -- "Shortstop Beagle" | 4502 |
| Click on any hostname to see more info about the system (e.g. compilers) (*) as reported by 'uname -p', except on Windows and Mac OS X | ||||
|
To the developers/maintainers of the SFEData package: Make sure to use the following settings in order to reproduce any error or warning you see on this page. |
| Package 353/416 | Hostname | OS / Arch | INSTALL | BUILD | CHECK | ||||||||
| SFEData 1.0.2 (landing page) Lambda Moses
| nebbiolo2 | Linux (Ubuntu 20.04.5 LTS) / x86_64 | OK | OK | WARNINGS | ||||||||
| Package: SFEData |
| Version: 1.0.2 |
| Command: /home/biocbuild/bbs-3.16-bioc/R/bin/R CMD check --install=check:SFEData.install-out.txt --library=/home/biocbuild/bbs-3.16-bioc/R/site-library --timings SFEData_1.0.2.tar.gz |
| StartedAt: 2023-04-11 12:18:19 -0400 (Tue, 11 Apr 2023) |
| EndedAt: 2023-04-11 12:20:17 -0400 (Tue, 11 Apr 2023) |
| EllapsedTime: 117.8 seconds |
| RetCode: 0 |
| Status: WARNINGS |
| CheckDir: SFEData.Rcheck |
| Warnings: 2 |
##############################################################################
##############################################################################
###
### Running command:
###
### /home/biocbuild/bbs-3.16-bioc/R/bin/R CMD check --install=check:SFEData.install-out.txt --library=/home/biocbuild/bbs-3.16-bioc/R/site-library --timings SFEData_1.0.2.tar.gz
###
##############################################################################
##############################################################################
* using log directory ‘/home/biocbuild/bbs-3.16-data-experiment/meat/SFEData.Rcheck’
* using R version 4.2.3 (2023-03-15)
* using platform: x86_64-pc-linux-gnu (64-bit)
* using session charset: UTF-8
* checking for file ‘SFEData/DESCRIPTION’ ... OK
* this is package ‘SFEData’ version ‘1.0.2’
* package encoding: UTF-8
* checking package namespace information ... OK
* checking package dependencies ... OK
* checking if this is a source package ... OK
* checking if there is a namespace ... OK
* checking for hidden files and directories ... OK
* checking for portable file names ... OK
* checking for sufficient/correct file permissions ... OK
* checking whether package ‘SFEData’ can be installed ... WARNING
Found the following significant warnings:
Warning: /home/biocbuild/bbs-3.16-data-experiment/meat/SFEData/man/SFEData.Rd:36: unexpected macro '\link', expecting '{'
See ‘/home/biocbuild/bbs-3.16-data-experiment/meat/SFEData.Rcheck/00install.out’ for details.
* checking installed package size ... OK
* checking package directory ... OK
* checking ‘build’ directory ... OK
* checking DESCRIPTION meta-information ... OK
* checking top-level files ... OK
* checking for left-over files ... OK
* checking index information ... OK
* checking package subdirectories ... OK
* checking R files for non-ASCII characters ... OK
* checking R files for syntax errors ... OK
* checking whether the package can be loaded ... OK
* checking whether the package can be loaded with stated dependencies ... OK
* checking whether the package can be unloaded cleanly ... OK
* checking whether the namespace can be loaded with stated dependencies ... OK
* checking whether the namespace can be unloaded cleanly ... OK
* checking loading without being on the library search path ... OK
* checking dependencies in R code ... OK
* checking S3 generic/method consistency ... OK
* checking replacement functions ... OK
* checking foreign function calls ... OK
* checking R code for possible problems ... OK
* checking Rd files ... WARNING
prepare_Rd: ./man/SFEData.Rd:36: unexpected macro '\link', expecting '{'
* checking Rd metadata ... OK
* checking Rd cross-references ... OK
* checking for missing documentation entries ... OK
* checking for code/documentation mismatches ... OK
* checking Rd \usage sections ... OK
* checking Rd contents ... OK
* checking for unstated dependencies in examples ... OK
* checking files in ‘vignettes’ ... OK
* checking examples ... OK
Examples with CPU (user + system) or elapsed time > 5s
user system elapsed
BiermannMelaMetasData 8.302 0.472 9.265
* checking for unstated dependencies in ‘tests’ ... OK
* checking tests ...
Running ‘testthat.R’
OK
* checking for unstated dependencies in vignettes ... OK
* checking package vignettes in ‘inst/doc’ ... OK
* checking running R code from vignettes ...
‘SFEData.Rmd’ using ‘UTF-8’... OK
NONE
* checking re-building of vignette outputs ... OK
* checking PDF version of manual ... OK
* DONE
Status: 2 WARNINGs
See
‘/home/biocbuild/bbs-3.16-data-experiment/meat/SFEData.Rcheck/00check.log’
for details.
SFEData.Rcheck/00install.out
##############################################################################
##############################################################################
###
### Running command:
###
### /home/biocbuild/bbs-3.16-bioc/R/bin/R CMD INSTALL SFEData
###
##############################################################################
##############################################################################
* installing to library ‘/home/biocbuild/bbs-3.16-bioc/R/site-library’
* installing *source* package ‘SFEData’ ...
** using staged installation
** R
** inst
** byte-compile and prepare package for lazy loading
** help
Warning: /home/biocbuild/bbs-3.16-data-experiment/meat/SFEData/man/SFEData.Rd:36: unexpected macro '\link', expecting '{'
*** installing help indices
** building package indices
** installing vignettes
** testing if installed package can be loaded from temporary location
** testing if installed package can be loaded from final location
** testing if installed package keeps a record of temporary installation path
* DONE (SFEData)
SFEData.Rcheck/tests/testthat.Rout
R version 4.2.3 (2023-03-15) -- "Shortstop Beagle"
Copyright (C) 2023 The R Foundation for Statistical Computing
Platform: x86_64-pc-linux-gnu (64-bit)
R is free software and comes with ABSOLUTELY NO WARRANTY.
You are welcome to redistribute it under certain conditions.
Type 'license()' or 'licence()' for distribution details.
R is a collaborative project with many contributors.
Type 'contributors()' for more information and
'citation()' on how to cite R or R packages in publications.
Type 'demo()' for some demos, 'help()' for on-line help, or
'help.start()' for an HTML browser interface to help.
Type 'q()' to quit R.
> # This file is part of the standard setup for testthat.
> # It is recommended that you do not modify it.
> #
> # Where should you do additional test configuration?
> # Learn more about the roles of various files in:
> # * https://r-pkgs.org/tests.html
> # * https://testthat.r-lib.org/reference/test_package.html#special-files
>
> library(testthat)
> library(SFEData)
>
> test_check("SFEData")
snapshotDate(): 2022-10-31
see ?SFEData and browseVignettes('SFEData') for documentation
loading from cache
require("SpatialFeatureExperiment")
[ FAIL 0 | WARN 0 | SKIP 0 | PASS 2 ]
>
> proc.time()
user system elapsed
11.841 0.907 13.127
SFEData.Rcheck/SFEData-Ex.timings
| name | user | system | elapsed | |
| BiermannMelaMetasData | 8.302 | 0.472 | 9.265 | |
| McKellarMuscleData | 1.206 | 0.140 | 1.754 | |