| Back to Workflows build report for BioC 3.17 |
This page was generated on 2023-10-13 14:00:09 -0400 (Fri, 13 Oct 2023).
| Hostname | OS | Arch (*) | R version | Installed pkgs |
|---|---|---|---|---|
| nebbiolo1 | Linux (Ubuntu 22.04.2 LTS) | x86_64 | 4.3.1 (2023-06-16) -- "Beagle Scouts" | 4626 |
| palomino3 | Windows Server 2022 Datacenter | x64 | 4.3.1 (2023-06-16 ucrt) -- "Beagle Scouts" | 4379 |
| merida1 | macOS 12.6.4 Monterey | x86_64 | 4.3.1 (2023-06-16) -- "Beagle Scouts" | 4395 |
| Click on any hostname to see more info about the system (e.g. compilers) (*) as reported by 'uname -p', except on Windows and Mac OS X | ||||
| Package 12/30 | Hostname | OS / Arch | INSTALL | BUILD | ||||||||
| fluentGenomics 1.12.0 (landing page) Stuart Lee
| nebbiolo1 | Linux (Ubuntu 22.04.2 LTS) / x86_64 | OK | OK | ||||||||
| palomino3 | Windows Server 2022 Datacenter / x64 | OK | OK | |||||||||
| merida1 | macOS 12.6.4 Monterey / x86_64 | OK | ERROR | |||||||||
|
To the developers/maintainers of the fluentGenomics package: - Use the following Renviron settings to reproduce errors and warnings. - If 'R CMD check' started to fail recently on the Linux builder(s) over a missing dependency, add the missing dependency to 'Suggests:' in your DESCRIPTION file. See Renviron.bioc for more information. |
| Package: fluentGenomics |
| Version: 1.12.0 |
| Command: /Library/Frameworks/R.framework/Resources/bin/R CMD build --keep-empty-dirs --no-resave-data fluentGenomics |
| StartedAt: 2023-10-13 11:03:20 -0400 (Fri, 13 Oct 2023) |
| EndedAt: 2023-10-13 11:04:26 -0400 (Fri, 13 Oct 2023) |
| EllapsedTime: 66.0 seconds |
| RetCode: 1 |
| Status: ERROR |
| PackageFile: None |
| PackageFileSize: NA |
############################################################################## ############################################################################## ### ### Running command: ### ### /Library/Frameworks/R.framework/Resources/bin/R CMD build --keep-empty-dirs --no-resave-data fluentGenomics ### ############################################################################## ############################################################################## * checking for file ‘fluentGenomics/DESCRIPTION’ ... OK * preparing ‘fluentGenomics’: * checking DESCRIPTION meta-information ... OK * installing the package to build vignettes * creating vignettes ... ERROR --- re-building ‘fluentGenomics.Rmd’ using rmarkdown Quitting from lines 152-168 [coldata-rna] (fluentGenomics.Rmd) Error: processing vignette 'fluentGenomics.Rmd' failed with diagnostics: bad value --- failed re-building ‘fluentGenomics.Rmd’ SUMMARY: processing the following file failed: ‘fluentGenomics.Rmd’ Error: Vignette re-building failed. Execution halted