| Back to Multiple platform build/check report for BioC 3.18: simplified long | 
  | 
This page was generated on 2023-11-02 11:41:19 -0400 (Thu, 02 Nov 2023).
| Hostname | OS | Arch (*) | R version | Installed pkgs | 
|---|---|---|---|---|
| nebbiolo2 | Linux (Ubuntu 22.04.2 LTS) | x86_64 | 4.3.1 (2023-06-16) -- "Beagle Scouts" | 4729 | 
| palomino4 | Windows Server 2022 Datacenter | x64 | 4.3.1 (2023-06-16 ucrt) -- "Beagle Scouts" | 4463 | 
| lconway | macOS 12.6.5 Monterey | x86_64 | 4.3.1 Patched (2023-06-17 r84564) -- "Beagle Scouts" | 4478 | 
| kunpeng2 | Linux (openEuler 22.03 LTS-SP1) | aarch64 | 4.3.1 (2023-06-16) -- "Beagle Scouts" | 4464 | 
| Click on any hostname to see more info about the system (e.g. compilers) (*) as reported by 'uname -p', except on Windows and Mac OS X | ||||
| Package 2032/2266 | Hostname | OS / Arch | INSTALL | BUILD | CHECK | BUILD BIN | ||||||||
| SplicingGraphs 1.42.0  (landing page) H. Pagès 
  | nebbiolo2 | Linux (Ubuntu 22.04.2 LTS) / x86_64 | OK | OK | WARNINGS | |||||||||
| palomino4 | Windows Server 2022 Datacenter / x64 | OK | OK | WARNINGS | OK | |||||||||
| lconway | macOS 12.6.5 Monterey / x86_64 | OK | OK | WARNINGS | OK | |||||||||
| kjohnson1 | macOS 13.6.1 Ventura / arm64 | see weekly results here | ||||||||||||
| kunpeng2 | Linux (openEuler 22.03 LTS-SP1) / aarch64 | OK | ERROR | skipped | ||||||||||
| 
To the developers/maintainers of the SplicingGraphs package: - Allow up to 24 hours (and sometimes 48 hours) for your latest push to git@git.bioconductor.org:packages/SplicingGraphs.git to reflect on this report. See Troubleshooting Build Report for more information. - Use the following Renviron settings to reproduce errors and warnings. - If 'R CMD check' started to fail recently on the Linux builder(s) over a missing dependency, add the missing dependency to 'Suggests:' in your DESCRIPTION file. See Renviron.bioc for more information. - See Martin Grigorov's blog post for how to debug Linux ARM64 related issues on a x86_64 host.  | 
| Package: SplicingGraphs | 
| Version: 1.42.0 | 
| Command: /home/biocbuild/R/R-4.3.1/bin/R CMD build --keep-empty-dirs --no-resave-data SplicingGraphs | 
| StartedAt: 2023-11-02 06:42:03 -0000 (Thu, 02 Nov 2023) | 
| EndedAt: 2023-11-02 06:44:35 -0000 (Thu, 02 Nov 2023) | 
| EllapsedTime: 152.4 seconds | 
| RetCode: 1 | 
| Status: ERROR | 
| PackageFile: None | 
| PackageFileSize: NA | 
##############################################################################
##############################################################################
###
### Running command:
###
###   /home/biocbuild/R/R-4.3.1/bin/R CMD build --keep-empty-dirs --no-resave-data SplicingGraphs
###
##############################################################################
##############################################################################
* checking for file ‘SplicingGraphs/DESCRIPTION’ ... OK
* preparing ‘SplicingGraphs’:
* checking DESCRIPTION meta-information ... OK
* installing the package to build vignettes
* creating vignettes ... ERROR
--- re-building ‘SplicingGraphs.Rnw’ using Sweave
Loading required package: GenomicFeatures
Loading required package: BiocGenerics
Attaching package: ‘BiocGenerics’
The following objects are masked from ‘package:stats’:
    IQR, mad, sd, var, xtabs
The following objects are masked from ‘package:base’:
    Filter, Find, Map, Position, Reduce, anyDuplicated, aperm, append,
    as.data.frame, basename, cbind, colnames, dirname, do.call, duplicated,
    eval, evalq, get, grep, grepl, intersect, is.unsorted, lapply, mapply,
    match, mget, order, paste, pmax, pmax.int, pmin, pmin.int, rank, rbind,
    rownames, sapply, setdiff, sort, table, tapply, union, unique, unsplit,
    which.max, which.min
Loading required package: S4Vectors
Loading required package: stats4
Attaching package: ‘S4Vectors’
The following object is masked from ‘package:utils’:
    findMatches
The following objects are masked from ‘package:base’:
    I, expand.grid, unname
Loading required package: IRanges
Loading required package: GenomeInfoDb
Loading required package: GenomicRanges
Loading required package: AnnotationDbi
Loading required package: Biobase
Welcome to Bioconductor
    Vignettes contain introductory material; view with 'browseVignettes()'. To
    cite Bioconductor, see 'citation("Biobase")', and for packages
    'citation("pkgname")'.
Loading required package: GenomicAlignments
Loading required package: SummarizedExperiment
Loading required package: MatrixGenerics
Loading required package: matrixStats
Attaching package: ‘matrixStats’
The following objects are masked from ‘package:Biobase’:
    anyMissing, rowMedians
Attaching package: ‘MatrixGenerics’
The following objects are masked from ‘package:matrixStats’:
    colAlls, colAnyNAs, colAnys, colAvgsPerRowSet, colCollapse, colCounts,
    colCummaxs, colCummins, colCumprods, colCumsums, colDiffs, colIQRDiffs,
    colIQRs, colLogSumExps, colMadDiffs, colMads, colMaxs, colMeans2,
    colMedians, colMins, colOrderStats, colProds, colQuantiles, colRanges,
    colRanks, colSdDiffs, colSds, colSums2, colTabulates, colVarDiffs, colVars,
    colWeightedMads, colWeightedMeans, colWeightedMedians, colWeightedSds,
    colWeightedVars, rowAlls, rowAnyNAs, rowAnys, rowAvgsPerColSet, rowCollapse,
    rowCounts, rowCummaxs, rowCummins, rowCumprods, rowCumsums, rowDiffs,
    rowIQRDiffs, rowIQRs, rowLogSumExps, rowMadDiffs, rowMads, rowMaxs,
    rowMeans2, rowMedians, rowMins, rowOrderStats, rowProds, rowQuantiles,
    rowRanges, rowRanks, rowSdDiffs, rowSds, rowSums2, rowTabulates,
    rowVarDiffs, rowVars, rowWeightedMads, rowWeightedMeans, rowWeightedMedians,
    rowWeightedSds, rowWeightedVars
The following object is masked from ‘package:Biobase’:
    rowMedians
Loading required package: Biostrings
Loading required package: XVector
Attaching package: ‘Biostrings’
The following object is masked from ‘package:base’:
    strsplit
Loading required package: Rsamtools
Loading required package: Rgraphviz
Loading required package: graph
Attaching package: ‘graph’
The following object is masked from ‘package:Biostrings’:
    complement
Loading required package: grid
Attaching package: ‘grid’
The following object is masked from ‘package:Biostrings’:
    pattern
Attaching package: ‘Rgraphviz’
The following objects are masked from ‘package:IRanges’:
    from, to
The following objects are masked from ‘package:S4Vectors’:
    from, to
Warning: replacing previous import ‘utils::findMatches’ by ‘S4Vectors::findMatches’ when loading ‘SplicingGraphs’
  - plotting genomic range: from=21671261.8, to=21743672.2