| Back to Workflows build report for BioC 3.18 |
This page was generated on 2024-03-01 14:00:10 -0500 (Fri, 01 Mar 2024).
| Hostname | OS | Arch (*) | R version | Installed pkgs |
|---|---|---|---|---|
| nebbiolo2 | Linux (Ubuntu 22.04.3 LTS) | x86_64 | 4.3.2 Patched (2023-11-13 r85521) -- "Eye Holes" | 4692 |
| palomino4 | Windows Server 2022 Datacenter | x64 | 4.3.2 (2023-10-31 ucrt) -- "Eye Holes" | 4445 |
| lconway | macOS 12.7.1 Monterey | x86_64 | 4.3.2 Patched (2023-11-01 r85457) -- "Eye Holes" | 4466 |
| Click on any hostname to see more info about the system (e.g. compilers) (*) as reported by 'uname -p', except on Windows and Mac OS X | ||||
| Package 28/30 | Hostname | OS / Arch | INSTALL | BUILD | ||||||||
| spicyWorkflow 1.2.1 (landing page) SOMS Maintainer
| nebbiolo2 | Linux (Ubuntu 22.04.3 LTS) / x86_64 | OK | OK | ||||||||
| palomino4 | Windows Server 2022 Datacenter / x64 | OK | ERROR | |||||||||
| lconway | macOS 12.7.1 Monterey / x86_64 | OK | ERROR | |||||||||
|
To the developers/maintainers of the spicyWorkflow package: - Use the following Renviron settings to reproduce errors and warnings. - If 'R CMD check' started to fail recently on the Linux builder(s) over a missing dependency, add the missing dependency to 'Suggests:' in your DESCRIPTION file. See Renviron.bioc for more information. |
| Package: spicyWorkflow |
| Version: 1.2.1 |
| Command: /Library/Frameworks/R.framework/Resources/bin/R CMD build --keep-empty-dirs --no-resave-data spicyWorkflow |
| StartedAt: 2024-03-01 11:04:52 -0500 (Fri, 01 Mar 2024) |
| EndedAt: 2024-03-01 11:15:02 -0500 (Fri, 01 Mar 2024) |
| EllapsedTime: 609.9 seconds |
| RetCode: 1 |
| Status: ERROR |
| PackageFile: None |
| PackageFileSize: NA |
############################################################################## ############################################################################## ### ### Running command: ### ### /Library/Frameworks/R.framework/Resources/bin/R CMD build --keep-empty-dirs --no-resave-data spicyWorkflow ### ############################################################################## ############################################################################## * checking for file ‘spicyWorkflow/DESCRIPTION’ ... OK * preparing ‘spicyWorkflow’: * checking DESCRIPTION meta-information ... OK * installing the package to build vignettes * creating vignettes ... ERROR --- re-building ‘spicyWorkflow.Rmd’ using rmarkdown Quitting from lines 202-213 [segment] (spicyWorkflow.Rmd) Error: processing vignette 'spicyWorkflow.Rmd' failed with diagnostics: BiocParallel errors 0 remote errors, element index: 79 unevaluated and other errors first remote error: --- failed re-building ‘spicyWorkflow.Rmd’ SUMMARY: processing the following file failed: ‘spicyWorkflow.Rmd’ Error: Vignette re-building failed. Execution halted