| Back to Build/check report for BioC 3.19 experimental data |
|
This page was generated on 2024-10-17 14:51 -0400 (Thu, 17 Oct 2024).
| Hostname | OS | Arch (*) | R version | Installed pkgs |
|---|---|---|---|---|
| nebbiolo1 | Linux (Ubuntu 22.04.3 LTS) | x86_64 | 4.4.1 (2024-06-14) -- "Race for Your Life" | 4763 |
| Click on any hostname to see more info about the system (e.g. compilers) (*) as reported by 'uname -p', except on Windows and Mac OS X | ||||
| Package 81/430 | Hostname | OS / Arch | INSTALL | BUILD | CHECK | ||||||||
| curatedCRCData 2.36.0 (landing page) Princy Parsana
| nebbiolo1 | Linux (Ubuntu 22.04.3 LTS) / x86_64 | OK | OK | ERROR | ||||||||
|
To the developers/maintainers of the curatedCRCData package: - Use the following Renviron settings to reproduce errors and warnings. - If 'R CMD check' started to fail recently on the Linux builder(s) over a missing dependency, add the missing dependency to 'Suggests:' in your DESCRIPTION file. See Renviron.bioc for more information. |
| Package: curatedCRCData |
| Version: 2.36.0 |
| Command: /home/biocbuild/bbs-3.19-bioc/R/bin/R CMD check --install=check:curatedCRCData.install-out.txt --library=/home/biocbuild/bbs-3.19-bioc/R/site-library --timings curatedCRCData_2.36.0.tar.gz |
| StartedAt: 2024-10-17 11:11:28 -0400 (Thu, 17 Oct 2024) |
| EndedAt: 2024-10-17 11:13:36 -0400 (Thu, 17 Oct 2024) |
| EllapsedTime: 127.3 seconds |
| RetCode: 1 |
| Status: ERROR |
| CheckDir: curatedCRCData.Rcheck |
| Warnings: NA |
##############################################################################
##############################################################################
###
### Running command:
###
### /home/biocbuild/bbs-3.19-bioc/R/bin/R CMD check --install=check:curatedCRCData.install-out.txt --library=/home/biocbuild/bbs-3.19-bioc/R/site-library --timings curatedCRCData_2.36.0.tar.gz
###
##############################################################################
##############################################################################
* using log directory ‘/home/biocbuild/bbs-3.19-data-experiment/meat/curatedCRCData.Rcheck’
* using R version 4.4.1 (2024-06-14)
* using platform: x86_64-pc-linux-gnu
* R was compiled by
gcc (Ubuntu 11.4.0-1ubuntu1~22.04) 11.4.0
GNU Fortran (Ubuntu 11.4.0-1ubuntu1~22.04) 11.4.0
* running under: Ubuntu 22.04.5 LTS
* using session charset: UTF-8
* checking for file ‘curatedCRCData/DESCRIPTION’ ... OK
* checking extension type ... Package
* this is package ‘curatedCRCData’ version ‘2.36.0’
* checking package namespace information ... OK
* checking package dependencies ... OK
* checking if this is a source package ... OK
* checking if there is a namespace ... OK
* checking for hidden files and directories ... OK
* checking for portable file names ... OK
* checking for sufficient/correct file permissions ... OK
* checking whether package ‘curatedCRCData’ can be installed ... OK
* checking installed package size ... NOTE
installed size is 399.7Mb
sub-directories of 1Mb or more:
data 399.4Mb
* checking package directory ... OK
* checking ‘build’ directory ... OK
* checking DESCRIPTION meta-information ... OK
* checking top-level files ... OK
* checking for left-over files ... OK
* checking index information ... OK
* checking package subdirectories ... OK
* checking whether the package can be loaded ... OK
* checking whether the package can be loaded with stated dependencies ... OK
* checking whether the package can be unloaded cleanly ... OK
* checking whether the namespace can be loaded with stated dependencies ... OK
* checking whether the namespace can be unloaded cleanly ... OK
* checking loading without being on the library search path ... OK
* checking Rd files ... OK
* checking Rd metadata ... OK
* checking Rd cross-references ... OK
* checking for missing documentation entries ... OK
* checking for code/documentation mismatches ... OK
* checking Rd \usage sections ... OK
* checking Rd contents ... OK
* checking for unstated dependencies in examples ... OK
* checking contents of ‘data’ directory ... OK
* checking data for non-ASCII characters ... OK
* checking data for ASCII and uncompressed saves ... OK
* checking files in ‘vignettes’ ... OK
* checking examples ... OK
* checking for unstated dependencies in vignettes ... OK
* checking package vignettes ... OK
* checking re-building of vignette outputs ... ERROR
Error(s) in re-building vignettes:
...
--- re-building ‘curatedCRCData_vignette.Rnw’ using Sweave
Loading required package: mgcv
Loading required package: nlme
This is mgcv 1.9-1. For overview type 'help("mgcv-package")'.
Loading required package: genefilter
Loading required package: BiocParallel
Error: processing vignette 'curatedCRCData_vignette.Rnw' failed with diagnostics:
chunk 2 (label = preliminaries)
Error in library(affy) : there is no package called ‘affy’
--- failed re-building ‘curatedCRCData_vignette.Rnw’
SUMMARY: processing the following file failed:
‘curatedCRCData_vignette.Rnw’
Error: Vignette re-building failed.
Execution halted
* checking PDF version of manual ... OK
* DONE
Status: 1 ERROR, 1 NOTE
See
‘/home/biocbuild/bbs-3.19-data-experiment/meat/curatedCRCData.Rcheck/00check.log’
for details.
curatedCRCData.Rcheck/00install.out
############################################################################## ############################################################################## ### ### Running command: ### ### /home/biocbuild/bbs-3.19-bioc/R/bin/R CMD INSTALL curatedCRCData ### ############################################################################## ############################################################################## * installing to library ‘/home/biocbuild/bbs-3.19-bioc/R/site-library’ * installing *source* package ‘curatedCRCData’ ... ** using staged installation ** data ** inst ** help *** installing help indices ** building package indices ** installing vignettes ** testing if installed package can be loaded from temporary location ** testing if installed package can be loaded from final location ** testing if installed package keeps a record of temporary installation path * DONE (curatedCRCData)
curatedCRCData.Rcheck/curatedCRCData-Ex.timings
| name | user | system | elapsed | |
| curatedCRCData-package | 0.019 | 0.002 | 0.021 | |