| Back to Multiple platform build/check report for BioC 3.20: simplified long |
|
This page was generated on 2025-04-02 19:31 -0400 (Wed, 02 Apr 2025).
| Hostname | OS | Arch (*) | R version | Installed pkgs |
|---|---|---|---|---|
| nebbiolo2 | Linux (Ubuntu 24.04.1 LTS) | x86_64 | 4.4.3 (2025-02-28) -- "Trophy Case" | 4764 |
| palomino8 | Windows Server 2022 Datacenter | x64 | 4.4.3 (2025-02-28 ucrt) -- "Trophy Case" | 4495 |
| merida1 | macOS 12.7.5 Monterey | x86_64 | 4.4.3 (2025-02-28) -- "Trophy Case" | 4522 |
| kjohnson1 | macOS 13.6.6 Ventura | arm64 | 4.4.3 (2025-02-28) -- "Trophy Case" | 4449 |
| taishan | Linux (openEuler 24.03 LTS) | aarch64 | 4.4.3 (2025-02-28) -- "Trophy Case" | 4426 |
| Click on any hostname to see more info about the system (e.g. compilers) (*) as reported by 'uname -p', except on Windows and Mac OS X | ||||
| Package 536/2289 | Hostname | OS / Arch | INSTALL | BUILD | CHECK | BUILD BIN | ||||||||
| DelayedTensor 1.12.0 (landing page) Koki Tsuyuzaki
| nebbiolo2 | Linux (Ubuntu 24.04.1 LTS) / x86_64 | OK | OK | WARNINGS | |||||||||
| palomino8 | Windows Server 2022 Datacenter / x64 | OK | OK | WARNINGS | OK | |||||||||
| merida1 | macOS 12.7.5 Monterey / x86_64 | OK | OK | WARNINGS | OK | |||||||||
| kjohnson1 | macOS 13.6.6 Ventura / arm64 | OK | OK | WARNINGS | OK | |||||||||
| taishan | Linux (openEuler 24.03 LTS) / aarch64 | OK | OK | WARNINGS | ||||||||||
|
To the developers/maintainers of the DelayedTensor package: - Allow up to 24 hours (and sometimes 48 hours) for your latest push to git@git.bioconductor.org:packages/DelayedTensor.git to reflect on this report. See Troubleshooting Build Report for more information. - Use the following Renviron settings to reproduce errors and warnings. - If 'R CMD check' started to fail recently on the Linux builder(s) over a missing dependency, add the missing dependency to 'Suggests:' in your DESCRIPTION file. See Renviron.bioc for more information. |
| Package: DelayedTensor |
| Version: 1.12.0 |
| Command: /Library/Frameworks/R.framework/Resources/bin/R CMD check --install=check:DelayedTensor.install-out.txt --library=/Library/Frameworks/R.framework/Resources/library --no-vignettes --timings DelayedTensor_1.12.0.tar.gz |
| StartedAt: 2025-04-01 01:54:44 -0400 (Tue, 01 Apr 2025) |
| EndedAt: 2025-04-01 02:09:41 -0400 (Tue, 01 Apr 2025) |
| EllapsedTime: 896.7 seconds |
| RetCode: 0 |
| Status: WARNINGS |
| CheckDir: DelayedTensor.Rcheck |
| Warnings: 1 |
##############################################################################
##############################################################################
###
### Running command:
###
### /Library/Frameworks/R.framework/Resources/bin/R CMD check --install=check:DelayedTensor.install-out.txt --library=/Library/Frameworks/R.framework/Resources/library --no-vignettes --timings DelayedTensor_1.12.0.tar.gz
###
##############################################################################
##############################################################################
* using log directory ‘/Users/biocbuild/bbs-3.20-bioc/meat/DelayedTensor.Rcheck’
* using R version 4.4.3 (2025-02-28)
* using platform: x86_64-apple-darwin20
* R was compiled by
Apple clang version 14.0.0 (clang-1400.0.29.202)
GNU Fortran (GCC) 12.2.0
* running under: macOS Monterey 12.7.6
* using session charset: UTF-8
* using option ‘--no-vignettes’
* checking for file ‘DelayedTensor/DESCRIPTION’ ... OK
* checking extension type ... Package
* this is package ‘DelayedTensor’ version ‘1.12.0’
* checking package namespace information ... OK
* checking package dependencies ... OK
* checking if this is a source package ... OK
* checking if there is a namespace ... OK
* checking for hidden files and directories ... OK
* checking for portable file names ... OK
* checking for sufficient/correct file permissions ... OK
* checking whether package ‘DelayedTensor’ can be installed ... OK
* checking installed package size ... OK
* checking package directory ... OK
* checking ‘build’ directory ... OK
* checking DESCRIPTION meta-information ... OK
* checking top-level files ... OK
* checking for left-over files ... OK
* checking index information ... OK
* checking package subdirectories ... OK
* checking code files for non-ASCII characters ... OK
* checking R files for syntax errors ... OK
* checking whether the package can be loaded ... OK
* checking whether the package can be loaded with stated dependencies ... OK
* checking whether the package can be unloaded cleanly ... OK
* checking whether the namespace can be loaded with stated dependencies ... OK
* checking whether the namespace can be unloaded cleanly ... OK
* checking whether startup messages can be suppressed ... OK
* checking dependencies in R code ... OK
* checking S3 generic/method consistency ... OK
* checking replacement functions ... OK
* checking foreign function calls ... OK
* checking R code for possible problems ... OK
* checking Rd files ... OK
* checking Rd metadata ... OK
* checking Rd cross-references ... OK
* checking for missing documentation entries ... OK
* checking for code/documentation mismatches ... OK
* checking Rd \usage sections ... OK
* checking Rd contents ... OK
* checking for unstated dependencies in examples ... OK
* checking contents of ‘data’ directory ... OK
* checking data for non-ASCII characters ... OK
* checking LazyData ... OK
* checking data for ASCII and uncompressed saves ... WARNING
Note: significantly better compression could be obtained
by using R CMD build --resave-data
old_size new_size compress
human_mid_brain.rda 677Kb 441Kb xz
mouse_mid_brain.rda 761Kb 512Kb xz
* checking files in ‘vignettes’ ... OK
* checking examples ... OK
Examples with CPU (user + system) or elapsed time > 5s
user system elapsed
cp 275.687 23.382 373.523
tucker 40.814 3.436 46.712
mpca 18.865 1.599 21.654
pvd 11.099 0.909 13.048
hosvd 6.533 0.542 7.418
* checking for unstated dependencies in ‘tests’ ... OK
* checking tests ...
Running ‘testthat.R’
OK
* checking for unstated dependencies in vignettes ... OK
* checking package vignettes ... OK
* checking running R code from vignettes ... SKIPPED
* checking re-building of vignette outputs ... SKIPPED
* checking PDF version of manual ... OK
* DONE
Status: 1 WARNING
See
‘/Users/biocbuild/bbs-3.20-bioc/meat/DelayedTensor.Rcheck/00check.log’
for details.
DelayedTensor.Rcheck/00install.out
############################################################################## ############################################################################## ### ### Running command: ### ### /Library/Frameworks/R.framework/Resources/bin/R CMD INSTALL DelayedTensor ### ############################################################################## ############################################################################## * installing to library ‘/Library/Frameworks/R.framework/Versions/4.4-x86_64/Resources/library’ * installing *source* package ‘DelayedTensor’ ... ** using staged installation ** R ** data *** moving datasets to lazyload DB ** inst ** byte-compile and prepare package for lazy loading Creating a new generic function for ‘kronecker’ in package ‘DelayedTensor’ Creating a new generic function for ‘diag’ in package ‘DelayedTensor’ Creating a new generic function for ‘diag<-’ in package ‘DelayedTensor’ ** help *** installing help indices ** building package indices ** installing vignettes ** testing if installed package can be loaded from temporary location ** testing if installed package can be loaded from final location ** testing if installed package keeps a record of temporary installation path * DONE (DelayedTensor)
DelayedTensor.Rcheck/tests/testthat.Rout
R version 4.4.3 (2025-02-28) -- "Trophy Case"
Copyright (C) 2025 The R Foundation for Statistical Computing
Platform: x86_64-apple-darwin20
R is free software and comes with ABSOLUTELY NO WARRANTY.
You are welcome to redistribute it under certain conditions.
Type 'license()' or 'licence()' for distribution details.
R is a collaborative project with many contributors.
Type 'contributors()' for more information and
'citation()' on how to cite R or R packages in publications.
Type 'demo()' for some demos, 'help()' for on-line help, or
'help.start()' for an HTML browser interface to help.
Type 'q()' to quit R.
> library("DelayedArray")
Loading required package: stats4
Loading required package: Matrix
Loading required package: BiocGenerics
Attaching package: 'BiocGenerics'
The following objects are masked from 'package:stats':
IQR, mad, sd, var, xtabs
The following objects are masked from 'package:base':
Filter, Find, Map, Position, Reduce, anyDuplicated, aperm, append,
as.data.frame, basename, cbind, colnames, dirname, do.call,
duplicated, eval, evalq, get, grep, grepl, intersect, is.unsorted,
lapply, mapply, match, mget, order, paste, pmax, pmax.int, pmin,
pmin.int, rank, rbind, rownames, sapply, saveRDS, setdiff, table,
tapply, union, unique, unsplit, which.max, which.min
Loading required package: MatrixGenerics
Loading required package: matrixStats
Attaching package: 'MatrixGenerics'
The following objects are masked from 'package:matrixStats':
colAlls, colAnyNAs, colAnys, colAvgsPerRowSet, colCollapse,
colCounts, colCummaxs, colCummins, colCumprods, colCumsums,
colDiffs, colIQRDiffs, colIQRs, colLogSumExps, colMadDiffs,
colMads, colMaxs, colMeans2, colMedians, colMins, colOrderStats,
colProds, colQuantiles, colRanges, colRanks, colSdDiffs, colSds,
colSums2, colTabulates, colVarDiffs, colVars, colWeightedMads,
colWeightedMeans, colWeightedMedians, colWeightedSds,
colWeightedVars, rowAlls, rowAnyNAs, rowAnys, rowAvgsPerColSet,
rowCollapse, rowCounts, rowCummaxs, rowCummins, rowCumprods,
rowCumsums, rowDiffs, rowIQRDiffs, rowIQRs, rowLogSumExps,
rowMadDiffs, rowMads, rowMaxs, rowMeans2, rowMedians, rowMins,
rowOrderStats, rowProds, rowQuantiles, rowRanges, rowRanks,
rowSdDiffs, rowSds, rowSums2, rowTabulates, rowVarDiffs, rowVars,
rowWeightedMads, rowWeightedMeans, rowWeightedMedians,
rowWeightedSds, rowWeightedVars
Loading required package: S4Vectors
Attaching package: 'S4Vectors'
The following objects are masked from 'package:Matrix':
expand, unname
The following object is masked from 'package:utils':
findMatches
The following objects are masked from 'package:base':
I, expand.grid, unname
Loading required package: IRanges
Loading required package: S4Arrays
Loading required package: abind
Attaching package: 'S4Arrays'
The following object is masked from 'package:abind':
abind
The following object is masked from 'package:base':
rowsum
Loading required package: SparseArray
Attaching package: 'DelayedArray'
The following objects are masked from 'package:base':
apply, scale, sweep
> # library("HDF5Array") # comment out
> # library("BiocSingular") # comment out
> library("rTensor")
Attaching package: 'rTensor'
The following object is masked from 'package:S4Vectors':
fold
> library("DelayedRandomArray")
> # library("irlba") # comment out
> # library("Matrix") # comment out
> library("einsum")
> library("DelayedTensor")
Attaching package: 'DelayedTensor'
The following object is masked from 'package:einsum':
einsum
The following objects are masked from 'package:rTensor':
cp, cs_fold, cs_unfold, fnorm, fold, hadamard_list, hosvd,
innerProd, k_fold, k_unfold, khatri_rao, khatri_rao_list,
kronecker_list, matvec, modeMean, modeSum, mpca, pvd, rs_fold,
rs_unfold, ttl, ttm, tucker, unfold, unmatvec, vec
The following object is masked from 'package:S4Vectors':
fold
The following objects are masked from 'package:Matrix':
diag, diag<-, kronecker
The following object is masked from 'package:methods':
kronecker
The following objects are masked from 'package:base':
diag, diag<-, kronecker
> library("reticulate")
> library("testthat")
> library("HDF5Array")
Loading required package: rhdf5
Attaching package: 'HDF5Array'
The following object is masked from 'package:rhdf5':
h5ls
>
> # Setting
> options(testthat.use_colours = FALSE)
> options(delayedtensor.sparse = FALSE)
> options(delayedtensor.verbose = FALSE)
> setHDF5DumpChunkLength(length = 1000000L)
> setHDF5DumpCompressionLevel(level = 9L)
> source("testthat/test_Einsum_objects.R")
>
> # source("../R/Decomp.R") # comment out
> # source("../R/Einsum.R") # comment out
> # source("../R/Generics.R") # comment out
> # source("../R/Global-settings.R") # comment out
> # source("../R/Misc.R") # comment out
> # source("../R/SVD.R") # comment out
> # source("../R/Utils.R") # comment out
> # source("../R/zzz.R") # comment out
>
> # for(size in c(1E+9,1E+8,1E+7,1E+6,1E+5,1E+4,1E+3,1E+2,50,20:1)){ # comment out
> # setAutoBlockSize(size=size) # comment out
> # getAutoBlockSize() # comment out
> test_file("testthat/test_Generics.R")
══ Testing test_Generics.R ═════════════════════════════════════════════════════
[ FAIL 0 | WARN 0 | SKIP 0 | PASS 0 ]
[ FAIL 0 | WARN 0 | SKIP 0 | PASS 0 ]
[ FAIL 0 | WARN 0 | SKIP 0 | PASS 1 ]
[ FAIL 0 | WARN 0 | SKIP 0 | PASS 2 ]
[ FAIL 0 | WARN 0 | SKIP 0 | PASS 3 ]
[ FAIL 0 | WARN 0 | SKIP 0 | PASS 4 ]
[ FAIL 0 | WARN 0 | SKIP 0 | PASS 5 ]
[ FAIL 0 | WARN 0 | SKIP 0 | PASS 6 ]
[ FAIL 0 | WARN 0 | SKIP 0 | PASS 6 ]
[ FAIL 0 | WARN 0 | SKIP 0 | PASS 7 ]
[ FAIL 0 | WARN 0 | SKIP 0 | PASS 8 ]
[ FAIL 0 | WARN 0 | SKIP 0 | PASS 9 ]
[ FAIL 0 | WARN 0 | SKIP 0 | PASS 9 ]
[ FAIL 0 | WARN 0 | SKIP 0 | PASS 10 ]
[ FAIL 0 | WARN 0 | SKIP 0 | PASS 10 ]
[ FAIL 0 | WARN 0 | SKIP 0 | PASS 11 ]
[ FAIL 0 | WARN 0 | SKIP 0 | PASS 12 ]
[ FAIL 0 | WARN 0 | SKIP 0 | PASS 13 ]
[ FAIL 0 | WARN 0 | SKIP 0 | PASS 13 ]
[ FAIL 0 | WARN 0 | SKIP 0 | PASS 14 ]
[ FAIL 0 | WARN 0 | SKIP 0 | PASS 15 ]
[ FAIL 0 | WARN 0 | SKIP 0 | PASS 16 ]
[ FAIL 0 | WARN 0 | SKIP 0 | PASS 16 ]
[ FAIL 0 | WARN 0 | SKIP 0 | PASS 17 ]
[ FAIL 0 | WARN 0 | SKIP 0 | PASS 18 ]
[ FAIL 0 | WARN 0 | SKIP 0 | PASS 19 ]
[ FAIL 0 | WARN 0 | SKIP 0 | PASS 20 ]
[ FAIL 0 | WARN 0 | SKIP 0 | PASS 21 ]
[ FAIL 0 | WARN 0 | SKIP 0 | PASS 22 ]
[ FAIL 0 | WARN 0 | SKIP 0 | PASS 22 ]
[ FAIL 0 | WARN 0 | SKIP 0 | PASS 23 ]
[ FAIL 0 | WARN 0 | SKIP 0 | PASS 24 ]
[ FAIL 0 | WARN 0 | SKIP 0 | PASS 25 ]
[ FAIL 0 | WARN 0 | SKIP 0 | PASS 26 ]
[ FAIL 0 | WARN 0 | SKIP 0 | PASS 27 ]
[ FAIL 0 | WARN 0 | SKIP 0 | PASS 28 ]
[ FAIL 0 | WARN 0 | SKIP 0 | PASS 28 ]
[ FAIL 0 | WARN 0 | SKIP 0 | PASS 29 ]
[ FAIL 0 | WARN 0 | SKIP 0 | PASS 29 ]
[ FAIL 0 | WARN 0 | SKIP 0 | PASS 30 ]
[ FAIL 0 | WARN 0 | SKIP 0 | PASS 30 ]
[ FAIL 0 | WARN 0 | SKIP 0 | PASS 31 ]
[ FAIL 0 | WARN 0 | SKIP 0 | PASS 31 ]
[ FAIL 0 | WARN 0 | SKIP 0 | PASS 32 ]
[ FAIL 0 | WARN 0 | SKIP 0 | PASS 32 ]
[ FAIL 0 | WARN 0 | SKIP 0 | PASS 33 ]
[ FAIL 0 | WARN 0 | SKIP 0 | PASS 33 ]
[ FAIL 0 | WARN 0 | SKIP 0 | PASS 34 ]
[ FAIL 0 | WARN 0 | SKIP 0 | PASS 34 ]
[ FAIL 0 | WARN 0 | SKIP 0 | PASS 35 ]
[ FAIL 0 | WARN 0 | SKIP 0 | PASS 35 ]
[ FAIL 1 | WARN 0 | SKIP 0 | PASS 35 ]
── Error ('test_Generics.R:168:1'): (code run outside of `test_that()`) ────────
Error in `all.equal.numeric(x, y, tolerance = tolerance, check.attributes = check.attributes,
...)`: length(tolerance) == 1L is not TRUE
Backtrace:
▆
1. └─testthat::expect_equal(tnsr@data, tnsr2@data, as.array(darr2)) at test_Generics.R:168:1
2. ├─testthat::compare(act$val, exp$val, ...)
3. └─testthat:::compare.numeric(act$val, exp$val, ...)
4. ├─base::all.equal(...)
5. └─base::all.equal.numeric(...)
6. └─base::stopifnot(length(tolerance) == 1L)
[ FAIL 1 | WARN 0 | SKIP 0 | PASS 35 ]
> test_file("testthat/test_Misc.R")
══ Testing test_Misc.R ═════════════════════════════════════════════════════════
[ FAIL 0 | WARN 0 | SKIP 0 | PASS 0 ]
[ FAIL 0 | WARN 0 | SKIP 0 | PASS 0 ]
[ FAIL 0 | WARN 0 | SKIP 0 | PASS 1 ]
[ FAIL 0 | WARN 0 | SKIP 0 | PASS 1 ]
[ FAIL 1 | WARN 0 | SKIP 0 | PASS 1 ]
── Error ('test_Misc.R:29:1'): (code run outside of `test_that()`) ─────────────
Error in `all.equal.numeric(x, y, tolerance = tolerance, check.attributes = check.attributes,
...)`: length(tolerance) == 1L is not TRUE
Backtrace:
▆
1. └─testthat::expect_equal(...) at test_Misc.R:29:1
2. ├─testthat::compare(act$val, exp$val, ...)
3. └─testthat:::compare.numeric(act$val, exp$val, ...)
4. ├─base::all.equal(...)
5. └─base::all.equal.numeric(...)
6. └─base::stopifnot(length(tolerance) == 1L)
[ FAIL 1 | WARN 0 | SKIP 0 | PASS 1 ]
> # test_file("testthat/test_SVD.R") # comment out
> test_file("testthat/test_4thorder.R")
══ Testing test_4thorder.R ═════════════════════════════════════════════════════
[ FAIL 0 | WARN 0 | SKIP 0 | PASS 0 ]
[ FAIL 0 | WARN 0 | SKIP 0 | PASS 0 ][1] "unfold"
[ FAIL 0 | WARN 0 | SKIP 0 | PASS 1 ]
[ FAIL 0 | WARN 0 | SKIP 0 | PASS 2 ]
[ FAIL 0 | WARN 0 | SKIP 0 | PASS 3 ]
[ FAIL 0 | WARN 0 | SKIP 0 | PASS 4 ]
[ FAIL 0 | WARN 0 | SKIP 0 | PASS 5 ]
[ FAIL 0 | WARN 0 | SKIP 0 | PASS 6 ]
[ FAIL 0 | WARN 0 | SKIP 0 | PASS 7 ]
[ FAIL 0 | WARN 0 | SKIP 0 | PASS 7 ][1] "modeSum"
[ FAIL 0 | WARN 0 | SKIP 0 | PASS 8 ]
[ FAIL 0 | WARN 0 | SKIP 0 | PASS 9 ]
[ FAIL 0 | WARN 0 | SKIP 0 | PASS 10 ]
[ FAIL 0 | WARN 0 | SKIP 0 | PASS 11 ]
[ FAIL 0 | WARN 0 | SKIP 0 | PASS 12 ]
[ FAIL 0 | WARN 0 | SKIP 0 | PASS 13 ]
[ FAIL 0 | WARN 0 | SKIP 0 | PASS 14 ]
[ FAIL 0 | WARN 0 | SKIP 0 | PASS 15 ]
[ FAIL 0 | WARN 0 | SKIP 0 | PASS 15 ][1] "innerProd"
[ FAIL 0 | WARN 0 | SKIP 0 | PASS 16 ]
[ FAIL 0 | WARN 0 | SKIP 0 | PASS 16 ][1] "vec"
[ FAIL 0 | WARN 0 | SKIP 0 | PASS 17 ]
[ FAIL 0 | WARN 0 | SKIP 0 | PASS 17 ]
[ FAIL 0 | WARN 0 | SKIP 0 | PASS 18 ]
[ FAIL 0 | WARN 0 | SKIP 0 | PASS 18 ][1] "fold"
[ FAIL 1 | WARN 0 | SKIP 0 | PASS 18 ]
── Error ('test_4thorder.R:91:1'): (code run outside of `test_that()`) ─────────
Error in `all.equal.numeric(x, y, tolerance = tolerance, check.attributes = check.attributes,
...)`: length(tolerance) == 1L is not TRUE
Backtrace:
▆
1. └─testthat::expect_equal(arr4, tnsr4_2@data, as.array(darr4_2)) at test_4thorder.R:91:1
2. ├─testthat::compare(act$val, exp$val, ...)
3. └─testthat:::compare.numeric(act$val, exp$val, ...)
4. ├─base::all.equal(...)
5. └─base::all.equal.numeric(...)
6. └─base::stopifnot(length(tolerance) == 1L)
[ FAIL 1 | WARN 0 | SKIP 0 | PASS 18 ]
> test_file("testthat/test_Einsum.R")
══ Testing test_Einsum.R ═══════════════════════════════════════════════════════
[ FAIL 0 | WARN 0 | SKIP 0 | PASS 0 ]
[ FAIL 0 | WARN 0 | SKIP 0 | PASS 0 ]
[ FAIL 1 | WARN 0 | SKIP 0 | PASS 0 ]
── Error ('test_Einsum.R:4:1'): (code run outside of `test_that()`) ────────────
Error in `all.equal.numeric(x, y, tolerance = tolerance, check.attributes = check.attributes,
...)`: length(tolerance) == 1L is not TRUE
Backtrace:
▆
1. └─testthat::expect_equal(...) at test_Einsum.R:4:1
2. ├─testthat::compare(act$val, exp$val, ...)
3. └─testthat:::compare.numeric(act$val, exp$val, ...)
4. ├─base::all.equal(...)
5. └─base::all.equal.numeric(...)
6. └─base::stopifnot(length(tolerance) == 1L)
[ FAIL 1 | WARN 0 | SKIP 0 | PASS 0 ]
> # gc();gc() # comment out
> # } # comment out
>
> # setAutoBlockSize(size=1E+8)
> # test_file("testthat/test_Decomp.R")
> # test_file("testthat/test_Einsum_Py.R") # comment out
> # source("testthat/test_Verbose.R")
> # source("testthat/test_Sparse.R")
>
> # Profiling
> # source("testthat/test_SuperBig.R") # comment out
>
> proc.time()
user system elapsed
40.931 3.062 46.321
DelayedTensor.Rcheck/DelayedTensor-Ex.timings
| name | user | system | elapsed | |
| DelayedDiagonalArray | 0.157 | 0.003 | 0.200 | |
| DelayedTensor-package | 0.000 | 0.002 | 0.002 | |
| cbind_list | 1.084 | 0.103 | 1.466 | |
| cp | 275.687 | 23.382 | 373.523 | |
| cs_fold | 0.783 | 0.065 | 0.885 | |
| cs_unfold | 0.583 | 0.049 | 0.659 | |
| diag | 0.919 | 0.057 | 0.991 | |
| einsum | 2.159 | 0.147 | 2.570 | |
| fnorm | 0.319 | 0.024 | 0.385 | |
| fold | 0.954 | 0.085 | 1.365 | |
| getSparse | 0.000 | 0.000 | 0.001 | |
| getVerbose | 0.000 | 0.000 | 0.001 | |
| hadamard | 0.437 | 0.039 | 0.479 | |
| hadamard_list | 0.494 | 0.042 | 0.555 | |
| hosvd | 6.533 | 0.542 | 7.418 | |
| human_mid_brain | 0.003 | 0.002 | 0.005 | |
| innerProd | 0.293 | 0.024 | 0.330 | |
| k_fold | 0.957 | 0.081 | 1.170 | |
| k_unfold | 0.607 | 0.051 | 0.700 | |
| khatri_rao | 0.539 | 0.040 | 0.645 | |
| khatri_rao_list | 0.480 | 0.038 | 0.580 | |
| kronecker | 0.292 | 0.026 | 0.338 | |
| kronecker_list | 0.511 | 0.040 | 0.574 | |
| list_rep | 0.550 | 0.029 | 0.604 | |
| matvec | 0.611 | 0.051 | 0.689 | |
| modeMean | 3.415 | 0.248 | 3.874 | |
| modeSum | 2.147 | 0.185 | 2.435 | |
| modebind_list | 2.222 | 0.189 | 2.534 | |
| mouse_mid_brain | 0.001 | 0.002 | 0.004 | |
| mpca | 18.865 | 1.599 | 21.654 | |
| outerProd | 0.653 | 0.046 | 0.738 | |
| pvd | 11.099 | 0.909 | 13.048 | |
| rbind_list | 0.907 | 0.078 | 1.080 | |
| rs_fold | 0.904 | 0.080 | 1.029 | |
| rs_unfold | 0.535 | 0.045 | 0.608 | |
| setSparse | 0.001 | 0.001 | 0.001 | |
| setVerbose | 0.001 | 0.001 | 0.001 | |
| ttl | 1.952 | 0.161 | 2.294 | |
| ttm | 1.314 | 0.110 | 1.502 | |
| tucker | 40.814 | 3.436 | 46.712 | |
| unfold | 0.576 | 0.049 | 0.634 | |
| unmatvec | 0.981 | 0.082 | 1.202 | |
| vec | 0.407 | 0.038 | 0.532 | |