| Back to Multiple platform build/check report for BioC 3.20: simplified long |
|
This page was generated on 2025-04-02 19:29 -0400 (Wed, 02 Apr 2025).
| Hostname | OS | Arch (*) | R version | Installed pkgs |
|---|---|---|---|---|
| nebbiolo2 | Linux (Ubuntu 24.04.1 LTS) | x86_64 | 4.4.3 (2025-02-28) -- "Trophy Case" | 4764 |
| palomino8 | Windows Server 2022 Datacenter | x64 | 4.4.3 (2025-02-28 ucrt) -- "Trophy Case" | 4495 |
| merida1 | macOS 12.7.5 Monterey | x86_64 | 4.4.3 (2025-02-28) -- "Trophy Case" | 4522 |
| kjohnson1 | macOS 13.6.6 Ventura | arm64 | 4.4.3 (2025-02-28) -- "Trophy Case" | 4449 |
| taishan | Linux (openEuler 24.03 LTS) | aarch64 | 4.4.3 (2025-02-28) -- "Trophy Case" | 4426 |
| Click on any hostname to see more info about the system (e.g. compilers) (*) as reported by 'uname -p', except on Windows and Mac OS X | ||||
| Package 2084/2289 | Hostname | OS / Arch | INSTALL | BUILD | CHECK | BUILD BIN | ||||||||
Patrick Kimes
| nebbiolo2 | Linux (Ubuntu 24.04.1 LTS) / x86_64 | OK | ERROR | skipped | |||||||||
| palomino8 | Windows Server 2022 Datacenter / x64 | OK | ERROR | skipped | skipped | |||||||||
| merida1 | macOS 12.7.5 Monterey / x86_64 | OK | ERROR | skipped | skipped | |||||||||
| kjohnson1 | macOS 13.6.6 Ventura / arm64 | OK | ERROR | skipped | skipped | |||||||||
| taishan | Linux (openEuler 24.03 LTS) / aarch64 | OK | ERROR | skipped | ||||||||||
|
To the developers/maintainers of the SummarizedBenchmark package: - Allow up to 24 hours (and sometimes 48 hours) for your latest push to git@git.bioconductor.org:packages/SummarizedBenchmark.git to reflect on this report. See Troubleshooting Build Report for more information. - Use the following Renviron settings to reproduce errors and warnings. - If 'R CMD check' started to fail recently on the Linux builder(s) over a missing dependency, add the missing dependency to 'Suggests:' in your DESCRIPTION file. See Renviron.bioc for more information. |
| Package: SummarizedBenchmark |
| Version: 2.24.0 |
| Command: /home/biocbuild/bbs-3.20-bioc/R/bin/R CMD build --keep-empty-dirs --no-resave-data --md5 SummarizedBenchmark |
| StartedAt: 2025-03-31 19:21:06 -0400 (Mon, 31 Mar 2025) |
| EndedAt: 2025-03-31 19:24:10 -0400 (Mon, 31 Mar 2025) |
| EllapsedTime: 184.2 seconds |
| RetCode: 1 |
| Status: ERROR |
| PackageFile: None |
| PackageFileSize: NA |
##############################################################################
##############################################################################
###
### Running command:
###
### /home/biocbuild/bbs-3.20-bioc/R/bin/R CMD build --keep-empty-dirs --no-resave-data --md5 SummarizedBenchmark
###
##############################################################################
##############################################################################
* checking for file ‘SummarizedBenchmark/DESCRIPTION’ ... OK
* preparing ‘SummarizedBenchmark’:
* checking DESCRIPTION meta-information ... OK
* installing the package to build vignettes
* creating vignettes ... ERROR
--- re-building ‘CaseStudy-RNAseqQuantification.Rmd’ using rmarkdown
--- finished re-building ‘CaseStudy-RNAseqQuantification.Rmd’
--- re-building ‘CaseStudy-SingleCellSimulation.Rmd’ using rmarkdown
Quitting from CaseStudy-SingleCellSimulation.Rmd:96-102 [run-sim-buildbench]
~~~~~~~~~~~~~~~~~~~~~~~~~~~~~~~~~~~~~~~~~~~~~~~~~~~~~~~~~~~~~~~~~~~~~~~~~~~~~~~~
<error/rlang_error>
Error in `buildBench()`:
!
No method returned valid values for any assays!
---
Backtrace:
▆
1. └─SummarizedBenchmark::buildBench(bd, data = fluidigm_dat)
~~~~~~~~~~~~~~~~~~~~~~~~~~~~~~~~~~~~~~~~~~~~~~~~~~~~~~~~~~~~~~~~~~~~~~~~~~~~~~~~
Error: processing vignette 'CaseStudy-SingleCellSimulation.Rmd' failed with diagnostics:
No method returned valid values for any assays!
--- failed re-building ‘CaseStudy-SingleCellSimulation.Rmd’
--- re-building ‘Feature-ErrorHandling.Rmd’ using rmarkdown
--- finished re-building ‘Feature-ErrorHandling.Rmd’
--- re-building ‘Feature-Iterative.Rmd’ using rmarkdown
--- finished re-building ‘Feature-Iterative.Rmd’
--- re-building ‘Feature-Parallel.Rmd’ using rmarkdown
--- finished re-building ‘Feature-Parallel.Rmd’
--- re-building ‘SummarizedBenchmark-ClassDetails.Rmd’ using rmarkdown
--- finished re-building ‘SummarizedBenchmark-ClassDetails.Rmd’
--- re-building ‘SummarizedBenchmark-FullCaseStudy.Rmd’ using rmarkdown
--- finished re-building ‘SummarizedBenchmark-FullCaseStudy.Rmd’
--- re-building ‘SummarizedBenchmark-Introduction.Rmd’ using rmarkdown
--- finished re-building ‘SummarizedBenchmark-Introduction.Rmd’
SUMMARY: processing the following file failed:
‘CaseStudy-SingleCellSimulation.Rmd’
Error: Vignette re-building failed.
Execution halted