| Back to Multiple platform build/check report for BioC 3.20: simplified long |
|
This page was generated on 2025-04-02 19:29 -0400 (Wed, 02 Apr 2025).
| Hostname | OS | Arch (*) | R version | Installed pkgs |
|---|---|---|---|---|
| nebbiolo2 | Linux (Ubuntu 24.04.1 LTS) | x86_64 | 4.4.3 (2025-02-28) -- "Trophy Case" | 4764 |
| palomino8 | Windows Server 2022 Datacenter | x64 | 4.4.3 (2025-02-28 ucrt) -- "Trophy Case" | 4495 |
| merida1 | macOS 12.7.5 Monterey | x86_64 | 4.4.3 (2025-02-28) -- "Trophy Case" | 4522 |
| kjohnson1 | macOS 13.6.6 Ventura | arm64 | 4.4.3 (2025-02-28) -- "Trophy Case" | 4449 |
| taishan | Linux (openEuler 24.03 LTS) | aarch64 | 4.4.3 (2025-02-28) -- "Trophy Case" | 4426 |
| Click on any hostname to see more info about the system (e.g. compilers) (*) as reported by 'uname -p', except on Windows and Mac OS X | ||||
| Package 1638/2289 | Hostname | OS / Arch | INSTALL | BUILD | CHECK | BUILD BIN | ||||||||
| quantiseqr 1.14.0 (landing page) Federico Marini
| nebbiolo2 | Linux (Ubuntu 24.04.1 LTS) / x86_64 | OK | ERROR | skipped | |||||||||
| palomino8 | Windows Server 2022 Datacenter / x64 | OK | OK | OK | OK | |||||||||
| merida1 | macOS 12.7.5 Monterey / x86_64 | OK | ERROR | skipped | skipped | |||||||||
| kjohnson1 | macOS 13.6.6 Ventura / arm64 | OK | ERROR | skipped | skipped | |||||||||
| taishan | Linux (openEuler 24.03 LTS) / aarch64 | OK | ERROR | skipped | ||||||||||
|
To the developers/maintainers of the quantiseqr package: - Allow up to 24 hours (and sometimes 48 hours) for your latest push to git@git.bioconductor.org:packages/quantiseqr.git to reflect on this report. See Troubleshooting Build Report for more information. - Use the following Renviron settings to reproduce errors and warnings. - If 'R CMD check' started to fail recently on the Linux builder(s) over a missing dependency, add the missing dependency to 'Suggests:' in your DESCRIPTION file. See Renviron.bioc for more information. |
| Package: quantiseqr |
| Version: 1.14.0 |
| Command: /home/biocbuild/bbs-3.20-bioc/R/bin/R CMD build --keep-empty-dirs --no-resave-data --md5 quantiseqr |
| StartedAt: 2025-03-31 18:39:17 -0400 (Mon, 31 Mar 2025) |
| EndedAt: 2025-03-31 18:39:53 -0400 (Mon, 31 Mar 2025) |
| EllapsedTime: 36.0 seconds |
| RetCode: 1 |
| Status: ERROR |
| PackageFile: None |
| PackageFileSize: NA |
##############################################################################
##############################################################################
###
### Running command:
###
### /home/biocbuild/bbs-3.20-bioc/R/bin/R CMD build --keep-empty-dirs --no-resave-data --md5 quantiseqr
###
##############################################################################
##############################################################################
* checking for file ‘quantiseqr/DESCRIPTION’ ... OK
* preparing ‘quantiseqr’:
* checking DESCRIPTION meta-information ... OK
* installing the package to build vignettes
* creating vignettes ... ERROR
--- re-building ‘using_quantiseqr.Rmd’ using rmarkdown
trying URL 'https://ftp.ncbi.nlm.nih.gov/geo/series/GSE107nnn/GSE107572/suppl//GSE107572_tpm_PBMC_RNAseq.txt.gz?tool=geoquery'
Content type 'application/x-gzip' length 753545 bytes (735 KB)
==================================================
downloaded 735 KB
Quitting from using_quantiseqr.Rmd:218-243 [ex2-comparison]
~~~~~~~~~~~~~~~~~~~~~~~~~~~~~~~~~~~~~~~~~~~~~~~~~~~~~~~~~~~~~~~~~~~~~~~~~~~~~~~~
<error/rlang_error>
Error in `open.connection()`:
! cannot open the connection
---
Backtrace:
▆
1. └─GEOquery::getGEO(GEOid)
2. └─GEOquery:::getAndParseGSEMatrices(...)
3. └─GEOquery:::getDirListing(sprintf(gdsurl, stub, GEO))
4. ├─xml2::read_html(url)
5. └─xml2:::read_html.default(url)
6. ├─base::suppressWarnings(...)
7. │ └─base::withCallingHandlers(...)
8. ├─xml2::read_xml(x, encoding = encoding, ..., as_html = TRUE, options = options)
9. └─xml2:::read_xml.character(...)
10. └─xml2:::read_xml.connection(...)
11. ├─base::open(x, "rb")
12. └─base::open.connection(x, "rb")
~~~~~~~~~~~~~~~~~~~~~~~~~~~~~~~~~~~~~~~~~~~~~~~~~~~~~~~~~~~~~~~~~~~~~~~~~~~~~~~~
Error: processing vignette 'using_quantiseqr.Rmd' failed with diagnostics:
cannot open the connection
--- failed re-building ‘using_quantiseqr.Rmd’
SUMMARY: processing the following file failed:
‘using_quantiseqr.Rmd’
Error: Vignette re-building failed.
Execution halted