| Back to Build/check report for BioC 3.20 experimental data |
|
This page was generated on 2025-04-01 15:41 -0400 (Tue, 01 Apr 2025).
| Hostname | OS | Arch (*) | R version | Installed pkgs |
|---|---|---|---|---|
| nebbiolo2 | Linux (Ubuntu 24.04.1 LTS) | x86_64 | 4.4.3 (2025-02-28) -- "Trophy Case" | 4764 |
| Click on any hostname to see more info about the system (e.g. compilers) (*) as reported by 'uname -p', except on Windows and Mac OS X | ||||
| Package 98/431 | Hostname | OS / Arch | INSTALL | BUILD | CHECK | ||||||||
Mike Smith
| nebbiolo2 | Linux (Ubuntu 24.04.1 LTS) / x86_64 | OK | ERROR | skipped | ||||||||
|
To the developers/maintainers of the DmelSGI package: - Use the following Renviron settings to reproduce errors and warnings. - If 'R CMD check' started to fail recently on the Linux builder(s) over a missing dependency, add the missing dependency to 'Suggests:' in your DESCRIPTION file. See Renviron.bioc for more information. |
| Package: DmelSGI |
| Version: 1.38.0 |
| Command: /home/biocbuild/bbs-3.20-bioc/R/bin/R CMD build --keep-empty-dirs --no-resave-data DmelSGI |
| StartedAt: 2025-04-01 11:13:13 -0400 (Tue, 01 Apr 2025) |
| EndedAt: 2025-04-01 11:13:26 -0400 (Tue, 01 Apr 2025) |
| EllapsedTime: 12.1 seconds |
| RetCode: 1 |
| Status: ERROR |
| PackageFile: None |
| PackageFileSize: NA |
##############################################################################
##############################################################################
###
### Running command:
###
### /home/biocbuild/bbs-3.20-bioc/R/bin/R CMD build --keep-empty-dirs --no-resave-data DmelSGI
###
##############################################################################
##############################################################################
* checking for file ‘DmelSGI/DESCRIPTION’ ... OK
* preparing ‘DmelSGI’:
* checking DESCRIPTION meta-information ... OK
* installing the package to build vignettes
* creating vignettes ... ERROR
--- re-building ‘DmelSGI.Rnw’ using knitr
\section{Re-analysis of a genetic interaction screen and experimental design}
\label{secReanalysisHorn}
The choice of the target--query experimental design was based on our
re-analysis of a symmetric genetic interaction matrix of 93 genes
described by~\cite{horn2011mapping}.
Quitting from ./src/sec02_ReanalysisOfHornEtAl.Rnw:9-16 [ReanalysisOfHornEtALLoadLibrary]
~~~~~~~~~~~~~~~~~~~~~~~~~~~~~~~~~~~~~~~~~~~~~~~~~~~~~~~~~~~~~~~~~~~~~~~~~~~~~
<error/rlang_error>
Error in `library()`:
! there is no package called 'RNAinteractMAPK'
---
Backtrace:
x
1. \-base::library("RNAinteractMAPK")
~~~~~~~~~~~~~~~~~~~~~~~~~~~~~~~~~~~~~~~~~~~~~~~~~~~~~~~~~~~~~~~~~~~~~~~~~~~~~
Quitting from DmelSGI.Rnw:90-91 [DmelSGIreanalysisOfHornEtAl]
~~~~~~~~~~~~~~~~~~~~~~~~~~~~~~~~~~~~~~~~~~~~~~~~~~~~~~~~~~~~~~~~~~~~~~~~~~~~~
<error/rlang_error>
Error in `library()`:
! there is no package called 'RNAinteractMAPK'
---
Backtrace:
x
1. \-base::library("RNAinteractMAPK")
~~~~~~~~~~~~~~~~~~~~~~~~~~~~~~~~~~~~~~~~~~~~~~~~~~~~~~~~~~~~~~~~~~~~~~~~~~~~~
Error: processing vignette 'DmelSGI.Rnw' failed with diagnostics:
there is no package called 'RNAinteractMAPK'
--- failed re-building ‘DmelSGI.Rnw’
SUMMARY: processing the following file failed:
‘DmelSGI.Rnw’
Error: Vignette re-building failed.
Execution halted