| Back to Build/check report for BioC 3.20 experimental data |
|
This page was generated on 2025-04-01 15:41 -0400 (Tue, 01 Apr 2025).
| Hostname | OS | Arch (*) | R version | Installed pkgs |
|---|---|---|---|---|
| nebbiolo2 | Linux (Ubuntu 24.04.1 LTS) | x86_64 | 4.4.3 (2025-02-28) -- "Trophy Case" | 4764 |
| Click on any hostname to see more info about the system (e.g. compilers) (*) as reported by 'uname -p', except on Windows and Mac OS X | ||||
| Package 238/431 | Hostname | OS / Arch | INSTALL | BUILD | CHECK | ||||||||
| MetaScope 1.6.0 (landing page) Aubrey Odom
| nebbiolo2 | Linux (Ubuntu 24.04.1 LTS) / x86_64 | OK | ERROR | skipped | ||||||||
|
To the developers/maintainers of the MetaScope package: - Use the following Renviron settings to reproduce errors and warnings. - If 'R CMD check' started to fail recently on the Linux builder(s) over a missing dependency, add the missing dependency to 'Suggests:' in your DESCRIPTION file. See Renviron.bioc for more information. |
| Package: MetaScope |
| Version: 1.6.0 |
| Command: /home/biocbuild/bbs-3.20-bioc/R/bin/R CMD build --keep-empty-dirs --no-resave-data MetaScope |
| StartedAt: 2025-04-01 11:26:08 -0400 (Tue, 01 Apr 2025) |
| EndedAt: 2025-04-01 11:26:24 -0400 (Tue, 01 Apr 2025) |
| EllapsedTime: 16.4 seconds |
| RetCode: 1 |
| Status: ERROR |
| PackageFile: None |
| PackageFileSize: NA |
##############################################################################
##############################################################################
###
### Running command:
###
### /home/biocbuild/bbs-3.20-bioc/R/bin/R CMD build --keep-empty-dirs --no-resave-data MetaScope
###
##############################################################################
##############################################################################
* checking for file ‘MetaScope/DESCRIPTION’ ... OK
* preparing ‘MetaScope’:
* checking DESCRIPTION meta-information ... OK
* installing the package to build vignettes
* creating vignettes ... ERROR
--- re-building ‘MetaScopeTutorial.Rmd’ using rmarkdown
--- finished re-building ‘MetaScopeTutorial.Rmd’
--- re-building ‘MetaScope_vignette.Rmd’ using rmarkdown
Quitting from MetaScope_vignette.Rmd:125-137 [target_lib]
~~~~~~~~~~~~~~~~~~~~~~~~~~~~~~~~~~~~~~~~~~~~~~~~~~~~~~~~~~~~~~~~~~~~~~~~~~~~~~~~
<error/rlang_error>
Error in `if (parent_kingdom %in% to_grab) ...`:
! argument is of length zero
---
Backtrace:
▆
1. └─base::sapply(...)
2. └─base::lapply(X = X, FUN = FUN, ...)
3. └─MetaScope (local) FUN(X[[i]], ...)
4. └─MetaScope:::download_parentkingdom(parent_kingdom, quiet)
~~~~~~~~~~~~~~~~~~~~~~~~~~~~~~~~~~~~~~~~~~~~~~~~~~~~~~~~~~~~~~~~~~~~~~~~~~~~~~~~
Error: processing vignette 'MetaScope_vignette.Rmd' failed with diagnostics:
argument is of length zero
--- failed re-building ‘MetaScope_vignette.Rmd’
SUMMARY: processing the following file failed:
‘MetaScope_vignette.Rmd’
Error: Vignette re-building failed.
Execution halted