| Back to Workflows build report for BioC 3.20 |
This page was generated on 2025-04-03 13:02 -0400 (Thu, 03 Apr 2025).
| Hostname | OS | Arch (*) | R version | Installed pkgs |
|---|---|---|---|---|
| nebbiolo2 | Linux (Ubuntu 24.04.1 LTS) | x86_64 | 4.4.3 (2025-02-28) -- "Trophy Case" | 4764 |
| palomino8 | Windows Server 2022 Datacenter | x64 | 4.4.3 (2025-02-28 ucrt) -- "Trophy Case" | 4495 |
| merida1 | macOS 12.7.5 Monterey | x86_64 | 4.4.3 (2025-02-28) -- "Trophy Case" | 4522 |
| Click on any hostname to see more info about the system (e.g. compilers) (*) as reported by 'uname -p', except on Windows and Mac OS X | ||||
| Package 18/30 | Hostname | OS / Arch | INSTALL | BUILD | ||||||||
| methylationArrayAnalysis 1.30.0 (landing page) Jovana Maksimovic
| nebbiolo2 | Linux (Ubuntu 24.04.1 LTS) / x86_64 | OK | ERROR | ||||||||
| palomino8 | Windows Server 2022 Datacenter / x64 | OK | ERROR | |||||||||
| merida1 | macOS 12.7.5 Monterey / x86_64 | ERROR | ERROR | |||||||||
|
To the developers/maintainers of the methylationArrayAnalysis package: - Use the following Renviron settings to reproduce errors and warnings. - If 'R CMD check' started to fail recently on the Linux builder(s) over a missing dependency, add the missing dependency to 'Suggests:' in your DESCRIPTION file. See Renviron.bioc for more information. |
| Package: methylationArrayAnalysis |
| Version: 1.30.0 |
| Command: /home/biocbuild/bbs-3.20-bioc/R/bin/R CMD build --keep-empty-dirs --no-resave-data methylationArrayAnalysis |
| StartedAt: 2025-04-03 11:18:37 -0400 (Thu, 03 Apr 2025) |
| EndedAt: 2025-04-03 11:26:57 -0400 (Thu, 03 Apr 2025) |
| EllapsedTime: 500.4 seconds |
| RetCode: 1 |
| Status: ERROR |
| PackageFile: None |
| PackageFileSize: NA |
##############################################################################
##############################################################################
###
### Running command:
###
### /home/biocbuild/bbs-3.20-bioc/R/bin/R CMD build --keep-empty-dirs --no-resave-data methylationArrayAnalysis
###
##############################################################################
##############################################################################
* checking for file ‘methylationArrayAnalysis/DESCRIPTION’ ... OK
* preparing ‘methylationArrayAnalysis’:
* checking DESCRIPTION meta-information ... OK
* installing the package to build vignettes
* creating vignettes ... ERROR
--- re-building ‘methylationArrayAnalysis.Rmd’ using rmarkdown
Quitting from methylationArrayAnalysis.Rmd:565-571 [figure11]
~~~~~~~~~~~~~~~~~~~~~~~~~~~~~~~~~~~~~~~~~~~~~~~~~~~~~~~~~~~~~~~~~~~~~~~~~~~~~~~~
<error/rlang_error>
Error in `valid.viewport()`:
! invalid 'yscale' in viewport
---
Backtrace:
▆
1. └─Gviz::plotTracks(...)
2. ├─Gviz:::drawGrid(thisTrack, ranges["from"], ranges["to"])
3. └─Gviz:::drawGrid(thisTrack, ranges["from"], ranges["to"])
4. └─Gviz (local) .local(GdObject, ...)
5. ├─grid::pushViewport(...)
6. └─grid::dataViewport(...)
7. └─grid::viewport(xscale = xscale, yscale = yscale, ...)
8. └─grid:::valid.viewport(...)
~~~~~~~~~~~~~~~~~~~~~~~~~~~~~~~~~~~~~~~~~~~~~~~~~~~~~~~~~~~~~~~~~~~~~~~~~~~~~~~~
Error: processing vignette 'methylationArrayAnalysis.Rmd' failed with diagnostics:
invalid 'yscale' in viewport
--- failed re-building ‘methylationArrayAnalysis.Rmd’
SUMMARY: processing the following file failed:
‘methylationArrayAnalysis.Rmd’
Error: Vignette re-building failed.
Execution halted