| Back to Multiple platform build/check report for BioC 3.22: simplified long |
|
This page was generated on 2025-10-23 12:07 -0400 (Thu, 23 Oct 2025).
| Hostname | OS | Arch (*) | R version | Installed pkgs |
|---|---|---|---|---|
| nebbiolo2 | Linux (Ubuntu 24.04.3 LTS) | x86_64 | 4.5.1 Patched (2025-08-23 r88802) -- "Great Square Root" | 4894 |
| lconway | macOS 12.7.6 Monterey | x86_64 | 4.5.1 Patched (2025-09-10 r88807) -- "Great Square Root" | 4684 |
| kjohnson3 | macOS 13.7.7 Ventura | arm64 | 4.5.1 Patched (2025-09-10 r88807) -- "Great Square Root" | 4629 |
| taishan | Linux (openEuler 24.03 LTS) | aarch64 | 4.5.0 (2025-04-11) -- "How About a Twenty-Six" | 4642 |
| Click on any hostname to see more info about the system (e.g. compilers) (*) as reported by 'uname -p', except on Windows and Mac OS X | ||||
| Package 188/2355 | Hostname | OS / Arch | INSTALL | BUILD | CHECK | BUILD BIN | ||||||||
| BiocFileCache 2.99.6 (landing page) Lori Shepherd
| nebbiolo2 | Linux (Ubuntu 24.04.3 LTS) / x86_64 | OK | OK | OK | |||||||||
| lconway | macOS 12.7.6 Monterey / x86_64 | OK | OK | ERROR | OK | |||||||||
| kjohnson3 | macOS 13.7.7 Ventura / arm64 | OK | ERROR | skipped | skipped | |||||||||
| taishan | Linux (openEuler 24.03 LTS) / aarch64 | OK | ERROR | skipped | ||||||||||
|
To the developers/maintainers of the BiocFileCache package: - Allow up to 24 hours (and sometimes 48 hours) for your latest push to git@git.bioconductor.org:packages/BiocFileCache.git to reflect on this report. See Troubleshooting Build Report for more information. - Use the following Renviron settings to reproduce errors and warnings. - If 'R CMD check' started to fail recently on the Linux builder(s) over a missing dependency, add the missing dependency to 'Suggests:' in your DESCRIPTION file. See Renviron.bioc for more information. - See Martin Grigorov's blog post for how to debug Linux ARM64 related issues on a x86_64 host. |
| Package: BiocFileCache |
| Version: 2.99.6 |
| Command: /home/biocbuild/R/R/bin/R CMD build --keep-empty-dirs --no-resave-data BiocFileCache |
| StartedAt: 2025-10-20 22:14:37 -0000 (Mon, 20 Oct 2025) |
| EndedAt: 2025-10-20 22:16:03 -0000 (Mon, 20 Oct 2025) |
| EllapsedTime: 86.0 seconds |
| RetCode: 1 |
| Status: ERROR |
| PackageFile: None |
| PackageFileSize: NA |
##############################################################################
##############################################################################
###
### Running command:
###
### /home/biocbuild/R/R/bin/R CMD build --keep-empty-dirs --no-resave-data BiocFileCache
###
##############################################################################
##############################################################################
* checking for file ‘BiocFileCache/DESCRIPTION’ ... OK
* preparing ‘BiocFileCache’:
* checking DESCRIPTION meta-information ... OK
* installing the package to build vignettes
* creating vignettes ... ERROR
--- re-building ‘BiocFileCache.Rmd’ using rmarkdown
--- finished re-building ‘BiocFileCache.Rmd’
--- re-building ‘BiocFileCache_Troubleshooting.Rmd’ using rmarkdown
--- finished re-building ‘BiocFileCache_Troubleshooting.Rmd’
--- re-building ‘BiocFileCache_UseCases.Rmd’ using rmarkdown
Quitting from BiocFileCache_UseCases.Rmd:191-221 [ensemblremote]
~~~~~~~~~~~~~~~~~~~~~~~~~~~~~~~~~~~~~~~~~~~~~~~~~~~~~~~~~~~~~~~~~~~~~~~~~~~~~~~~
<error/rlang_error>
Error in `bfcrpath()`:
! not all 'rnames' found or unique.
---
Backtrace:
▆
1. ├─BiocFileCache::bfcrpath(bfc, c(url, url2))
2. └─BiocFileCache::bfcrpath(bfc, c(url, url2))
~~~~~~~~~~~~~~~~~~~~~~~~~~~~~~~~~~~~~~~~~~~~~~~~~~~~~~~~~~~~~~~~~~~~~~~~~~~~~~~~
Error: processing vignette 'BiocFileCache_UseCases.Rmd' failed with diagnostics:
not all 'rnames' found or unique.
--- failed re-building ‘BiocFileCache_UseCases.Rmd’
SUMMARY: processing the following file failed:
‘BiocFileCache_UseCases.Rmd’
Error: Vignette re-building failed.
Execution halted