Back to Multiple platform build/check report for BioC 3.22:   simplified   long
AB[C]DEFGHIJKLMNOPQRSTUVWXYZ

This page was generated on 2025-11-07 12:00 -0500 (Fri, 07 Nov 2025).

HostnameOSArch (*)R versionInstalled pkgs
nebbiolo2Linux (Ubuntu 24.04.3 LTS)x86_644.5.1 Patched (2025-08-23 r88802) -- "Great Square Root" 4902
kjohnson3macOS 13.7.7 Venturaarm644.5.1 Patched (2025-09-10 r88807) -- "Great Square Root" 4638
Click on any hostname to see more info about the system (e.g. compilers)      (*) as reported by 'uname -p', except on Windows and Mac OS X

Package 293/2361HostnameOS / ArchINSTALLBUILDCHECKBUILD BIN
CBN2Path 1.0.0  (landing page)
William Choi-Kim
Snapshot Date: 2025-11-06 13:45 -0500 (Thu, 06 Nov 2025)
git_url: https://git.bioconductor.org/packages/CBN2Path
git_branch: RELEASE_3_22
git_last_commit: bb06034
git_last_commit_date: 2025-10-29 11:39:00 -0500 (Wed, 29 Oct 2025)
nebbiolo2Linux (Ubuntu 24.04.3 LTS) / x86_64  OK    ERROR  skipped
kjohnson3macOS 13.7.7 Ventura / arm64  OK    OK    WARNINGS    OK  UNNEEDED, same version is already published


BUILD results for CBN2Path on nebbiolo2

To the developers/maintainers of the CBN2Path package:
- Allow up to 24 hours (and sometimes 48 hours) for your latest push to git@git.bioconductor.org:packages/CBN2Path.git to reflect on this report. See Troubleshooting Build Report for more information.
- Use the following Renviron settings to reproduce errors and warnings.
- If 'R CMD check' started to fail recently on the Linux builder(s) over a missing dependency, add the missing dependency to 'Suggests:' in your DESCRIPTION file. See Renviron.bioc for more information.

raw results


Summary

Package: CBN2Path
Version: 1.0.0
Command: /home/biocbuild/bbs-3.22-bioc/R/bin/R CMD build --keep-empty-dirs --no-resave-data --md5 CBN2Path
StartedAt: 2025-11-06 16:40:37 -0500 (Thu, 06 Nov 2025)
EndedAt: 2025-11-06 16:42:41 -0500 (Thu, 06 Nov 2025)
EllapsedTime: 124.1 seconds
RetCode: 1
Status:   ERROR  
PackageFile: None
PackageFileSize: NA

Command output

##############################################################################
##############################################################################
###
### Running command:
###
###   /home/biocbuild/bbs-3.22-bioc/R/bin/R CMD build --keep-empty-dirs --no-resave-data --md5 CBN2Path
###
##############################################################################
##############################################################################


* checking for file ‘CBN2Path/DESCRIPTION’ ... OK
* preparing ‘CBN2Path’:
* checking DESCRIPTION meta-information ... OK
* cleaning src
* running ‘cleanup’
* installing the package to build vignettes
* creating vignettes ... ERROR
--- re-building ‘CBN2Path.Rmd’ using rmarkdown
/usr/bin/tar: This does not look like a tar archive

gzip: stdin: not in gzip format
/usr/bin/tar: Child returned status 1
/usr/bin/tar: Error is not recoverable: exiting now

Quitting from CBN2Path.Rmd:54-64 [unnamed-chunk-4]
~~~~~~~~~~~~~~~~~~~~~~~~~~~~~~~~~~~~~~~~~~~~~~~~~~~~~~~~~~~~~~~~~~~~~~~~~~~~~~~~
<error/rlang_error>
Error in `GDCprepare()`:
! I couldn't find all the files from the query. Please check if the directory parameter is right or `GDCdownload` downloaded the samples.
---
Backtrace:
    ▆
 1. └─CBN2Path::getRawTCGAData("TCGA-BLCA")
 2.   └─TCGAbiolinks::GDCprepare(query)
~~~~~~~~~~~~~~~~~~~~~~~~~~~~~~~~~~~~~~~~~~~~~~~~~~~~~~~~~~~~~~~~~~~~~~~~~~~~~~~~

Error: processing vignette 'CBN2Path.Rmd' failed with diagnostics:
I couldn't find all the files from the query. Please check if the directory parameter is right or `GDCdownload` downloaded the samples.
--- failed re-building ‘CBN2Path.Rmd’

SUMMARY: processing the following file failed:
  ‘CBN2Path.Rmd’

Error: Vignette re-building failed.
Execution halted