| Back to Multiple platform build/check report for BioC 3.22: simplified long |
|
This page was generated on 2025-11-24 12:03 -0500 (Mon, 24 Nov 2025).
| Hostname | OS | Arch (*) | R version | Installed pkgs |
|---|---|---|---|---|
| nebbiolo2 | Linux (Ubuntu 24.04.3 LTS) | x86_64 | 4.5.2 (2025-10-31) -- "[Not] Part in a Rumble" | 4873 |
| merida1 | macOS 12.7.6 Monterey | x86_64 | 4.5.2 Patched (2025-11-05 r88990) -- "[Not] Part in a Rumble" | 4654 |
| kjohnson1 | macOS 13.7.5 Ventura | arm64 | 4.5.2 Patched (2025-11-04 r88984) -- "[Not] Part in a Rumble" | 4600 |
| taishan | Linux (openEuler 24.03 LTS) | aarch64 | 4.5.0 (2025-04-11) -- "How About a Twenty-Six" | 4668 |
| Click on any hostname to see more info about the system (e.g. compilers) (*) as reported by 'uname -p', except on Windows and Mac OS X | ||||
| Package 362/2361 | Hostname | OS / Arch | INSTALL | BUILD | CHECK | BUILD BIN | ||||||||
| ChromSCape 1.20.0 (landing page) Pacome Prompsy
| nebbiolo2 | Linux (Ubuntu 24.04.3 LTS) / x86_64 | OK | OK | WARNINGS | |||||||||
| merida1 | macOS 12.7.6 Monterey / x86_64 | OK | OK | WARNINGS | OK | |||||||||
| kjohnson1 | macOS 13.7.5 Ventura / arm64 | OK | OK | WARNINGS | OK | |||||||||
| taishan | Linux (openEuler 24.03 LTS) / aarch64 | OK | OK | WARNINGS | ||||||||||
|
To the developers/maintainers of the ChromSCape package: - Allow up to 24 hours (and sometimes 48 hours) for your latest push to git@git.bioconductor.org:packages/ChromSCape.git to reflect on this report. See Troubleshooting Build Report for more information. - Use the following Renviron settings to reproduce errors and warnings. - If 'R CMD check' started to fail recently on the Linux builder(s) over a missing dependency, add the missing dependency to 'Suggests:' in your DESCRIPTION file. See Renviron.bioc for more information. |
| Package: ChromSCape |
| Version: 1.20.0 |
| Command: /home/biocbuild/bbs-3.22-bioc/R/bin/R CMD check --install=check:ChromSCape.install-out.txt --library=/home/biocbuild/bbs-3.22-bioc/R/site-library --timings ChromSCape_1.20.0.tar.gz |
| StartedAt: 2025-11-20 22:52:40 -0500 (Thu, 20 Nov 2025) |
| EndedAt: 2025-11-20 23:05:47 -0500 (Thu, 20 Nov 2025) |
| EllapsedTime: 787.9 seconds |
| RetCode: 0 |
| Status: WARNINGS |
| CheckDir: ChromSCape.Rcheck |
| Warnings: 1 |
##############################################################################
##############################################################################
###
### Running command:
###
### /home/biocbuild/bbs-3.22-bioc/R/bin/R CMD check --install=check:ChromSCape.install-out.txt --library=/home/biocbuild/bbs-3.22-bioc/R/site-library --timings ChromSCape_1.20.0.tar.gz
###
##############################################################################
##############################################################################
* using log directory ‘/home/biocbuild/bbs-3.22-bioc/meat/ChromSCape.Rcheck’
* using R version 4.5.2 (2025-10-31)
* using platform: x86_64-pc-linux-gnu
* R was compiled by
gcc (Ubuntu 13.3.0-6ubuntu2~24.04) 13.3.0
GNU Fortran (Ubuntu 13.3.0-6ubuntu2~24.04) 13.3.0
* running under: Ubuntu 24.04.3 LTS
* using session charset: UTF-8
* checking for file ‘ChromSCape/DESCRIPTION’ ... OK
* this is package ‘ChromSCape’ version ‘1.20.0’
* package encoding: UTF-8
* checking package namespace information ... OK
* checking package dependencies ... INFO
Imports includes 51 non-default packages.
Importing from so many packages makes the package vulnerable to any of
them becoming unavailable. Move as many as possible to Suggests and
use conditionally.
* checking if this is a source package ... OK
* checking if there is a namespace ... OK
* checking for hidden files and directories ... NOTE
Found the following hidden files and directories:
.BBSoptions
These were most likely included in error. See section ‘Package
structure’ in the ‘Writing R Extensions’ manual.
* checking for portable file names ... OK
* checking for sufficient/correct file permissions ... OK
* checking whether package ‘ChromSCape’ can be installed ... OK
* used C++ compiler: ‘g++ (Ubuntu 13.3.0-6ubuntu2~24.04) 13.3.0’
* checking installed package size ... INFO
installed size is 5.8Mb
sub-directories of 1Mb or more:
data 1.7Mb
www 2.1Mb
* checking package directory ... OK
* checking ‘build’ directory ... OK
* checking DESCRIPTION meta-information ... OK
* checking top-level files ... OK
* checking for left-over files ... OK
* checking index information ... OK
* checking package subdirectories ... OK
* checking code files for non-ASCII characters ... OK
* checking R files for syntax errors ... OK
* checking whether the package can be loaded ... OK
* checking whether the package can be loaded with stated dependencies ... OK
* checking whether the package can be unloaded cleanly ... OK
* checking whether the namespace can be loaded with stated dependencies ... OK
* checking whether the namespace can be unloaded cleanly ... OK
* checking loading without being on the library search path ... OK
* checking whether startup messages can be suppressed ... OK
* checking dependencies in R code ... WARNING
'loadNamespace' or 'requireNamespace' call not declared from: ‘flexdashboard’
* checking S3 generic/method consistency ... OK
* checking replacement functions ... OK
* checking foreign function calls ... OK
* checking R code for possible problems ... NOTE
bams_to_matrix_indexes: no visible binding for global variable
‘files_dir_list’
enrich_TF_ChEA3_genes: no visible binding for global variable
‘CheA3_TF_nTargets’
filter_correlated_cell_scExp: no visible binding for global variable
‘run_tsne’
generate_analysis: no visible global function definition for ‘head’
generate_analysis: no visible binding for global variable ‘k’
generate_analysis: no visible binding for global variable
‘clusterConsensus’
get_most_variable_cyto: no visible binding for global variable
‘cytoBand’
get_most_variable_cyto: no visible binding for global variable
‘Fri_cyto’
num_cell_after_QC_filt_scExp: no visible binding for global variable
‘sample_id’
num_cell_after_QC_filt_scExp: no visible binding for global variable
‘total_counts’
num_cell_scExp: no visible binding for global variable ‘sample_id’
num_cell_scExp: no visible binding for global variable ‘total_counts’
plot_correlation_PCA_scExp: no visible binding for global variable
‘Component’
plot_coverage_BigWig: no visible binding for global variable ‘molecule’
plot_coverage_BigWig: no visible binding for global variable
‘orientation’
plot_coverage_BigWig: no visible binding for global variable ‘Gene’
plot_gain_or_loss_barplots: no visible binding for global variable
‘Gain_or_Loss’
plot_gain_or_loss_barplots: no visible binding for global variable
‘ncells’
plot_gain_or_loss_barplots: no visible binding for global variable
‘cytoBand’
plot_most_contributing_features: no visible binding for global variable
‘genes’
plot_percent_active_feature_scExp: no visible binding for global
variable ‘group’
plot_percent_active_feature_scExp: no visible binding for global
variable ‘percent_active’
plot_pie_most_contributing_chr: no visible binding for global variable
‘absolute_value’
plot_reduced_dim_scExp: no visible binding for global variable ‘V1’
plot_reduced_dim_scExp: no visible binding for global variable ‘V2’
plot_reduced_dim_scExp: no visible binding for global variable
‘cluster’
plot_top_TF_scExp: no visible binding for global variable ‘TF’
rebin_helper: no visible binding for global variable ‘new_row’
rebin_helper: no visible binding for global variable ‘origin_value’
rebin_matrix: no visible binding for global variable ‘group’
subset_bam_call_peaks: no visible binding for global variable
‘merged_bam’
Undefined global functions or variables:
CheA3_TF_nTargets Component Fri_cyto Gain_or_Loss Gene TF V1 V2
absolute_value cluster clusterConsensus cytoBand files_dir_list genes
group head k merged_bam molecule ncells new_row orientation
origin_value percent_active run_tsne sample_id total_counts
Consider adding
importFrom("utils", "head")
to your NAMESPACE file.
* checking Rd files ... OK
* checking Rd metadata ... OK
* checking Rd cross-references ... OK
* checking for missing documentation entries ... OK
* checking for code/documentation mismatches ... OK
* checking Rd \usage sections ... OK
* checking Rd contents ... OK
* checking for unstated dependencies in examples ... OK
* checking contents of ‘data’ directory ... OK
* checking data for non-ASCII characters ... OK
* checking data for ASCII and uncompressed saves ... OK
* checking line endings in C/C++/Fortran sources/headers ... OK
* checking compiled code ... NOTE
Note: information on .o files is not available
* checking files in ‘vignettes’ ... OK
* checking examples ... OK
Examples with CPU (user + system) or elapsed time > 5s
user system elapsed
get_pathway_mat_scExp 71.655 2.471 74.127
plot_gain_or_loss_barplots 46.013 0.310 46.324
plot_reduced_dim_scExp_CNA 23.466 0.299 23.765
calculate_CNA 22.358 0.956 23.314
calculate_logRatio_CNA 21.847 0.655 22.502
calculate_cyto_mat 21.417 0.983 22.402
calculate_gain_or_loss 21.196 0.740 21.936
get_most_variable_cyto 21.498 0.312 21.810
get_cyto_features 18.682 0.109 18.790
num_cell_after_cor_filt_scExp 11.318 0.113 11.411
filter_correlated_cell_scExp 10.189 0.177 10.353
preprocessing_filtering_and_reduction 8.938 0.048 8.973
rebin_matrix 7.545 0.444 24.225
import_scExp 7.217 0.128 7.346
CompareWilcox 6.361 0.405 6.555
create_scDataset_raw 6.496 0.237 6.733
differential_activation 5.321 0.007 5.330
enrich_TF_ChEA3_scExp 1.028 0.032 5.650
* checking for unstated dependencies in ‘tests’ ... OK
* checking tests ...
Running ‘testthat.R’
OK
* checking for unstated dependencies in vignettes ... OK
* checking package vignettes ... OK
* checking re-building of vignette outputs ... OK
* checking PDF version of manual ... OK
* DONE
Status: 1 WARNING, 3 NOTEs
See
‘/home/biocbuild/bbs-3.22-bioc/meat/ChromSCape.Rcheck/00check.log’
for details.
ChromSCape.Rcheck/00install.out
############################################################################## ############################################################################## ### ### Running command: ### ### /home/biocbuild/bbs-3.22-bioc/R/bin/R CMD INSTALL ChromSCape ### ############################################################################## ############################################################################## * installing to library ‘/home/biocbuild/bbs-3.22-bioc/R/site-library’ * installing *source* package ‘ChromSCape’ ... ** this is package ‘ChromSCape’ version ‘1.20.0’ ** using staged installation ** libs using C++ compiler: ‘g++ (Ubuntu 13.3.0-6ubuntu2~24.04) 13.3.0’ g++ -std=gnu++17 -I"/home/biocbuild/bbs-3.22-bioc/R/include" -DNDEBUG -I'/home/biocbuild/bbs-3.22-bioc/R/site-library/Rcpp/include' -I/usr/local/include -fpic -g -O2 -Wall -Werror=format-security -c RcppExports.cpp -o RcppExports.o g++ -std=gnu++17 -I"/home/biocbuild/bbs-3.22-bioc/R/include" -DNDEBUG -I'/home/biocbuild/bbs-3.22-bioc/R/site-library/Rcpp/include' -I/usr/local/include -fpic -g -O2 -Wall -Werror=format-security -c as_dist.cpp -o as_dist.o g++ -std=gnu++17 -shared -L/home/biocbuild/bbs-3.22-bioc/R/lib -L/usr/local/lib -o ChromSCape.so RcppExports.o as_dist.o -L/home/biocbuild/bbs-3.22-bioc/R/lib -lR installing to /home/biocbuild/bbs-3.22-bioc/R/site-library/00LOCK-ChromSCape/00new/ChromSCape/libs ** R ** data ** inst ** byte-compile and prepare package for lazy loading ** help *** installing help indices ** building package indices ** installing vignettes ** testing if installed package can be loaded from temporary location ** checking absolute paths in shared objects and dynamic libraries ** testing if installed package can be loaded from final location ** testing if installed package keeps a record of temporary installation path * DONE (ChromSCape)
ChromSCape.Rcheck/tests/testthat.Rout
R version 4.5.2 (2025-10-31) -- "[Not] Part in a Rumble"
Copyright (C) 2025 The R Foundation for Statistical Computing
Platform: x86_64-pc-linux-gnu
R is free software and comes with ABSOLUTELY NO WARRANTY.
You are welcome to redistribute it under certain conditions.
Type 'license()' or 'licence()' for distribution details.
R is a collaborative project with many contributors.
Type 'contributors()' for more information and
'citation()' on how to cite R or R packages in publications.
Type 'demo()' for some demos, 'help()' for on-line help, or
'help.start()' for an HTML browser interface to help.
Type 'q()' to quit R.
> library(testthat)
> library(ChromSCape)
>
> test_check("ChromSCape")
[ FAIL 0 | WARN 2 | SKIP 0 | PASS 11 ]
[ FAIL 0 | WARN 2 | SKIP 0 | PASS 11 ]
>
> proc.time()
user system elapsed
38.729 3.442 41.965
ChromSCape.Rcheck/ChromSCape-Ex.timings
| name | user | system | elapsed | |
| CheA3_TF_nTargets | 0.005 | 0.001 | 0.006 | |
| CompareWilcox | 6.361 | 0.405 | 6.555 | |
| CompareedgeRGLM | 4.293 | 0.223 | 4.509 | |
| annotToCol2 | 0.821 | 0.031 | 0.852 | |
| calculate_CNA | 22.358 | 0.956 | 23.314 | |
| calculate_cyto_mat | 21.417 | 0.983 | 22.402 | |
| calculate_gain_or_loss | 21.196 | 0.740 | 21.936 | |
| calculate_logRatio_CNA | 21.847 | 0.655 | 22.502 | |
| choose_cluster_scExp | 3.085 | 0.079 | 3.159 | |
| colors_scExp | 0.274 | 0.001 | 0.275 | |
| consensus_clustering_scExp | 2.945 | 0.133 | 3.070 | |
| correlation_and_hierarchical_clust_scExp | 0.303 | 0.000 | 0.297 | |
| create_project_folder | 0.000 | 0.001 | 0.001 | |
| create_scDataset_raw | 6.496 | 0.237 | 6.733 | |
| create_scExp | 0.423 | 0.003 | 0.426 | |
| define_feature | 0.125 | 0.002 | 0.127 | |
| detect_samples | 1.141 | 0.046 | 1.130 | |
| differential_activation | 5.321 | 0.007 | 5.330 | |
| differential_analysis_scExp | 2.831 | 0.064 | 2.896 | |
| enrich_TF_ChEA3_genes | 0.461 | 0.014 | 1.735 | |
| enrich_TF_ChEA3_scExp | 1.028 | 0.032 | 5.650 | |
| exclude_features_scExp | 0.431 | 0.005 | 0.437 | |
| feature_annotation_scExp | 1.338 | 0.005 | 1.343 | |
| filter_correlated_cell_scExp | 10.189 | 0.177 | 10.353 | |
| filter_scExp | 0.509 | 0.003 | 0.512 | |
| find_clusters_louvain_scExp | 0.297 | 0.009 | 0.306 | |
| find_top_features | 0.317 | 0.002 | 0.319 | |
| gene_set_enrichment_analysis_scExp | 0.199 | 0.000 | 0.199 | |
| generate_analysis | 0 | 0 | 0 | |
| generate_coverage_tracks | 0 | 0 | 0 | |
| generate_report | 0 | 0 | 0 | |
| getExperimentNames | 0.229 | 0.001 | 0.231 | |
| getMainExperiment | 0.266 | 0.004 | 0.270 | |
| get_cyto_features | 18.682 | 0.109 | 18.790 | |
| get_genomic_coordinates | 0.376 | 0.013 | 0.388 | |
| get_most_variable_cyto | 21.498 | 0.312 | 21.810 | |
| get_pathway_mat_scExp | 71.655 | 2.471 | 74.127 | |
| has_genomic_coordinates | 0.601 | 0.000 | 0.602 | |
| import_scExp | 7.217 | 0.128 | 7.346 | |
| inter_correlation_scExp | 0.310 | 0.002 | 0.313 | |
| intra_correlation_scExp | 0.328 | 0.001 | 0.329 | |
| launchApp | 0 | 0 | 0 | |
| normalize_scExp | 0.376 | 0.003 | 0.379 | |
| num_cell_after_QC_filt_scExp | 0.395 | 0.000 | 0.395 | |
| num_cell_after_cor_filt_scExp | 11.318 | 0.113 | 11.411 | |
| num_cell_before_cor_filt_scExp | 0.194 | 0.000 | 0.194 | |
| num_cell_in_cluster_scExp | 0.362 | 0.000 | 0.357 | |
| num_cell_scExp | 0.328 | 0.000 | 0.328 | |
| plot_cluster_consensus_scExp | 0.991 | 0.001 | 0.993 | |
| plot_correlation_PCA_scExp | 1.129 | 0.002 | 1.132 | |
| plot_coverage_BigWig | 0.19 | 0.00 | 0.19 | |
| plot_differential_summary_scExp | 0.210 | 0.010 | 0.219 | |
| plot_differential_volcano_scExp | 0.294 | 0.001 | 0.296 | |
| plot_distribution_scExp | 0.399 | 0.003 | 0.401 | |
| plot_gain_or_loss_barplots | 46.013 | 0.310 | 46.324 | |
| plot_heatmap_scExp | 0.308 | 0.000 | 0.309 | |
| plot_inter_correlation_scExp | 0.630 | 0.003 | 0.633 | |
| plot_intra_correlation_scExp | 0.623 | 0.001 | 0.624 | |
| plot_most_contributing_features | 0.470 | 0.002 | 0.471 | |
| plot_percent_active_feature_scExp | 0.525 | 0.002 | 0.526 | |
| plot_pie_most_contributing_chr | 0.280 | 0.003 | 0.283 | |
| plot_reduced_dim_scExp | 1.593 | 0.006 | 1.598 | |
| plot_reduced_dim_scExp_CNA | 23.466 | 0.299 | 23.765 | |
| plot_top_TF_scExp | 0.609 | 0.000 | 0.608 | |
| plot_violin_feature_scExp | 0.621 | 0.014 | 0.635 | |
| preprocess_CPM | 0.370 | 0.015 | 0.385 | |
| preprocess_RPKM | 0.402 | 0.022 | 0.423 | |
| preprocess_TFIDF | 0.385 | 0.031 | 0.417 | |
| preprocess_TPM | 0.422 | 0.025 | 0.448 | |
| preprocess_feature_size_only | 0.370 | 0.005 | 0.375 | |
| preprocessing_filtering_and_reduction | 8.938 | 0.048 | 8.973 | |
| read_sparse_matrix | 0 | 0 | 0 | |
| rebin_matrix | 7.545 | 0.444 | 24.225 | |
| reduce_dims_scExp | 1.570 | 0.097 | 1.667 | |
| scExp | 1.055 | 0.071 | 1.127 | |
| subsample_scExp | 0.550 | 0.054 | 0.603 | |
| subset_bam_call_peaks | 0.000 | 0.001 | 0.000 | |
| summary_DA | 0.210 | 0.002 | 0.213 | |
| swapAltExp_sameColData | 0.281 | 0.005 | 0.286 | |
| table_enriched_genes_scExp | 0.197 | 0.001 | 0.198 | |
| wrapper_Signac_FeatureMatrix | 0 | 0 | 0 | |