| Back to Multiple platform build/check report for BioC 3.22: simplified long |
|
This page was generated on 2025-10-23 12:04 -0400 (Thu, 23 Oct 2025).
| Hostname | OS | Arch (*) | R version | Installed pkgs |
|---|---|---|---|---|
| nebbiolo2 | Linux (Ubuntu 24.04.3 LTS) | x86_64 | 4.5.1 Patched (2025-08-23 r88802) -- "Great Square Root" | 4894 |
| lconway | macOS 12.7.6 Monterey | x86_64 | 4.5.1 Patched (2025-09-10 r88807) -- "Great Square Root" | 4684 |
| kjohnson3 | macOS 13.7.7 Ventura | arm64 | 4.5.1 Patched (2025-09-10 r88807) -- "Great Square Root" | 4629 |
| taishan | Linux (openEuler 24.03 LTS) | aarch64 | 4.5.0 (2025-04-11) -- "How About a Twenty-Six" | 4642 |
| Click on any hostname to see more info about the system (e.g. compilers) (*) as reported by 'uname -p', except on Windows and Mac OS X | ||||
| Package 554/2355 | Hostname | OS / Arch | INSTALL | BUILD | CHECK | BUILD BIN | ||||||||
| DelayedTensor 1.15.0 (landing page) Koki Tsuyuzaki
| nebbiolo2 | Linux (Ubuntu 24.04.3 LTS) / x86_64 | OK | OK | WARNINGS | |||||||||
| lconway | macOS 12.7.6 Monterey / x86_64 | OK | OK | WARNINGS | OK | |||||||||
| kjohnson3 | macOS 13.7.7 Ventura / arm64 | OK | OK | WARNINGS | OK | |||||||||
| taishan | Linux (openEuler 24.03 LTS) / aarch64 | OK | OK | WARNINGS | ||||||||||
|
To the developers/maintainers of the DelayedTensor package: - Allow up to 24 hours (and sometimes 48 hours) for your latest push to git@git.bioconductor.org:packages/DelayedTensor.git to reflect on this report. See Troubleshooting Build Report for more information. - Use the following Renviron settings to reproduce errors and warnings. - If 'R CMD check' started to fail recently on the Linux builder(s) over a missing dependency, add the missing dependency to 'Suggests:' in your DESCRIPTION file. See Renviron.bioc for more information. |
| Package: DelayedTensor |
| Version: 1.15.0 |
| Command: /Library/Frameworks/R.framework/Resources/bin/R CMD check --install=check:DelayedTensor.install-out.txt --library=/Library/Frameworks/R.framework/Resources/library --no-vignettes --timings DelayedTensor_1.15.0.tar.gz |
| StartedAt: 2025-10-22 20:34:01 -0400 (Wed, 22 Oct 2025) |
| EndedAt: 2025-10-22 20:41:08 -0400 (Wed, 22 Oct 2025) |
| EllapsedTime: 427.0 seconds |
| RetCode: 0 |
| Status: WARNINGS |
| CheckDir: DelayedTensor.Rcheck |
| Warnings: 2 |
##############################################################################
##############################################################################
###
### Running command:
###
### /Library/Frameworks/R.framework/Resources/bin/R CMD check --install=check:DelayedTensor.install-out.txt --library=/Library/Frameworks/R.framework/Resources/library --no-vignettes --timings DelayedTensor_1.15.0.tar.gz
###
##############################################################################
##############################################################################
* using log directory ‘/Users/biocbuild/bbs-3.22-bioc/meat/DelayedTensor.Rcheck’
* using R version 4.5.1 Patched (2025-09-10 r88807)
* using platform: x86_64-apple-darwin20
* R was compiled by
Apple clang version 14.0.0 (clang-1400.0.29.202)
GNU Fortran (GCC) 14.2.0
* running under: macOS Monterey 12.7.6
* using session charset: UTF-8
* using option ‘--no-vignettes’
* checking for file ‘DelayedTensor/DESCRIPTION’ ... OK
* checking extension type ... Package
* this is package ‘DelayedTensor’ version ‘1.15.0’
* checking package namespace information ... OK
* checking package dependencies ... OK
* checking if this is a source package ... OK
* checking if there is a namespace ... OK
* checking for hidden files and directories ... OK
* checking for portable file names ... OK
* checking for sufficient/correct file permissions ... OK
* checking whether package ‘DelayedTensor’ can be installed ... WARNING
Found the following significant warnings:
Warning: multiple methods tables found for ‘kronecker’
See ‘/Users/biocbuild/bbs-3.22-bioc/meat/DelayedTensor.Rcheck/00install.out’ for details.
* checking installed package size ... OK
* checking package directory ... OK
* checking ‘build’ directory ... OK
* checking DESCRIPTION meta-information ... OK
* checking top-level files ... OK
* checking for left-over files ... OK
* checking index information ... OK
* checking package subdirectories ... OK
* checking code files for non-ASCII characters ... OK
* checking R files for syntax errors ... OK
* checking whether the package can be loaded ... OK
* checking whether the package can be loaded with stated dependencies ... OK
* checking whether the package can be unloaded cleanly ... OK
* checking whether the namespace can be loaded with stated dependencies ... NOTE
Warning: multiple methods tables found for ‘kronecker’
A namespace must be able to be loaded with just the base namespace
loaded: otherwise if the namespace gets loaded by a saved object, the
session will be unable to start.
Probably some imports need to be declared in the NAMESPACE file.
* checking whether the namespace can be unloaded cleanly ... OK
* checking whether startup messages can be suppressed ... OK
* checking dependencies in R code ... OK
* checking S3 generic/method consistency ... OK
* checking replacement functions ... OK
* checking foreign function calls ... OK
* checking R code for possible problems ... OK
* checking Rd files ... OK
* checking Rd metadata ... OK
* checking Rd cross-references ... OK
* checking for missing documentation entries ... OK
* checking for code/documentation mismatches ... OK
* checking Rd \usage sections ... OK
* checking Rd contents ... OK
* checking for unstated dependencies in examples ... OK
* checking contents of ‘data’ directory ... OK
* checking data for non-ASCII characters ... OK
* checking LazyData ... OK
* checking data for ASCII and uncompressed saves ... WARNING
Note: significantly better compression could be obtained
by using R CMD build --resave-data
old_size new_size compress
human_mid_brain.rda 677Kb 441Kb xz
mouse_mid_brain.rda 761Kb 511Kb xz
* checking files in ‘vignettes’ ... OK
* checking examples ... OK
Examples with CPU (user + system) or elapsed time > 5s
user system elapsed
cp 134.249 16.409 164.000
tucker 18.812 2.314 21.406
mpca 9.031 1.114 10.366
pvd 5.382 0.644 6.128
* checking for unstated dependencies in ‘tests’ ... OK
* checking tests ...
Running ‘testthat.R’
OK
* checking for unstated dependencies in vignettes ... OK
* checking package vignettes ... OK
* checking running R code from vignettes ... SKIPPED
* checking re-building of vignette outputs ... SKIPPED
* checking PDF version of manual ... OK
* DONE
Status: 2 WARNINGs, 1 NOTE
See
‘/Users/biocbuild/bbs-3.22-bioc/meat/DelayedTensor.Rcheck/00check.log’
for details.
DelayedTensor.Rcheck/00install.out
############################################################################## ############################################################################## ### ### Running command: ### ### /Library/Frameworks/R.framework/Resources/bin/R CMD INSTALL DelayedTensor ### ############################################################################## ############################################################################## * installing to library ‘/Library/Frameworks/R.framework/Versions/4.5-x86_64/Resources/library’ * installing *source* package ‘DelayedTensor’ ... ** this is package ‘DelayedTensor’ version ‘1.15.0’ ** using staged installation ** R ** data *** moving datasets to lazyload DB ** inst ** byte-compile and prepare package for lazy loading Creating a new generic function for ‘kronecker’ in package ‘DelayedTensor’ Creating a new generic function for ‘diag’ in package ‘DelayedTensor’ Creating a new generic function for ‘diag<-’ in package ‘DelayedTensor’ ** help *** installing help indices ** building package indices ** installing vignettes ** testing if installed package can be loaded from temporary location Warning: multiple methods tables found for ‘kronecker’ ** testing if installed package can be loaded from final location Warning: multiple methods tables found for ‘kronecker’ ** testing if installed package keeps a record of temporary installation path * DONE (DelayedTensor)
DelayedTensor.Rcheck/tests/testthat.Rout
R version 4.5.1 Patched (2025-09-10 r88807) -- "Great Square Root"
Copyright (C) 2025 The R Foundation for Statistical Computing
Platform: x86_64-apple-darwin20
R is free software and comes with ABSOLUTELY NO WARRANTY.
You are welcome to redistribute it under certain conditions.
Type 'license()' or 'licence()' for distribution details.
R is a collaborative project with many contributors.
Type 'contributors()' for more information and
'citation()' on how to cite R or R packages in publications.
Type 'demo()' for some demos, 'help()' for on-line help, or
'help.start()' for an HTML browser interface to help.
Type 'q()' to quit R.
> library("DelayedArray")
Loading required package: stats4
Loading required package: Matrix
Loading required package: BiocGenerics
Loading required package: generics
Attaching package: 'generics'
The following objects are masked from 'package:base':
as.difftime, as.factor, as.ordered, intersect, is.element, setdiff,
setequal, union
Attaching package: 'BiocGenerics'
The following objects are masked from 'package:stats':
IQR, mad, sd, var, xtabs
The following objects are masked from 'package:base':
Filter, Find, Map, Position, Reduce, anyDuplicated, aperm, append,
as.data.frame, basename, cbind, colnames, dirname, do.call,
duplicated, eval, evalq, get, grep, grepl, is.unsorted, lapply,
mapply, match, mget, order, paste, pmax, pmax.int, pmin, pmin.int,
rank, rbind, rownames, sapply, saveRDS, table, tapply, unique,
unsplit, which.max, which.min
Loading required package: MatrixGenerics
Loading required package: matrixStats
Attaching package: 'MatrixGenerics'
The following objects are masked from 'package:matrixStats':
colAlls, colAnyNAs, colAnys, colAvgsPerRowSet, colCollapse,
colCounts, colCummaxs, colCummins, colCumprods, colCumsums,
colDiffs, colIQRDiffs, colIQRs, colLogSumExps, colMadDiffs,
colMads, colMaxs, colMeans2, colMedians, colMins, colOrderStats,
colProds, colQuantiles, colRanges, colRanks, colSdDiffs, colSds,
colSums2, colTabulates, colVarDiffs, colVars, colWeightedMads,
colWeightedMeans, colWeightedMedians, colWeightedSds,
colWeightedVars, rowAlls, rowAnyNAs, rowAnys, rowAvgsPerColSet,
rowCollapse, rowCounts, rowCummaxs, rowCummins, rowCumprods,
rowCumsums, rowDiffs, rowIQRDiffs, rowIQRs, rowLogSumExps,
rowMadDiffs, rowMads, rowMaxs, rowMeans2, rowMedians, rowMins,
rowOrderStats, rowProds, rowQuantiles, rowRanges, rowRanks,
rowSdDiffs, rowSds, rowSums2, rowTabulates, rowVarDiffs, rowVars,
rowWeightedMads, rowWeightedMeans, rowWeightedMedians,
rowWeightedSds, rowWeightedVars
Loading required package: S4Vectors
Attaching package: 'S4Vectors'
The following objects are masked from 'package:Matrix':
expand, unname
The following object is masked from 'package:utils':
findMatches
The following objects are masked from 'package:base':
I, expand.grid, unname
Loading required package: IRanges
Loading required package: S4Arrays
Loading required package: abind
Attaching package: 'S4Arrays'
The following object is masked from 'package:abind':
abind
The following object is masked from 'package:base':
rowsum
Loading required package: SparseArray
Attaching package: 'DelayedArray'
The following objects are masked from 'package:base':
apply, scale, sweep
> # library("HDF5Array") # comment out
> # library("BiocSingular") # comment out
> library("rTensor")
Attaching package: 'rTensor'
The following object is masked from 'package:S4Vectors':
fold
> library("DelayedRandomArray")
> # library("irlba") # comment out
> # library("Matrix") # comment out
> library("einsum")
> library("DelayedTensor")
Attaching package: 'DelayedTensor'
The following object is masked from 'package:einsum':
einsum
The following objects are masked from 'package:rTensor':
cp, cs_fold, cs_unfold, fnorm, fold, hadamard_list, hosvd,
innerProd, k_fold, k_unfold, khatri_rao, khatri_rao_list,
kronecker_list, matvec, modeMean, modeSum, mpca, pvd, rs_fold,
rs_unfold, ttl, ttm, tucker, unfold, unmatvec, vec
The following object is masked from 'package:S4Arrays':
kronecker
The following object is masked from 'package:S4Vectors':
fold
The following objects are masked from 'package:Matrix':
diag, diag<-, kronecker
The following object is masked from 'package:methods':
kronecker
The following objects are masked from 'package:base':
diag, diag<-, kronecker
Warning message:
multiple methods tables found for 'kronecker'
> library("reticulate")
> library("testthat")
> library("HDF5Array")
Loading required package: h5mread
Loading required package: rhdf5
Attaching package: 'h5mread'
The following object is masked from 'package:rhdf5':
h5ls
>
> # Setting
> options(testthat.use_colours = FALSE)
> options(delayedtensor.sparse = FALSE)
> options(delayedtensor.verbose = FALSE)
> setHDF5DumpChunkLength(length = 1000000L)
> setHDF5DumpCompressionLevel(level = 9L)
> source("testthat/test_Einsum_objects.R")
>
> # source("../R/Decomp.R") # comment out
> # source("../R/Einsum.R") # comment out
> # source("../R/Generics.R") # comment out
> # source("../R/Global-settings.R") # comment out
> # source("../R/Misc.R") # comment out
> # source("../R/SVD.R") # comment out
> # source("../R/Utils.R") # comment out
> # source("../R/zzz.R") # comment out
>
> # for(size in c(1E+9,1E+8,1E+7,1E+6,1E+5,1E+4,1E+3,1E+2,50,20:1)){ # comment out
> # setAutoBlockSize(size=size) # comment out
> # getAutoBlockSize() # comment out
> test_file("testthat/test_Generics.R")
══ Testing test_Generics.R ═════════════════════════════════════════════════════
[ FAIL 0 | WARN 0 | SKIP 0 | PASS 0 ]
[ FAIL 0 | WARN 0 | SKIP 0 | PASS 0 ]
[ FAIL 0 | WARN 0 | SKIP 0 | PASS 1 ]
[ FAIL 0 | WARN 0 | SKIP 0 | PASS 2 ]
[ FAIL 0 | WARN 0 | SKIP 0 | PASS 3 ]
[ FAIL 0 | WARN 0 | SKIP 0 | PASS 4 ]
[ FAIL 0 | WARN 0 | SKIP 0 | PASS 5 ]
[ FAIL 0 | WARN 0 | SKIP 0 | PASS 6 ]
[ FAIL 0 | WARN 0 | SKIP 0 | PASS 6 ]
[ FAIL 0 | WARN 0 | SKIP 0 | PASS 7 ]
[ FAIL 0 | WARN 0 | SKIP 0 | PASS 8 ]
[ FAIL 0 | WARN 0 | SKIP 0 | PASS 9 ]
[ FAIL 0 | WARN 0 | SKIP 0 | PASS 9 ]
[ FAIL 0 | WARN 0 | SKIP 0 | PASS 10 ]
[ FAIL 0 | WARN 0 | SKIP 0 | PASS 10 ]
[ FAIL 0 | WARN 0 | SKIP 0 | PASS 11 ]
[ FAIL 0 | WARN 0 | SKIP 0 | PASS 12 ]
[ FAIL 0 | WARN 0 | SKIP 0 | PASS 13 ]
[ FAIL 0 | WARN 0 | SKIP 0 | PASS 13 ]
[ FAIL 0 | WARN 0 | SKIP 0 | PASS 14 ]
[ FAIL 0 | WARN 0 | SKIP 0 | PASS 15 ]
[ FAIL 0 | WARN 0 | SKIP 0 | PASS 16 ]
[ FAIL 0 | WARN 0 | SKIP 0 | PASS 16 ]
[ FAIL 0 | WARN 0 | SKIP 0 | PASS 17 ]
[ FAIL 0 | WARN 0 | SKIP 0 | PASS 18 ]
[ FAIL 0 | WARN 0 | SKIP 0 | PASS 19 ]
[ FAIL 0 | WARN 0 | SKIP 0 | PASS 20 ]
[ FAIL 0 | WARN 0 | SKIP 0 | PASS 21 ]
[ FAIL 0 | WARN 0 | SKIP 0 | PASS 22 ]
[ FAIL 0 | WARN 0 | SKIP 0 | PASS 22 ]
[ FAIL 0 | WARN 0 | SKIP 0 | PASS 23 ]
[ FAIL 0 | WARN 0 | SKIP 0 | PASS 24 ]
[ FAIL 0 | WARN 0 | SKIP 0 | PASS 25 ]
[ FAIL 0 | WARN 0 | SKIP 0 | PASS 26 ]
[ FAIL 0 | WARN 0 | SKIP 0 | PASS 27 ]
[ FAIL 0 | WARN 0 | SKIP 0 | PASS 28 ]
[ FAIL 0 | WARN 0 | SKIP 0 | PASS 28 ]
[ FAIL 0 | WARN 0 | SKIP 0 | PASS 29 ]
[ FAIL 0 | WARN 0 | SKIP 0 | PASS 29 ]
[ FAIL 0 | WARN 0 | SKIP 0 | PASS 30 ]
[ FAIL 0 | WARN 0 | SKIP 0 | PASS 30 ]
[ FAIL 0 | WARN 0 | SKIP 0 | PASS 31 ]
[ FAIL 0 | WARN 0 | SKIP 0 | PASS 31 ]
[ FAIL 0 | WARN 0 | SKIP 0 | PASS 32 ]
[ FAIL 0 | WARN 0 | SKIP 0 | PASS 32 ]
[ FAIL 0 | WARN 0 | SKIP 0 | PASS 33 ]
[ FAIL 0 | WARN 0 | SKIP 0 | PASS 33 ]
[ FAIL 0 | WARN 0 | SKIP 0 | PASS 34 ]
[ FAIL 0 | WARN 0 | SKIP 0 | PASS 34 ]
[ FAIL 0 | WARN 0 | SKIP 0 | PASS 35 ]
[ FAIL 0 | WARN 0 | SKIP 0 | PASS 35 ]
[ FAIL 1 | WARN 0 | SKIP 0 | PASS 35 ]
── Error ('test_Generics.R:168:1'): (code run outside of `test_that()`) ────────
Error in `all.equal.numeric(x, y, tolerance = tolerance, check.attributes = check.attributes,
...)`: length(tolerance) == 1L is not TRUE
Backtrace:
▆
1. └─testthat::expect_equal(tnsr@data, tnsr2@data, as.array(darr2)) at test_Generics.R:168:1
2. ├─testthat::compare(act$val, exp$val, ...)
3. └─testthat:::compare.numeric(act$val, exp$val, ...)
4. ├─base::all.equal(...)
5. └─base::all.equal.numeric(...)
6. └─base::stopifnot(length(tolerance) == 1L)
[ FAIL 1 | WARN 0 | SKIP 0 | PASS 35 ]
> test_file("testthat/test_Misc.R")
══ Testing test_Misc.R ═════════════════════════════════════════════════════════
[ FAIL 0 | WARN 0 | SKIP 0 | PASS 0 ]
[ FAIL 0 | WARN 0 | SKIP 0 | PASS 0 ]
[ FAIL 0 | WARN 0 | SKIP 0 | PASS 1 ]
[ FAIL 0 | WARN 0 | SKIP 0 | PASS 1 ]
[ FAIL 1 | WARN 0 | SKIP 0 | PASS 1 ]
── Error ('test_Misc.R:29:1'): (code run outside of `test_that()`) ─────────────
Error in `all.equal.numeric(x, y, tolerance = tolerance, check.attributes = check.attributes,
...)`: length(tolerance) == 1L is not TRUE
Backtrace:
▆
1. └─testthat::expect_equal(...) at test_Misc.R:29:1
2. ├─testthat::compare(act$val, exp$val, ...)
3. └─testthat:::compare.numeric(act$val, exp$val, ...)
4. ├─base::all.equal(...)
5. └─base::all.equal.numeric(...)
6. └─base::stopifnot(length(tolerance) == 1L)
[ FAIL 1 | WARN 0 | SKIP 0 | PASS 1 ]
> # test_file("testthat/test_SVD.R") # comment out
> test_file("testthat/test_4thorder.R")
══ Testing test_4thorder.R ═════════════════════════════════════════════════════
[ FAIL 0 | WARN 0 | SKIP 0 | PASS 0 ]
[ FAIL 0 | WARN 0 | SKIP 0 | PASS 0 ][1] "unfold"
[ FAIL 0 | WARN 0 | SKIP 0 | PASS 1 ]
[ FAIL 0 | WARN 0 | SKIP 0 | PASS 2 ]
[ FAIL 0 | WARN 0 | SKIP 0 | PASS 3 ]
[ FAIL 0 | WARN 0 | SKIP 0 | PASS 4 ]
[ FAIL 0 | WARN 0 | SKIP 0 | PASS 5 ]
[ FAIL 0 | WARN 0 | SKIP 0 | PASS 6 ]
[ FAIL 0 | WARN 0 | SKIP 0 | PASS 7 ]
[ FAIL 0 | WARN 0 | SKIP 0 | PASS 7 ][1] "modeSum"
[ FAIL 0 | WARN 0 | SKIP 0 | PASS 8 ]
[ FAIL 0 | WARN 0 | SKIP 0 | PASS 9 ]
[ FAIL 0 | WARN 0 | SKIP 0 | PASS 10 ]
[ FAIL 0 | WARN 0 | SKIP 0 | PASS 11 ]
[ FAIL 0 | WARN 0 | SKIP 0 | PASS 12 ]
[ FAIL 0 | WARN 0 | SKIP 0 | PASS 13 ]
[ FAIL 0 | WARN 0 | SKIP 0 | PASS 14 ]
[ FAIL 0 | WARN 0 | SKIP 0 | PASS 15 ]
[ FAIL 0 | WARN 0 | SKIP 0 | PASS 15 ][1] "innerProd"
[ FAIL 0 | WARN 0 | SKIP 0 | PASS 16 ]
[ FAIL 0 | WARN 0 | SKIP 0 | PASS 16 ][1] "vec"
[ FAIL 0 | WARN 0 | SKIP 0 | PASS 17 ]
[ FAIL 0 | WARN 0 | SKIP 0 | PASS 17 ]
[ FAIL 0 | WARN 0 | SKIP 0 | PASS 18 ]
[ FAIL 0 | WARN 0 | SKIP 0 | PASS 18 ][1] "fold"
[ FAIL 1 | WARN 0 | SKIP 0 | PASS 18 ]
── Error ('test_4thorder.R:91:1'): (code run outside of `test_that()`) ─────────
Error in `all.equal.numeric(x, y, tolerance = tolerance, check.attributes = check.attributes,
...)`: length(tolerance) == 1L is not TRUE
Backtrace:
▆
1. └─testthat::expect_equal(arr4, tnsr4_2@data, as.array(darr4_2)) at test_4thorder.R:91:1
2. ├─testthat::compare(act$val, exp$val, ...)
3. └─testthat:::compare.numeric(act$val, exp$val, ...)
4. ├─base::all.equal(...)
5. └─base::all.equal.numeric(...)
6. └─base::stopifnot(length(tolerance) == 1L)
[ FAIL 1 | WARN 0 | SKIP 0 | PASS 18 ]
> test_file("testthat/test_Einsum.R")
══ Testing test_Einsum.R ═══════════════════════════════════════════════════════
[ FAIL 0 | WARN 0 | SKIP 0 | PASS 0 ]
[ FAIL 0 | WARN 0 | SKIP 0 | PASS 0 ]
[ FAIL 1 | WARN 0 | SKIP 0 | PASS 0 ]
── Error ('test_Einsum.R:4:1'): (code run outside of `test_that()`) ────────────
Error in `all.equal.numeric(x, y, tolerance = tolerance, check.attributes = check.attributes,
...)`: length(tolerance) == 1L is not TRUE
Backtrace:
▆
1. └─testthat::expect_equal(...) at test_Einsum.R:4:1
2. ├─testthat::compare(act$val, exp$val, ...)
3. └─testthat:::compare.numeric(act$val, exp$val, ...)
4. ├─base::all.equal(...)
5. └─base::all.equal.numeric(...)
6. └─base::stopifnot(length(tolerance) == 1L)
[ FAIL 1 | WARN 0 | SKIP 0 | PASS 0 ]
> # gc();gc() # comment out
> # } # comment out
>
> # setAutoBlockSize(size=1E+8)
> # test_file("testthat/test_Decomp.R")
> # test_file("testthat/test_Einsum_Py.R") # comment out
> # source("testthat/test_Verbose.R")
> # source("testthat/test_Sparse.R")
>
> # Profiling
> # source("testthat/test_SuperBig.R") # comment out
>
> proc.time()
user system elapsed
19.545 1.810 21.546
DelayedTensor.Rcheck/DelayedTensor-Ex.timings
| name | user | system | elapsed | |
| DelayedDiagonalArray | 0.098 | 0.004 | 0.103 | |
| DelayedTensor-package | 0.001 | 0.003 | 0.014 | |
| cbind_list | 0.536 | 0.083 | 0.696 | |
| cp | 134.249 | 16.409 | 164.000 | |
| cs_fold | 0.433 | 0.048 | 0.484 | |
| cs_unfold | 0.361 | 0.040 | 0.411 | |
| diag | 0.538 | 0.047 | 0.588 | |
| einsum | 1.087 | 0.107 | 1.202 | |
| fnorm | 0.248 | 0.022 | 0.272 | |
| fold | 0.565 | 0.062 | 0.631 | |
| getSparse | 0 | 0 | 0 | |
| getVerbose | 0.001 | 0.001 | 0.001 | |
| hadamard | 0.288 | 0.031 | 0.320 | |
| hadamard_list | 0.332 | 0.034 | 0.396 | |
| hosvd | 3.715 | 0.391 | 4.154 | |
| human_mid_brain | 0.002 | 0.002 | 0.004 | |
| innerProd | 0.213 | 0.020 | 0.236 | |
| k_fold | 0.481 | 0.057 | 0.542 | |
| k_unfold | 0.342 | 0.037 | 0.381 | |
| khatri_rao | 0.307 | 0.029 | 0.337 | |
| khatri_rao_list | 0.255 | 0.028 | 0.283 | |
| kronecker | 0.236 | 0.021 | 0.259 | |
| kronecker_list | 0.286 | 0.028 | 0.316 | |
| list_rep | 0.316 | 0.022 | 0.340 | |
| matvec | 0.315 | 0.037 | 0.354 | |
| modeMean | 1.293 | 0.160 | 1.462 | |
| modeSum | 1.125 | 0.135 | 1.280 | |
| modebind_list | 1.152 | 0.133 | 1.297 | |
| mouse_mid_brain | 0.000 | 0.001 | 0.002 | |
| mpca | 9.031 | 1.114 | 10.366 | |
| outerProd | 0.351 | 0.034 | 0.388 | |
| pvd | 5.382 | 0.644 | 6.128 | |
| rbind_list | 0.470 | 0.058 | 0.530 | |
| rs_fold | 0.495 | 0.061 | 0.563 | |
| rs_unfold | 0.293 | 0.031 | 0.327 | |
| setSparse | 0.001 | 0.000 | 0.000 | |
| setVerbose | 0.001 | 0.000 | 0.000 | |
| ttl | 0.985 | 0.117 | 1.116 | |
| ttm | 0.661 | 0.071 | 0.742 | |
| tucker | 18.812 | 2.314 | 21.406 | |
| unfold | 0.309 | 0.034 | 0.346 | |
| unmatvec | 0.483 | 0.055 | 0.540 | |
| vec | 0.268 | 0.029 | 0.304 | |