Back to Multiple platform build/check report for BioC 3.22:   simplified   long
ABCDEFGHIJKLMNOPQR[S]TUVWXYZ

This page was generated on 2025-10-31 12:05 -0400 (Fri, 31 Oct 2025).

HostnameOSArch (*)R versionInstalled pkgs
nebbiolo2Linux (Ubuntu 24.04.3 LTS)x86_644.5.1 Patched (2025-08-23 r88802) -- "Great Square Root" 4901
lconwaymacOS 12.7.6 Montereyx86_644.5.1 Patched (2025-09-10 r88807) -- "Great Square Root" 4691
kjohnson3macOS 13.7.7 Venturaarm644.5.1 Patched (2025-09-10 r88807) -- "Great Square Root" 4637
Click on any hostname to see more info about the system (e.g. compilers)      (*) as reported by 'uname -p', except on Windows and Mac OS X

Package 2084/2361HostnameOS / ArchINSTALLBUILDCHECKBUILD BIN
spatialHeatmap 2.16.0  (landing page)
Jianhai Zhang
Snapshot Date: 2025-10-30 13:45 -0400 (Thu, 30 Oct 2025)
git_url: https://git.bioconductor.org/packages/spatialHeatmap
git_branch: RELEASE_3_22
git_last_commit: e3ad0e0
git_last_commit_date: 2025-10-29 11:02:59 -0400 (Wed, 29 Oct 2025)
nebbiolo2Linux (Ubuntu 24.04.3 LTS) / x86_64  OK    ERROR  skipped
lconwaymacOS 12.7.6 Monterey / x86_64  OK    ERROR  skippedskipped
kjohnson3macOS 13.7.7 Ventura / arm64  OK    ERROR  skippedskipped


BUILD results for spatialHeatmap on kjohnson3

To the developers/maintainers of the spatialHeatmap package:
- Allow up to 24 hours (and sometimes 48 hours) for your latest push to git@git.bioconductor.org:packages/spatialHeatmap.git to reflect on this report. See Troubleshooting Build Report for more information.
- Use the following Renviron settings to reproduce errors and warnings.
- If 'R CMD check' started to fail recently on the Linux builder(s) over a missing dependency, add the missing dependency to 'Suggests:' in your DESCRIPTION file. See Renviron.bioc for more information.

raw results


Summary

Package: spatialHeatmap
Version: 2.16.0
Command: /Library/Frameworks/R.framework/Resources/bin/R CMD build --keep-empty-dirs --no-resave-data spatialHeatmap
StartedAt: 2025-10-30 17:50:36 -0400 (Thu, 30 Oct 2025)
EndedAt: 2025-10-30 17:52:21 -0400 (Thu, 30 Oct 2025)
EllapsedTime: 105.1 seconds
RetCode: 1
Status:   ERROR  
PackageFile: None
PackageFileSize: NA

Command output

##############################################################################
##############################################################################
###
### Running command:
###
###   /Library/Frameworks/R.framework/Resources/bin/R CMD build --keep-empty-dirs --no-resave-data spatialHeatmap
###
##############################################################################
##############################################################################


* checking for file ‘spatialHeatmap/DESCRIPTION’ ... OK
* preparing ‘spatialHeatmap’:
* checking DESCRIPTION meta-information ... OK
* installing the package to process help pages
* saving partial Rd database
* creating vignettes ... ERROR
--- re-building ‘covisualize.Rmd’ using rmarkdown
2025-10-30 17:51:10.245 R[12232:589421199] XType: Using static font registry.

Quitting from covisualize.Rmd:516-521 [unnamed-chunk-40]
~~~~~~~~~~~~~~~~~~~~~~~~~~~~~~~~~~~~~~~~~~~~~~~~~~~~~~~~~~~~~~~~~~~~~~~~~~~~~~~~
<error/rlang_error>
Error in `validObject()`:
! invalid class "VisiumV1" object: slots in class definition but not in object: "misc"
---
Backtrace:
     ▆
  1. ├─spatialHeatmap::covis(...)
  2. └─spatialHeatmap::covis(...)
  3.   └─spatialHeatmap (local) .local(data, ...)
  4.     └─spatialHeatmap:::shm_covis(...)
  5.       └─spatialHeatmap:::check_srsc(...)
  6.         ├─base::subset(cell, features = inter)
  7.         └─SeuratObject:::subset.Seurat(cell, features = inter)
  8.           ├─methods (local) `[[<-`(`*tmp*`, image, value = `<VisiumV1[,600]>`)
  9.           └─SeuratObject (local) `[[<-`(`*tmp*`, image, value = `<VisiumV1[,600]>`)
 10.             └─methods::validObject(object = value)
~~~~~~~~~~~~~~~~~~~~~~~~~~~~~~~~~~~~~~~~~~~~~~~~~~~~~~~~~~~~~~~~~~~~~~~~~~~~~~~~

Error: processing vignette 'covisualize.Rmd' failed with diagnostics:
invalid class "VisiumV1" object: slots in class definition but not in object: "misc"
--- failed re-building ‘covisualize.Rmd’

--- re-building ‘custom_SVGs.Rmd’ using rmarkdown
--- finished re-building ‘custom_SVGs.Rmd’

--- re-building ‘spatialHeatmap.Rmd’ using rmarkdown
--- finished re-building ‘spatialHeatmap.Rmd’

SUMMARY: processing the following file failed:
  ‘covisualize.Rmd’

Error: Vignette re-building failed.
Execution halted