| Back to Build/check report for BioC 3.22 experimental data | 
 | 
This page was generated on 2025-10-28 15:41 -0400 (Tue, 28 Oct 2025).
| Hostname | OS | Arch (*) | R version | Installed pkgs | 
|---|---|---|---|---|
| nebbiolo2 | Linux (Ubuntu 24.04.3 LTS) | x86_64 | 4.5.1 Patched (2025-08-23 r88802) -- "Great Square Root" | 4901 | 
| Click on any hostname to see more info about the system (e.g. compilers) (*) as reported by 'uname -p', except on Windows and Mac OS X | ||||
| Package 320/435 | Hostname | OS / Arch | INSTALL | BUILD | CHECK | ||||||||
| qPLEXdata 1.27.0  (landing page) Kamal Kishore Developer 
 | nebbiolo2 | Linux (Ubuntu 24.04.3 LTS) / x86_64 | OK | ERROR | skipped | ||||||||
| To the developers/maintainers of the qPLEXdata package: - Use the following Renviron settings to reproduce errors and warnings. - If 'R CMD check' started to fail recently on the Linux builder(s) over a missing dependency, add the missing dependency to 'Suggests:' in your DESCRIPTION file. See Renviron.bioc for more information. | 
| Package: qPLEXdata | 
| Version: 1.27.0 | 
| Command: /home/biocbuild/bbs-3.22-bioc/R/bin/R CMD build --keep-empty-dirs --no-resave-data qPLEXdata | 
| StartedAt: 2025-10-28 11:36:05 -0400 (Tue, 28 Oct 2025) | 
| EndedAt: 2025-10-28 11:36:58 -0400 (Tue, 28 Oct 2025) | 
| EllapsedTime: 52.8 seconds | 
| RetCode: 1 | 
| Status: ERROR | 
| PackageFile: None | 
| PackageFileSize: NA | 
##############################################################################
##############################################################################
###
### Running command:
###
###   /home/biocbuild/bbs-3.22-bioc/R/bin/R CMD build --keep-empty-dirs --no-resave-data qPLEXdata
###
##############################################################################
##############################################################################
* checking for file ‘qPLEXdata/DESCRIPTION’ ... OK
* preparing ‘qPLEXdata’:
* checking DESCRIPTION meta-information ... OK
* installing the package to build vignettes
* creating vignettes ... ERROR
--- re-building ‘qPLEXdata.Rnw’ using knitr
Quitting from qPLEXdata.Rnw:54-74 [exp1_specificity]
~~~~~~~~~~~~~~~~~~~~~~~~~~~~~~~~~~~~~~~~~~~~~~~~~~~~~~~~~~~~~~~~~~~~~~~~
<error/rlang_error>
Error:
! 'ER - IgG' is not a valid contrast. Available contrasts:
       ER_vs_IgG
---
Backtrace:
    x
 1. \-qPLEXanalyzer::getContrastResults(diffstats = diffstats, contrast = contrasts)
 2.   \-qPLEXanalyzer:::checkArg_getContrastResults(...)
 3.     \-assertthat::assert_that(is_validContrast(contrast, diffstats))
~~~~~~~~~~~~~~~~~~~~~~~~~~~~~~~~~~~~~~~~~~~~~~~~~~~~~~~~~~~~~~~~~~~~~~~~
Error: processing vignette 'qPLEXdata.Rnw' failed with diagnostics:
'ER - IgG' is not a valid contrast. Available contrasts:
       ER_vs_IgG
--- failed re-building ‘qPLEXdata.Rnw’
SUMMARY: processing the following file failed:
  ‘qPLEXdata.Rnw’
Error: Vignette re-building failed.
Execution halted