This page was generated on 2019-04-16 15:26:14 -0400 (Tue, 16 Apr 2019).
| PGPC 1.10.0 Felix Klein
 
 
| Snapshot Date: 2019-04-16 11:00:05 -0400 (Tue, 16 Apr 2019) |  | URL: https://git.bioconductor.org/packages/PGPC |  | Branch: RELEASE_3_8 |  | Last Commit: c358381 |  | Last Changed Date: 2018-10-30 11:36:24 -0400 (Tue, 30 Oct 2018) |  | malbec1 | Linux (Ubuntu 16.04.6 LTS) / x86_64 | OK | [ ERROR ] | skipped |  |  | 
##############################################################################
##############################################################################
###
### Running command:
###
###   /home/biocbuild/bbs-3.8-bioc/R/bin/R CMD build --keep-empty-dirs --no-resave-data PGPC
###
##############################################################################
##############################################################################
* checking for file ‘PGPC/DESCRIPTION’ ... OK
* preparing ‘PGPC’:
* checking DESCRIPTION meta-information ... OK
* installing the package to build vignettes
* creating vignettes ... ERROR
Loading required package: EBImage
Loading required package: imageHTS
Loading required package: cellHTS2
Loading required package: RColorBrewer
Loading required package: Biobase
Loading required package: BiocGenerics
Loading required package: parallel
Attaching package: 'BiocGenerics'
The following objects are masked from 'package:parallel':
    clusterApply, clusterApplyLB, clusterCall, clusterEvalQ,
    clusterExport, clusterMap, parApply, parCapply, parLapply,
    parLapplyLB, parRapply, parSapply, parSapplyLB
The following objects are masked from 'package:stats':
    IQR, mad, sd, var, xtabs
The following objects are masked from 'package:base':
    Filter, Find, Map, Position, Reduce, anyDuplicated, append,
    as.data.frame, basename, cbind, colMeans, colSums, colnames,
    dirname, do.call, duplicated, eval, evalq, get, grep, grepl,
    intersect, is.unsorted, lapply, lengths, mapply, match, mget,
    order, paste, pmax, pmax.int, pmin, pmin.int, rank, rbind,
    rowMeans, rowSums, rownames, sapply, setdiff, sort, table,
    tapply, union, unique, unsplit, which, which.max, which.min
Welcome to Bioconductor
    Vignettes contain introductory material; view with
    'browseVignettes()'. To cite Bioconductor, see
    'citation("Biobase")', and for packages 'citation("pkgname")'.
Attaching package: 'Biobase'
The following object is masked from 'package:EBImage':
    channel
Loading required package: genefilter
Loading required package: splots
Loading required package: vsn
Loading required package: hwriter
Loading required package: locfit
locfit 1.5-9.1 	 2013-03-22
Loading required package: grid
Loading required package: SearchTrees
Loading required package: limma
Attaching package: 'limma'
The following object is masked from 'package:BiocGenerics':
    plotMA
Loading required package: gplots
Attaching package: 'gplots'
The following object is masked from 'package:stats':
    lowess
Loading required package: ggplot2
Attaching package: 'ggplot2'
The following object is masked from 'package:cellHTS2':
    annotate
Loading required package: geneplotter
Loading required package: lattice
Loading required package: annotate
Loading required package: AnnotationDbi
Loading required package: stats4
Loading required package: IRanges
Loading required package: S4Vectors
Attaching package: 'S4Vectors'
The following object is masked from 'package:gplots':
    space
The following object is masked from 'package:base':
    expand.grid
Attaching package: 'IRanges'
The following objects are masked from 'package:EBImage':
    resize, tile
Loading required package: XML
Loading required package: ChemmineR
Attaching package: 'ChemmineR'
The following object is masked from 'package:S4Vectors':
    fold
The following object is masked from 'package:limma':
    makeUnique
Loading required package: reshape2
Loading required package: plyr
Attaching package: 'plyr'
The following object is masked from 'package:IRanges':
    desc
The following object is masked from 'package:S4Vectors':
    rename
Quitting from lines 38-193 (./src/InteractionStarPlots.Rnw) 
Quitting from lines NA-531 (./src/InteractionStarPlots.Rnw) 
Error: processing vignette 'PGPC.Rnw' failed with diagnostics:
panel.grid.major should have class element_line
Execution halted