| Back to Multiple platform build/check report for BioC 3.8 experimental data |
This page was generated on 2019-04-16 15:26:02 -0400 (Tue, 16 Apr 2019).
| Package 122/360 | Hostname | OS / Arch | INSTALL | BUILD | CHECK | BUILD BIN | ||||||
| frmaExampleData 1.18.0 Matthew N. McCall
| malbec1 | Linux (Ubuntu 16.04.6 LTS) / x86_64 | OK | OK | [ WARNINGS ] |
| Package: frmaExampleData |
| Version: 1.18.0 |
| Command: /home/biocbuild/bbs-3.8-bioc/R/bin/R CMD check --install=check:frmaExampleData.install-out.txt --library=/home/biocbuild/bbs-3.8-bioc/R/library --no-vignettes --timings frmaExampleData_1.18.0.tar.gz |
| StartedAt: 2019-04-16 13:42:24 -0400 (Tue, 16 Apr 2019) |
| EndedAt: 2019-04-16 13:44:25 -0400 (Tue, 16 Apr 2019) |
| EllapsedTime: 121.6 seconds |
| RetCode: 0 |
| Status: WARNINGS |
| CheckDir: frmaExampleData.Rcheck |
| Warnings: 1 |
##############################################################################
##############################################################################
###
### Running command:
###
### /home/biocbuild/bbs-3.8-bioc/R/bin/R CMD check --install=check:frmaExampleData.install-out.txt --library=/home/biocbuild/bbs-3.8-bioc/R/library --no-vignettes --timings frmaExampleData_1.18.0.tar.gz
###
##############################################################################
##############################################################################
* using log directory ‘/home/biocbuild/bbs-3.8-data-experiment/meat/frmaExampleData.Rcheck’
* using R version 3.5.3 (2019-03-11)
* using platform: x86_64-pc-linux-gnu (64-bit)
* using session charset: UTF-8
* using option ‘--no-vignettes’
* checking for file ‘frmaExampleData/DESCRIPTION’ ... OK
* this is package ‘frmaExampleData’ version ‘1.18.0’
* checking package namespace information ... OK
* checking package dependencies ... OK
* checking if this is a source package ... OK
* checking if there is a namespace ... OK
* checking for hidden files and directories ... OK
* checking for portable file names ... OK
* checking for sufficient/correct file permissions ... OK
* checking whether package ‘frmaExampleData’ can be installed ... OK
* checking installed package size ... NOTE
installed size is 22.8Mb
sub-directories of 1Mb or more:
data 22.7Mb
* checking package directory ... OK
* checking DESCRIPTION meta-information ... NOTE
Malformed Description field: should contain one or more complete sentences.
* checking top-level files ... OK
* checking for left-over files ... OK
* checking index information ... OK
* checking package subdirectories ... OK
* checking whether the package can be loaded ... OK
* checking whether the package can be loaded with stated dependencies ... OK
* checking whether the package can be unloaded cleanly ... OK
* checking whether the namespace can be loaded with stated dependencies ... OK
* checking whether the namespace can be unloaded cleanly ... OK
* checking Rd files ... OK
* checking Rd metadata ... OK
* checking Rd cross-references ... OK
* checking for missing documentation entries ... OK
* checking for code/documentation mismatches ... OK
* checking Rd \usage sections ... OK
* checking Rd contents ... OK
* checking for unstated dependencies in examples ... OK
* checking contents of ‘data’ directory ... OK
* checking data for non-ASCII characters ... OK
* checking data for ASCII and uncompressed saves ... WARNING
Note: significantly better compression could be obtained
by using R CMD build --resave-data
old_size new_size compress
AffyBatch133a.rda 10.8Mb 6.8Mb xz
AffyBatch133atag.rda 2.2Mb 822Kb xz
AffyBatch133plus2.rda 5.4Mb 1.8Mb xz
AffyBatchExample.rda 4.3Mb 2.3Mb xz
* checking examples ... OK
* checking PDF version of manual ... OK
* DONE
Status: 1 WARNING, 2 NOTEs
See
‘/home/biocbuild/bbs-3.8-data-experiment/meat/frmaExampleData.Rcheck/00check.log’
for details.
frmaExampleData.Rcheck/00install.out
############################################################################## ############################################################################## ### ### Running command: ### ### /home/biocbuild/bbs-3.8-bioc/R/bin/R CMD INSTALL frmaExampleData ### ############################################################################## ############################################################################## * installing to library ‘/home/biocbuild/bbs-3.8-bioc/R/library’ * installing *source* package ‘frmaExampleData’ ... ** data ** help *** installing help indices ** building package indices ** testing if installed package can be loaded * DONE (frmaExampleData)
frmaExampleData.Rcheck/frmaExampleData-Ex.timings
| name | user | system | elapsed | |
| AffyBatch133a | 0.600 | 0.012 | 0.614 | |
| AffyBatch133atag | 0.220 | 0.004 | 0.222 | |
| AffyBatch133plus2 | 0.928 | 0.012 | 0.939 | |
| AffyBatchExample | 0.256 | 0.004 | 0.262 | |