Back to Multiple platform build/check report for BioC 3.22: simplified long |
|
This page was generated on 2025-07-14 12:10 -0400 (Mon, 14 Jul 2025).
Hostname | OS | Arch (*) | R version | Installed pkgs |
---|---|---|---|---|
nebbiolo2 | Linux (Ubuntu 24.04.2 LTS) | x86_64 | 4.5.1 (2025-06-13) -- "Great Square Root" | 4784 |
palomino8 | Windows Server 2022 Datacenter | x64 | 4.5.1 (2025-06-13 ucrt) -- "Great Square Root" | 4523 |
lconway | macOS 12.7.1 Monterey | x86_64 | 4.5.1 (2025-06-13) -- "Great Square Root" | 4565 |
kjohnson3 | macOS 13.7.1 Ventura | arm64 | 4.5.1 Patched (2025-06-14 r88325) -- "Great Square Root" | 4507 |
taishan | Linux (openEuler 24.03 LTS) | aarch64 | 4.5.0 (2025-04-11) -- "How About a Twenty-Six" | 4507 |
Click on any hostname to see more info about the system (e.g. compilers) (*) as reported by 'uname -p', except on Windows and Mac OS X |
Package 94/2311 | Hostname | OS / Arch | INSTALL | BUILD | CHECK | BUILD BIN | ||||||||
ArrayExpress 1.69.0 (landing page) Jose Marugan
| nebbiolo2 | Linux (Ubuntu 24.04.2 LTS) / x86_64 | OK | ERROR | skipped | |||||||||
palomino8 | Windows Server 2022 Datacenter / x64 | OK | ERROR | skipped | skipped | |||||||||
lconway | macOS 12.7.1 Monterey / x86_64 | OK | ERROR | skipped | skipped | |||||||||
kjohnson3 | macOS 13.7.1 Ventura / arm64 | OK | ERROR | skipped | skipped | |||||||||
taishan | Linux (openEuler 24.03 LTS) / aarch64 | OK | OK | TIMEOUT | ||||||||||
To the developers/maintainers of the ArrayExpress package: - Allow up to 24 hours (and sometimes 48 hours) for your latest push to git@git.bioconductor.org:packages/ArrayExpress.git to reflect on this report. See Troubleshooting Build Report for more information. - Use the following Renviron settings to reproduce errors and warnings. - If 'R CMD check' started to fail recently on the Linux builder(s) over a missing dependency, add the missing dependency to 'Suggests:' in your DESCRIPTION file. See Renviron.bioc for more information. |
Package: ArrayExpress |
Version: 1.69.0 |
Command: /Library/Frameworks/R.framework/Resources/bin/R CMD build --keep-empty-dirs --no-resave-data ArrayExpress |
StartedAt: 2025-07-13 15:36:58 -0400 (Sun, 13 Jul 2025) |
EndedAt: 2025-07-13 15:37:27 -0400 (Sun, 13 Jul 2025) |
EllapsedTime: 29.3 seconds |
RetCode: 1 |
Status: ERROR |
PackageFile: None |
PackageFileSize: NA |
############################################################################## ############################################################################## ### ### Running command: ### ### /Library/Frameworks/R.framework/Resources/bin/R CMD build --keep-empty-dirs --no-resave-data ArrayExpress ### ############################################################################## ############################################################################## * checking for file ‘ArrayExpress/DESCRIPTION’ ... OK * preparing ‘ArrayExpress’: * checking DESCRIPTION meta-information ... OK * installing the package to build vignettes * creating vignettes ... ERROR --- re-building ‘ArrayExpress.Rnw’ using Sweave Loading required package: Biobase Loading required package: BiocGenerics Loading required package: generics Attaching package: ‘generics’ The following objects are masked from ‘package:base’: as.difftime, as.factor, as.ordered, intersect, is.element, setdiff, setequal, union Attaching package: ‘BiocGenerics’ The following objects are masked from ‘package:stats’: IQR, mad, sd, var, xtabs The following objects are masked from ‘package:base’: Filter, Find, Map, Position, Reduce, anyDuplicated, aperm, append, as.data.frame, basename, cbind, colnames, dirname, do.call, duplicated, eval, evalq, get, grep, grepl, is.unsorted, lapply, mapply, match, mget, order, paste, pmax, pmax.int, pmin, pmin.int, rank, rbind, rownames, sapply, saveRDS, table, tapply, unique, unsplit, which.max, which.min Welcome to Bioconductor Vignettes contain introductory material; view with 'browseVignettes()'. To cite Bioconductor, see 'citation("Biobase")', and for packages 'citation("pkgname")'. Error: processing vignette 'ArrayExpress.Rnw' failed with diagnostics: chunk 2 (label = ArrayExpress-raw) Error in curl::curl_fetch_memory(url, handle = handle) : SSL connect error [ftp.ebi.ac.uk]: TLS connect error: error:00000000:lib(0):func(0):reason(0) --- failed re-building ‘ArrayExpress.Rnw’ SUMMARY: processing the following file failed: ‘ArrayExpress.Rnw’ Error: Vignette re-building failed. Execution halted