Back to Multiple platform build/check report for BioC 3.22:   simplified   long
AB[C]DEFGHIJKLMNOPQRSTUVWXYZ

This page was generated on 2025-10-11 12:06 -0400 (Sat, 11 Oct 2025).

HostnameOSArch (*)R versionInstalled pkgs
nebbiolo2Linux (Ubuntu 24.04.3 LTS)x86_644.5.1 Patched (2025-08-23 r88802) -- "Great Square Root" 4864
lconwaymacOS 12.7.1 Montereyx86_644.5.1 Patched (2025-09-10 r88807) -- "Great Square Root" 4652
kjohnson3macOS 13.7.7 Venturaarm644.5.1 Patched (2025-09-10 r88807) -- "Great Square Root" 4597
taishanLinux (openEuler 24.03 LTS)aarch644.5.0 (2025-04-11) -- "How About a Twenty-Six" 4586
Click on any hostname to see more info about the system (e.g. compilers)      (*) as reported by 'uname -p', except on Windows and Mac OS X

Package 310/2346HostnameOS / ArchINSTALLBUILDCHECKBUILD BIN
CellMixS 1.25.0  (landing page)
Almut Lütge
Snapshot Date: 2025-10-10 13:45 -0400 (Fri, 10 Oct 2025)
git_url: https://git.bioconductor.org/packages/CellMixS
git_branch: devel
git_last_commit: 3e6aefd
git_last_commit_date: 2025-04-15 11:43:07 -0400 (Tue, 15 Apr 2025)
nebbiolo2Linux (Ubuntu 24.04.3 LTS) / x86_64  OK    OK    ERROR  
lconwaymacOS 12.7.1 Monterey / x86_64  OK    OK    OK    OK  UNNEEDED, same version is already published
kjohnson3macOS 13.7.7 Ventura / arm64  OK    OK    OK    OK  UNNEEDED, same version is already published
taishanLinux (openEuler 24.03 LTS) / aarch64  OK    OK    ERROR  


CHECK results for CellMixS on taishan

To the developers/maintainers of the CellMixS package:
- Allow up to 24 hours (and sometimes 48 hours) for your latest push to git@git.bioconductor.org:packages/CellMixS.git to reflect on this report. See Troubleshooting Build Report for more information.
- Use the following Renviron settings to reproduce errors and warnings.
- If 'R CMD check' started to fail recently on the Linux builder(s) over a missing dependency, add the missing dependency to 'Suggests:' in your DESCRIPTION file. See Renviron.bioc for more information.
- See Martin Grigorov's blog post for how to debug Linux ARM64 related issues on a x86_64 host.

raw results


Summary

Package: CellMixS
Version: 1.25.0
Command: /home/biocbuild/R/R/bin/R CMD check --install=check:CellMixS.install-out.txt --library=/home/biocbuild/R/R/site-library --no-vignettes --timings CellMixS_1.25.0.tar.gz
StartedAt: 2025-10-10 07:00:48 -0000 (Fri, 10 Oct 2025)
EndedAt: 2025-10-10 07:04:49 -0000 (Fri, 10 Oct 2025)
EllapsedTime: 241.2 seconds
RetCode: 1
Status:   ERROR  
CheckDir: CellMixS.Rcheck
Warnings: NA

Command output

##############################################################################
##############################################################################
###
### Running command:
###
###   /home/biocbuild/R/R/bin/R CMD check --install=check:CellMixS.install-out.txt --library=/home/biocbuild/R/R/site-library --no-vignettes --timings CellMixS_1.25.0.tar.gz
###
##############################################################################
##############################################################################


* using log directory ‘/home/biocbuild/bbs-3.22-bioc/meat/CellMixS.Rcheck’
* using R version 4.5.0 (2025-04-11)
* using platform: aarch64-unknown-linux-gnu
* R was compiled by
    aarch64-unknown-linux-gnu-gcc (GCC) 14.2.0
    GNU Fortran (GCC) 14.2.0
* running under: openEuler 24.03 (LTS)
* using session charset: UTF-8
* using option ‘--no-vignettes’
* checking for file ‘CellMixS/DESCRIPTION’ ... OK
* checking extension type ... Package
* this is package ‘CellMixS’ version ‘1.25.0’
* package encoding: UTF-8
* checking package namespace information ... OK
* checking package dependencies ... OK
* checking if this is a source package ... OK
* checking if there is a namespace ... OK
* checking for hidden files and directories ... OK
* checking for portable file names ... OK
* checking for sufficient/correct file permissions ... OK
* checking whether package ‘CellMixS’ can be installed ... OK
* checking installed package size ... OK
* checking package directory ... OK
* checking ‘build’ directory ... OK
* checking DESCRIPTION meta-information ... OK
* checking top-level files ... OK
* checking for left-over files ... OK
* checking index information ... OK
* checking package subdirectories ... OK
* checking code files for non-ASCII characters ... OK
* checking R files for syntax errors ... OK
* checking whether the package can be loaded ... OK
* checking whether the package can be loaded with stated dependencies ... OK
* checking whether the package can be unloaded cleanly ... OK
* checking whether the namespace can be loaded with stated dependencies ... OK
* checking whether the namespace can be unloaded cleanly ... OK
* checking loading without being on the library search path ... OK
* checking dependencies in R code ... OK
* checking S3 generic/method consistency ... OK
* checking replacement functions ... OK
* checking foreign function calls ... OK
* checking R code for possible problems ... OK
* checking Rd files ... OK
* checking Rd metadata ... OK
* checking Rd cross-references ... NOTE
Found the following Rd file(s) with Rd \link{} targets missing package
anchors:
  cms.Rd: BiocParallelParam-class
  dot-cmsCell.Rd: ad.test
  evalIntegration.Rd: BiocParallelParam-class
Please provide package anchors for all Rd \link{} targets not in the
package itself and the base packages.
* checking for missing documentation entries ... OK
* checking for code/documentation mismatches ... OK
* checking Rd \usage sections ... OK
* checking Rd contents ... OK
* checking for unstated dependencies in examples ... OK
* checking R/sysdata.rda ... OK
* checking files in ‘vignettes’ ... OK
* checking examples ... ERROR
Running examples in ‘CellMixS-Ex.R’ failed
The error most likely occurred in:

> base::assign(".ptime", proc.time(), pos = "CheckExEnv")
> ### Name: cms
> ### Title: cms
> ### Aliases: cms
> 
> ### ** Examples
> 
> library(SingleCellExperiment)
Loading required package: SummarizedExperiment
Loading required package: MatrixGenerics
Loading required package: matrixStats

Attaching package: ‘MatrixGenerics’

The following objects are masked from ‘package:matrixStats’:

    colAlls, colAnyNAs, colAnys, colAvgsPerRowSet, colCollapse,
    colCounts, colCummaxs, colCummins, colCumprods, colCumsums,
    colDiffs, colIQRDiffs, colIQRs, colLogSumExps, colMadDiffs,
    colMads, colMaxs, colMeans2, colMedians, colMins, colOrderStats,
    colProds, colQuantiles, colRanges, colRanks, colSdDiffs, colSds,
    colSums2, colTabulates, colVarDiffs, colVars, colWeightedMads,
    colWeightedMeans, colWeightedMedians, colWeightedSds,
    colWeightedVars, rowAlls, rowAnyNAs, rowAnys, rowAvgsPerColSet,
    rowCollapse, rowCounts, rowCummaxs, rowCummins, rowCumprods,
    rowCumsums, rowDiffs, rowIQRDiffs, rowIQRs, rowLogSumExps,
    rowMadDiffs, rowMads, rowMaxs, rowMeans2, rowMedians, rowMins,
    rowOrderStats, rowProds, rowQuantiles, rowRanges, rowRanks,
    rowSdDiffs, rowSds, rowSums2, rowTabulates, rowVarDiffs, rowVars,
    rowWeightedMads, rowWeightedMeans, rowWeightedMedians,
    rowWeightedSds, rowWeightedVars

Loading required package: GenomicRanges
Loading required package: stats4
Loading required package: BiocGenerics
Loading required package: generics

Attaching package: ‘generics’

The following objects are masked from ‘package:base’:

    as.difftime, as.factor, as.ordered, intersect, is.element, setdiff,
    setequal, union


Attaching package: ‘BiocGenerics’

The following objects are masked from ‘package:stats’:

    IQR, mad, sd, var, xtabs

The following objects are masked from ‘package:base’:

    Filter, Find, Map, Position, Reduce, anyDuplicated, aperm, append,
    as.data.frame, basename, cbind, colnames, dirname, do.call,
    duplicated, eval, evalq, get, grep, grepl, is.unsorted, lapply,
    mapply, match, mget, order, paste, pmax, pmax.int, pmin, pmin.int,
    rank, rbind, rownames, sapply, saveRDS, table, tapply, unique,
    unsplit, which.max, which.min

Loading required package: S4Vectors

Attaching package: ‘S4Vectors’

The following object is masked from ‘package:utils’:

    findMatches

The following objects are masked from ‘package:base’:

    I, expand.grid, unname

Loading required package: IRanges
Loading required package: Seqinfo
Loading required package: Biobase
Welcome to Bioconductor

    Vignettes contain introductory material; view with
    'browseVignettes()'. To cite Bioconductor, see
    'citation("Biobase")', and for packages 'citation("pkgname")'.


Attaching package: ‘Biobase’

The following object is masked from ‘package:MatrixGenerics’:

    rowMedians

The following objects are masked from ‘package:matrixStats’:

    anyMissing, rowMedians

> sim_list <- readRDS(system.file("extdata/sim50.rds", package = "CellMixS"))
> sce <- sim_list[[1]][, c(1:50)]
Loading required namespace: GenomeInfoDb
Failed with error:  ‘there is no package called ‘GenomeInfoDb’’
Error in .requirePackage(package) : 
  unable to load required package ‘GenomeInfoDb’
Calls: [ ... .extendsForS3 -> extends -> getClassDef -> .requirePackage
Execution halted
* checking for unstated dependencies in ‘tests’ ... OK
* checking tests ...
  Running ‘testthat.R’
 ERROR
Running the tests in ‘tests/testthat.R’ failed.
Last 13 lines of output:
    5. │   ├─methods::callNextMethod()
    6. │   └─SummarizedExperiment (local) .nextMethod(object = object)
    7. │     ├─BiocGenerics::updateObject(object@rowRanges, ..., verbose = verbose)
    8. │     └─GenomicRanges::updateObject(object@rowRanges, ..., verbose = verbose)
    9. │       ├─BiocGenerics::updateObject(object@unlistData, ..., verbose = verbose)
   10. │       └─GenomicRanges::updateObject(object@unlistData, ..., verbose = verbose)
   11. │         └─BiocGenerics::updateObject(object@seqinfo, ..., verbose = verbose)
   12. └─methods:::.extendsForS3(`<chr>`)
   13.   └─methods::extends(Class, maybe = FALSE)
   14.     └─methods::getClassDef(class1)
   15.       └─methods:::.requirePackage(package)
  
  [ FAIL 5 | WARN 0 | SKIP 0 | PASS 0 ]
  Error: Test failures
  Execution halted
* checking for unstated dependencies in vignettes ... OK
* checking package vignettes ... OK
* checking running R code from vignettes ... SKIPPED
* checking re-building of vignette outputs ... SKIPPED
* checking PDF version of manual ... OK
* DONE

Status: 2 ERRORs, 1 NOTE
See
  ‘/home/biocbuild/bbs-3.22-bioc/meat/CellMixS.Rcheck/00check.log’
for details.


Installation output

CellMixS.Rcheck/00install.out

##############################################################################
##############################################################################
###
### Running command:
###
###   /home/biocbuild/R/R/bin/R CMD INSTALL CellMixS
###
##############################################################################
##############################################################################


* installing to library ‘/home/biocbuild/R/R-4.5.0/site-library’
* installing *source* package ‘CellMixS’ ...
** this is package ‘CellMixS’ version ‘1.25.0’
** using staged installation
** R
** inst
** byte-compile and prepare package for lazy loading
** help
*** installing help indices
** building package indices
** installing vignettes
** testing if installed package can be loaded from temporary location
** testing if installed package can be loaded from final location
** testing if installed package keeps a record of temporary installation path
* DONE (CellMixS)

Tests output

CellMixS.Rcheck/tests/testthat.Rout.fail


R version 4.5.0 (2025-04-11) -- "How About a Twenty-Six"
Copyright (C) 2025 The R Foundation for Statistical Computing
Platform: aarch64-unknown-linux-gnu

R is free software and comes with ABSOLUTELY NO WARRANTY.
You are welcome to redistribute it under certain conditions.
Type 'license()' or 'licence()' for distribution details.

R is a collaborative project with many contributors.
Type 'contributors()' for more information and
'citation()' on how to cite R or R packages in publications.

Type 'demo()' for some demos, 'help()' for on-line help, or
'help.start()' for an HTML browser interface to help.
Type 'q()' to quit R.

> library(testthat)
> library(CellMixS)
Loading required package: kSamples
Loading required package: SuppDists
> 
> test_check("CellMixS")
Failed with error:  'there is no package called 'GenomeInfoDb''
Failed with error:  'there is no package called 'GenomeInfoDb''
Failed with error:  'there is no package called 'GenomeInfoDb''
Failed with error:  'there is no package called 'GenomeInfoDb''
Failed with error:  'there is no package called 'GenomeInfoDb''
[ FAIL 5 | WARN 0 | SKIP 0 | PASS 0 ]

══ Failed tests ════════════════════════════════════════════════════════════════
── Error ('test_cms_functions.R:5:1'): (code run outside of `test_that()`) ─────
Error in `.requirePackage(package)`: unable to load required package 'GenomeInfoDb'
Backtrace:
     ▆
  1. ├─sim_list[[1]][, c(1:30, 300:320)] at test_cms_functions.R:5:1
  2. ├─sim_list[[1]][, c(1:30, 300:320)]
  3. │ ├─BiocGenerics::updateObject(x)
  4. │ └─SingleCellExperiment::updateObject(x)
  5. │   ├─methods::callNextMethod()
  6. │   └─SummarizedExperiment (local) .nextMethod(object = object)
  7. │     ├─BiocGenerics::updateObject(object@rowRanges, ..., verbose = verbose)
  8. │     └─GenomicRanges::updateObject(object@rowRanges, ..., verbose = verbose)
  9. │       ├─BiocGenerics::updateObject(object@unlistData, ..., verbose = verbose)
 10. │       └─GenomicRanges::updateObject(object@unlistData, ..., verbose = verbose)
 11. │         └─BiocGenerics::updateObject(object@seqinfo, ..., verbose = verbose)
 12. └─methods:::.extendsForS3(`<chr>`)
 13.   └─methods::extends(Class, maybe = FALSE)
 14.     └─methods::getClassDef(class1)
 15.       └─methods:::.requirePackage(package)
── Error ('test_evalIntegration_functions.R:7:1'): (code run outside of `test_that()`) ──
Error in `.requirePackage(package)`: unable to load required package 'GenomeInfoDb'
Backtrace:
     ▆
  1. ├─sim_list[[1]][, c(1:30, 300:320)] at test_evalIntegration_functions.R:7:1
  2. ├─sim_list[[1]][, c(1:30, 300:320)]
  3. │ ├─BiocGenerics::updateObject(x)
  4. │ └─SingleCellExperiment::updateObject(x)
  5. │   ├─methods::callNextMethod()
  6. │   └─SummarizedExperiment (local) .nextMethod(object = object)
  7. │     ├─BiocGenerics::updateObject(object@rowRanges, ..., verbose = verbose)
  8. │     └─GenomicRanges::updateObject(object@rowRanges, ..., verbose = verbose)
  9. │       ├─BiocGenerics::updateObject(object@unlistData, ..., verbose = verbose)
 10. │       └─GenomicRanges::updateObject(object@unlistData, ..., verbose = verbose)
 11. │         └─BiocGenerics::updateObject(object@seqinfo, ..., verbose = verbose)
 12. └─methods:::.extendsForS3(`<chr>`)
 13.   └─methods::extends(Class, maybe = FALSE)
 14.     └─methods::getClassDef(class1)
 15.       └─methods:::.requirePackage(package)
── Error ('test_ldf_functions.R:6:1'): (code run outside of `test_that()`) ─────
Error in `.requirePackage(package)`: unable to load required package 'GenomeInfoDb'
Backtrace:
     ▆
  1. ├─sim_list[["batch20"]][, c(1:50, 300:350)] at test_ldf_functions.R:6:1
  2. ├─sim_list[["batch20"]][, c(1:50, 300:350)]
  3. │ ├─BiocGenerics::updateObject(x)
  4. │ └─SingleCellExperiment::updateObject(x)
  5. │   ├─methods::callNextMethod()
  6. │   └─SummarizedExperiment (local) .nextMethod(object = object)
  7. │     ├─BiocGenerics::updateObject(object@rowRanges, ..., verbose = verbose)
  8. │     └─GenomicRanges::updateObject(object@rowRanges, ..., verbose = verbose)
  9. │       ├─BiocGenerics::updateObject(object@unlistData, ..., verbose = verbose)
 10. │       └─GenomicRanges::updateObject(object@unlistData, ..., verbose = verbose)
 11. │         └─BiocGenerics::updateObject(object@seqinfo, ..., verbose = verbose)
 12. └─methods:::.extendsForS3(`<chr>`)
 13.   └─methods::extends(Class, maybe = FALSE)
 14.     └─methods::getClassDef(class1)
 15.       └─methods:::.requirePackage(package)
── Error ('test_summary_functions.R:4:1'): (code run outside of `test_that()`) ──
Error in `.requirePackage(package)`: unable to load required package 'GenomeInfoDb'
Backtrace:
     ▆
  1. ├─sim_list[["batch20"]][, c(1:30, 300:320)] at test_summary_functions.R:4:1
  2. ├─sim_list[["batch20"]][, c(1:30, 300:320)]
  3. │ ├─BiocGenerics::updateObject(x)
  4. │ └─SingleCellExperiment::updateObject(x)
  5. │   ├─methods::callNextMethod()
  6. │   └─SummarizedExperiment (local) .nextMethod(object = object)
  7. │     ├─BiocGenerics::updateObject(object@rowRanges, ..., verbose = verbose)
  8. │     └─GenomicRanges::updateObject(object@rowRanges, ..., verbose = verbose)
  9. │       ├─BiocGenerics::updateObject(object@unlistData, ..., verbose = verbose)
 10. │       └─GenomicRanges::updateObject(object@unlistData, ..., verbose = verbose)
 11. │         └─BiocGenerics::updateObject(object@seqinfo, ..., verbose = verbose)
 12. └─methods:::.extendsForS3(`<chr>`)
 13.   └─methods::extends(Class, maybe = FALSE)
 14.     └─methods::getClassDef(class1)
 15.       └─methods:::.requirePackage(package)
── Error ('test_vis_functions.R:4:1'): (code run outside of `test_that()`) ─────
Error in `.requirePackage(package)`: unable to load required package 'GenomeInfoDb'
Backtrace:
     ▆
  1. ├─sim_list[["batch20"]][, c(1:30, 300:320)] at test_vis_functions.R:4:1
  2. ├─sim_list[["batch20"]][, c(1:30, 300:320)]
  3. │ ├─BiocGenerics::updateObject(x)
  4. │ └─SingleCellExperiment::updateObject(x)
  5. │   ├─methods::callNextMethod()
  6. │   └─SummarizedExperiment (local) .nextMethod(object = object)
  7. │     ├─BiocGenerics::updateObject(object@rowRanges, ..., verbose = verbose)
  8. │     └─GenomicRanges::updateObject(object@rowRanges, ..., verbose = verbose)
  9. │       ├─BiocGenerics::updateObject(object@unlistData, ..., verbose = verbose)
 10. │       └─GenomicRanges::updateObject(object@unlistData, ..., verbose = verbose)
 11. │         └─BiocGenerics::updateObject(object@seqinfo, ..., verbose = verbose)
 12. └─methods:::.extendsForS3(`<chr>`)
 13.   └─methods::extends(Class, maybe = FALSE)
 14.     └─methods::getClassDef(class1)
 15.       └─methods:::.requirePackage(package)

[ FAIL 5 | WARN 0 | SKIP 0 | PASS 0 ]
Error: Test failures
Execution halted

Example timings

CellMixS.Rcheck/CellMixS-Ex.timings

nameusersystemelapsed