Back to Multiple platform build/check report for BioC 3.23:   simplified   long
AB[C]DEFGHIJKLMNOPQRSTUVWXYZ

This page was generated on 2025-11-18 11:37 -0500 (Tue, 18 Nov 2025).

HostnameOSArch (*)R versionInstalled pkgs
nebbiolo1Linux (Ubuntu 24.04.3 LTS)x86_64R Under development (unstable) (2025-10-20 r88955) -- "Unsuffered Consequences" 4826
lconwaymacOS 12.7.6 Montereyx86_64R Under development (unstable) (2025-10-21 r88958) -- "Unsuffered Consequences" 4561
kjohnson3macOS 13.7.7 Venturaarm64R Under development (unstable) (2025-11-04 r88984) -- "Unsuffered Consequences" 4562
Click on any hostname to see more info about the system (e.g. compilers)      (*) as reported by 'uname -p', except on Windows and Mac OS X

Package 354/2325HostnameOS / ArchINSTALLBUILDCHECKBUILD BIN
ChromSCape 1.21.0  (landing page)
Pacome Prompsy
Snapshot Date: 2025-11-17 13:40 -0500 (Mon, 17 Nov 2025)
git_url: https://git.bioconductor.org/packages/ChromSCape
git_branch: devel
git_last_commit: 47d0ff7
git_last_commit_date: 2025-10-29 11:02:56 -0500 (Wed, 29 Oct 2025)
nebbiolo1Linux (Ubuntu 24.04.3 LTS) / x86_64  OK    OK    WARNINGS  UNNEEDED, same version is already published
lconwaymacOS 12.7.6 Monterey / x86_64  OK    OK    WARNINGS    OK  NO, package depends on 'rtracklayer' which is only available as a source package that needs compilation
kjohnson3macOS 13.7.7 Ventura / arm64  OK    OK    WARNINGS    OK  NO, package depends on 'rtracklayer' which is only available as a source package that needs compilation


CHECK results for ChromSCape on nebbiolo1

To the developers/maintainers of the ChromSCape package:
- Allow up to 24 hours (and sometimes 48 hours) for your latest push to git@git.bioconductor.org:packages/ChromSCape.git to reflect on this report. See Troubleshooting Build Report for more information.
- Use the following Renviron settings to reproduce errors and warnings.
- If 'R CMD check' started to fail recently on the Linux builder(s) over a missing dependency, add the missing dependency to 'Suggests:' in your DESCRIPTION file. See Renviron.bioc for more information.

raw results


Summary

Package: ChromSCape
Version: 1.21.0
Command: /home/biocbuild/bbs-3.23-bioc/R/bin/R CMD check --install=check:ChromSCape.install-out.txt --library=/home/biocbuild/bbs-3.23-bioc/R/site-library --timings ChromSCape_1.21.0.tar.gz
StartedAt: 2025-11-17 22:08:32 -0500 (Mon, 17 Nov 2025)
EndedAt: 2025-11-17 22:21:41 -0500 (Mon, 17 Nov 2025)
EllapsedTime: 789.1 seconds
RetCode: 0
Status:   WARNINGS  
CheckDir: ChromSCape.Rcheck
Warnings: 1

Command output

##############################################################################
##############################################################################
###
### Running command:
###
###   /home/biocbuild/bbs-3.23-bioc/R/bin/R CMD check --install=check:ChromSCape.install-out.txt --library=/home/biocbuild/bbs-3.23-bioc/R/site-library --timings ChromSCape_1.21.0.tar.gz
###
##############################################################################
##############################################################################


* using log directory ‘/home/biocbuild/bbs-3.23-bioc/meat/ChromSCape.Rcheck’
* using R Under development (unstable) (2025-10-20 r88955)
* using platform: x86_64-pc-linux-gnu
* R was compiled by
    gcc (Ubuntu 13.3.0-6ubuntu2~24.04) 13.3.0
    GNU Fortran (Ubuntu 13.3.0-6ubuntu2~24.04) 13.3.0
* running under: Ubuntu 24.04.3 LTS
* using session charset: UTF-8
* checking for file ‘ChromSCape/DESCRIPTION’ ... OK
* this is package ‘ChromSCape’ version ‘1.21.0’
* package encoding: UTF-8
* checking package namespace information ... OK
* checking package dependencies ... INFO
Imports includes 51 non-default packages.
Importing from so many packages makes the package vulnerable to any of
them becoming unavailable.  Move as many as possible to Suggests and
use conditionally.
* checking if this is a source package ... OK
* checking if there is a namespace ... OK
* checking for hidden files and directories ... NOTE
Found the following hidden files and directories:
  .BBSoptions
These were most likely included in error. See section ‘Package
structure’ in the ‘Writing R Extensions’ manual.
* checking for portable file names ... OK
* checking for sufficient/correct file permissions ... OK
* checking whether package ‘ChromSCape’ can be installed ... OK
* used C++ compiler: ‘g++ (Ubuntu 13.3.0-6ubuntu2~24.04) 13.3.0’
* checking installed package size ... INFO
  installed size is  5.2Mb
  sub-directories of 1Mb or more:
    data   1.7Mb
    www    2.2Mb
* checking package directory ... OK
* checking ‘build’ directory ... OK
* checking DESCRIPTION meta-information ... OK
* checking top-level files ... OK
* checking for left-over files ... OK
* checking index information ... OK
* checking package subdirectories ... OK
* checking code files for non-ASCII characters ... OK
* checking R files for syntax errors ... OK
* checking whether the package can be loaded ... OK
* checking whether the package can be loaded with stated dependencies ... OK
* checking whether the package can be unloaded cleanly ... OK
* checking whether the namespace can be loaded with stated dependencies ... OK
* checking whether the namespace can be unloaded cleanly ... OK
* checking loading without being on the library search path ... OK
* checking whether startup messages can be suppressed ... OK
* checking dependencies in R code ... WARNING
'loadNamespace' or 'requireNamespace' call not declared from: ‘flexdashboard’
* checking S3 generic/method consistency ... OK
* checking replacement functions ... OK
* checking foreign function calls ... OK
* checking R code for possible problems ... NOTE
bams_to_matrix_indexes: no visible binding for global variable
  ‘files_dir_list’
enrich_TF_ChEA3_genes: no visible binding for global variable
  ‘CheA3_TF_nTargets’
filter_correlated_cell_scExp: no visible binding for global variable
  ‘run_tsne’
generate_analysis: no visible global function definition for ‘head’
generate_analysis: no visible binding for global variable ‘k’
generate_analysis: no visible binding for global variable
  ‘clusterConsensus’
get_most_variable_cyto: no visible binding for global variable
  ‘cytoBand’
get_most_variable_cyto: no visible binding for global variable
  ‘Fri_cyto’
num_cell_after_QC_filt_scExp: no visible binding for global variable
  ‘sample_id’
num_cell_after_QC_filt_scExp: no visible binding for global variable
  ‘total_counts’
num_cell_scExp: no visible binding for global variable ‘sample_id’
num_cell_scExp: no visible binding for global variable ‘total_counts’
plot_correlation_PCA_scExp: no visible binding for global variable
  ‘Component’
plot_coverage_BigWig: no visible binding for global variable ‘molecule’
plot_coverage_BigWig: no visible binding for global variable
  ‘orientation’
plot_coverage_BigWig: no visible binding for global variable ‘Gene’
plot_gain_or_loss_barplots: no visible binding for global variable
  ‘Gain_or_Loss’
plot_gain_or_loss_barplots: no visible binding for global variable
  ‘ncells’
plot_gain_or_loss_barplots: no visible binding for global variable
  ‘cytoBand’
plot_most_contributing_features: no visible binding for global variable
  ‘genes’
plot_percent_active_feature_scExp: no visible binding for global
  variable ‘group’
plot_percent_active_feature_scExp: no visible binding for global
  variable ‘percent_active’
plot_pie_most_contributing_chr: no visible binding for global variable
  ‘absolute_value’
plot_reduced_dim_scExp: no visible binding for global variable ‘V1’
plot_reduced_dim_scExp: no visible binding for global variable ‘V2’
plot_reduced_dim_scExp: no visible binding for global variable
  ‘cluster’
plot_top_TF_scExp: no visible binding for global variable ‘TF’
rebin_helper: no visible binding for global variable ‘new_row’
rebin_helper: no visible binding for global variable ‘origin_value’
rebin_matrix: no visible binding for global variable ‘group’
subset_bam_call_peaks: no visible binding for global variable
  ‘merged_bam’
Undefined global functions or variables:
  CheA3_TF_nTargets Component Fri_cyto Gain_or_Loss Gene TF V1 V2
  absolute_value cluster clusterConsensus cytoBand files_dir_list genes
  group head k merged_bam molecule ncells new_row orientation
  origin_value percent_active run_tsne sample_id total_counts
Consider adding
  importFrom("utils", "head")
to your NAMESPACE file.
* checking Rd files ... OK
* checking Rd metadata ... OK
* checking Rd cross-references ... OK
* checking for missing documentation entries ... OK
* checking for code/documentation mismatches ... OK
* checking Rd \usage sections ... OK
* checking Rd contents ... OK
* checking for unstated dependencies in examples ... OK
* checking contents of ‘data’ directory ... OK
* checking data for non-ASCII characters ... OK
* checking data for ASCII and uncompressed saves ... OK
* checking line endings in C/C++/Fortran sources/headers ... OK
* checking compiled code ... INFO
Note: information on .o files is not available
* checking files in ‘vignettes’ ... OK
* checking examples ... OK
Examples with CPU (user + system) or elapsed time > 5s
                                        user system elapsed
get_pathway_mat_scExp                 70.803  2.367  73.173
plot_gain_or_loss_barplots            49.917  0.346  50.264
calculate_CNA                         21.840  2.119  23.960
plot_reduced_dim_scExp_CNA            22.154  0.218  22.373
calculate_cyto_mat                    21.565  0.763  22.330
get_most_variable_cyto                21.580  0.236  21.818
calculate_logRatio_CNA                21.070  0.668  21.739
calculate_gain_or_loss                20.843  0.584  21.429
get_cyto_features                     20.339  0.415  20.761
num_cell_after_cor_filt_scExp         11.667  0.052  11.696
filter_correlated_cell_scExp          10.101  0.590  10.678
preprocessing_filtering_and_reduction  9.178  0.156   9.323
rebin_matrix                           7.208  0.045  22.351
import_scExp                           7.011  0.087   7.097
CompareWilcox                          6.355  0.415   6.540
create_scDataset_raw                   6.384  0.314   6.698
differential_activation                5.351  0.008   5.359
enrich_TF_ChEA3_scExp                  1.151  0.048   5.401
* checking for unstated dependencies in ‘tests’ ... OK
* checking tests ...
  Running ‘testthat.R’
 OK
* checking for unstated dependencies in vignettes ... OK
* checking package vignettes ... OK
* checking re-building of vignette outputs ... OK
* checking PDF version of manual ... OK
* DONE

Status: 1 WARNING, 2 NOTEs
See
  ‘/home/biocbuild/bbs-3.23-bioc/meat/ChromSCape.Rcheck/00check.log’
for details.


Installation output

ChromSCape.Rcheck/00install.out

##############################################################################
##############################################################################
###
### Running command:
###
###   /home/biocbuild/bbs-3.23-bioc/R/bin/R CMD INSTALL ChromSCape
###
##############################################################################
##############################################################################


* installing to library ‘/home/biocbuild/bbs-3.23-bioc/R/site-library’
* installing *source* package ‘ChromSCape’ ...
** this is package ‘ChromSCape’ version ‘1.21.0’
** using staged installation
** libs
using C++ compiler: ‘g++ (Ubuntu 13.3.0-6ubuntu2~24.04) 13.3.0’
g++ -std=gnu++17 -I"/home/biocbuild/bbs-3.23-bioc/R/include" -DNDEBUG  -I'/home/biocbuild/bbs-3.23-bioc/R/site-library/Rcpp/include' -I/usr/local/include    -fpic  -g -O2  -Wall -Werror=format-security  -c RcppExports.cpp -o RcppExports.o
g++ -std=gnu++17 -I"/home/biocbuild/bbs-3.23-bioc/R/include" -DNDEBUG  -I'/home/biocbuild/bbs-3.23-bioc/R/site-library/Rcpp/include' -I/usr/local/include    -fpic  -g -O2  -Wall -Werror=format-security  -c as_dist.cpp -o as_dist.o
g++ -std=gnu++17 -shared -L/home/biocbuild/bbs-3.23-bioc/R/lib -L/usr/local/lib -o ChromSCape.so RcppExports.o as_dist.o -L/home/biocbuild/bbs-3.23-bioc/R/lib -lR
installing to /home/biocbuild/bbs-3.23-bioc/R/site-library/00LOCK-ChromSCape/00new/ChromSCape/libs
** R
** data
** inst
** byte-compile and prepare package for lazy loading
** help
*** installing help indices
** building package indices
** installing vignettes
** testing if installed package can be loaded from temporary location
** checking absolute paths in shared objects and dynamic libraries
** testing if installed package can be loaded from final location
** testing if installed package keeps a record of temporary installation path
* DONE (ChromSCape)

Tests output

ChromSCape.Rcheck/tests/testthat.Rout


R Under development (unstable) (2025-10-20 r88955) -- "Unsuffered Consequences"
Copyright (C) 2025 The R Foundation for Statistical Computing
Platform: x86_64-pc-linux-gnu

R is free software and comes with ABSOLUTELY NO WARRANTY.
You are welcome to redistribute it under certain conditions.
Type 'license()' or 'licence()' for distribution details.

R is a collaborative project with many contributors.
Type 'contributors()' for more information and
'citation()' on how to cite R or R packages in publications.

Type 'demo()' for some demos, 'help()' for on-line help, or
'help.start()' for an HTML browser interface to help.
Type 'q()' to quit R.

> library(testthat)
> library(ChromSCape)
> 
> test_check("ChromSCape")
[ FAIL 0 | WARN 2 | SKIP 0 | PASS 11 ]

[ FAIL 0 | WARN 2 | SKIP 0 | PASS 11 ]
> 
> proc.time()
   user  system elapsed 
 38.377   2.507  40.676 

Example timings

ChromSCape.Rcheck/ChromSCape-Ex.timings

nameusersystemelapsed
CheA3_TF_nTargets0.0060.0010.006
CompareWilcox6.3550.4156.540
CompareedgeRGLM4.3250.1744.494
annotToCol20.8390.0680.906
calculate_CNA21.840 2.11923.960
calculate_cyto_mat21.565 0.76322.330
calculate_gain_or_loss20.843 0.58421.429
calculate_logRatio_CNA21.070 0.66821.739
choose_cluster_scExp3.2040.0903.287
colors_scExp0.2640.0010.265
consensus_clustering_scExp3.7070.0853.784
correlation_and_hierarchical_clust_scExp0.3010.0000.295
create_project_folder0.0020.0000.002
create_scDataset_raw6.3840.3146.698
create_scExp0.4290.0020.431
define_feature0.1470.0010.148
detect_samples1.1410.0121.066
differential_activation5.3510.0085.359
differential_analysis_scExp2.8660.0052.871
enrich_TF_ChEA3_genes0.4290.1051.792
enrich_TF_ChEA3_scExp1.1510.0485.401
exclude_features_scExp0.5050.0250.530
feature_annotation_scExp1.4530.0741.528
filter_correlated_cell_scExp10.101 0.59010.678
filter_scExp0.5110.0300.542
find_clusters_louvain_scExp0.2980.0080.305
find_top_features0.3070.0060.314
gene_set_enrichment_analysis_scExp0.2010.0020.203
generate_analysis0.0000.0000.001
generate_coverage_tracks0.0000.0000.001
generate_report0.0010.0000.000
getExperimentNames0.2290.0050.234
getMainExperiment0.2630.0060.270
get_cyto_features20.339 0.41520.761
get_genomic_coordinates0.3830.0150.399
get_most_variable_cyto21.580 0.23621.818
get_pathway_mat_scExp70.803 2.36773.173
has_genomic_coordinates0.5930.0030.596
import_scExp7.0110.0877.097
inter_correlation_scExp0.3110.0060.317
intra_correlation_scExp0.3230.0070.329
launchApp000
normalize_scExp0.3810.0110.391
num_cell_after_QC_filt_scExp0.3920.0020.394
num_cell_after_cor_filt_scExp11.667 0.05211.696
num_cell_before_cor_filt_scExp0.2020.0000.203
num_cell_in_cluster_scExp0.3810.0010.376
num_cell_scExp0.3330.0020.335
plot_cluster_consensus_scExp0.9950.0171.012
plot_correlation_PCA_scExp1.1800.0161.196
plot_coverage_BigWig0.2120.0000.212
plot_differential_summary_scExp0.2290.0010.231
plot_differential_volcano_scExp0.3180.0000.318
plot_distribution_scExp0.4160.0020.417
plot_gain_or_loss_barplots49.917 0.34650.264
plot_heatmap_scExp0.2960.0030.299
plot_inter_correlation_scExp0.6150.0090.623
plot_intra_correlation_scExp0.5970.0020.599
plot_most_contributing_features0.4430.0010.443
plot_percent_active_feature_scExp0.4930.0010.494
plot_pie_most_contributing_chr0.2650.0050.270
plot_reduced_dim_scExp1.5360.0051.541
plot_reduced_dim_scExp_CNA22.154 0.21822.373
plot_top_TF_scExp0.5870.0000.587
plot_violin_feature_scExp0.6570.0130.671
preprocess_CPM0.3810.0300.411
preprocess_RPKM0.4200.0280.448
preprocess_TFIDF0.3980.0200.419
preprocess_TPM0.4410.0250.466
preprocess_feature_size_only0.3680.0190.386
preprocessing_filtering_and_reduction9.1780.1569.323
read_sparse_matrix000
rebin_matrix 7.208 0.04522.351
reduce_dims_scExp1.5710.0191.591
scExp1.0300.0061.036
subsample_scExp0.5650.0020.567
subset_bam_call_peaks000
summary_DA0.2280.0020.230
swapAltExp_sameColData0.2960.0000.296
table_enriched_genes_scExp0.2020.0010.202
wrapper_Signac_FeatureMatrix000