Back to Multiple platform build/check report for BioC 3.22:   simplified   long
AB[C]DEFGHIJKLMNOPQRSTUVWXYZ

This page was generated on 2025-10-11 12:03 -0400 (Sat, 11 Oct 2025).

HostnameOSArch (*)R versionInstalled pkgs
nebbiolo2Linux (Ubuntu 24.04.3 LTS)x86_644.5.1 Patched (2025-08-23 r88802) -- "Great Square Root" 4864
lconwaymacOS 12.7.1 Montereyx86_644.5.1 Patched (2025-09-10 r88807) -- "Great Square Root" 4652
kjohnson3macOS 13.7.7 Venturaarm644.5.1 Patched (2025-09-10 r88807) -- "Great Square Root" 4597
taishanLinux (openEuler 24.03 LTS)aarch644.5.0 (2025-04-11) -- "How About a Twenty-Six" 4586
Click on any hostname to see more info about the system (e.g. compilers)      (*) as reported by 'uname -p', except on Windows and Mac OS X

Package 358/2346HostnameOS / ArchINSTALLBUILDCHECKBUILD BIN
ChromSCape 1.19.1  (landing page)
Pacome Prompsy
Snapshot Date: 2025-10-10 13:45 -0400 (Fri, 10 Oct 2025)
git_url: https://git.bioconductor.org/packages/ChromSCape
git_branch: devel
git_last_commit: a4985c2
git_last_commit_date: 2025-08-01 10:39:23 -0400 (Fri, 01 Aug 2025)
nebbiolo2Linux (Ubuntu 24.04.3 LTS) / x86_64  OK    OK    WARNINGS  UNNEEDED, same version is already published
lconwaymacOS 12.7.1 Monterey / x86_64  OK    OK    WARNINGS    OK  UNNEEDED, same version is already published
kjohnson3macOS 13.7.7 Ventura / arm64  OK    OK    WARNINGS    OK  UNNEEDED, same version is already published
taishanLinux (openEuler 24.03 LTS) / aarch64  OK    OK    WARNINGS  


CHECK results for ChromSCape on nebbiolo2

To the developers/maintainers of the ChromSCape package:
- Allow up to 24 hours (and sometimes 48 hours) for your latest push to git@git.bioconductor.org:packages/ChromSCape.git to reflect on this report. See Troubleshooting Build Report for more information.
- Use the following Renviron settings to reproduce errors and warnings.
- If 'R CMD check' started to fail recently on the Linux builder(s) over a missing dependency, add the missing dependency to 'Suggests:' in your DESCRIPTION file. See Renviron.bioc for more information.

raw results


Summary

Package: ChromSCape
Version: 1.19.1
Command: /home/biocbuild/bbs-3.22-bioc/R/bin/R CMD check --install=check:ChromSCape.install-out.txt --library=/home/biocbuild/bbs-3.22-bioc/R/site-library --timings ChromSCape_1.19.1.tar.gz
StartedAt: 2025-10-10 22:24:19 -0400 (Fri, 10 Oct 2025)
EndedAt: 2025-10-10 22:38:18 -0400 (Fri, 10 Oct 2025)
EllapsedTime: 839.0 seconds
RetCode: 0
Status:   WARNINGS  
CheckDir: ChromSCape.Rcheck
Warnings: 1

Command output

##############################################################################
##############################################################################
###
### Running command:
###
###   /home/biocbuild/bbs-3.22-bioc/R/bin/R CMD check --install=check:ChromSCape.install-out.txt --library=/home/biocbuild/bbs-3.22-bioc/R/site-library --timings ChromSCape_1.19.1.tar.gz
###
##############################################################################
##############################################################################


* using log directory ‘/home/biocbuild/bbs-3.22-bioc/meat/ChromSCape.Rcheck’
* using R version 4.5.1 Patched (2025-08-23 r88802)
* using platform: x86_64-pc-linux-gnu
* R was compiled by
    gcc (Ubuntu 13.3.0-6ubuntu2~24.04) 13.3.0
    GNU Fortran (Ubuntu 13.3.0-6ubuntu2~24.04) 13.3.0
* running under: Ubuntu 24.04.3 LTS
* using session charset: UTF-8
* checking for file ‘ChromSCape/DESCRIPTION’ ... OK
* this is package ‘ChromSCape’ version ‘1.19.1’
* package encoding: UTF-8
* checking package namespace information ... OK
* checking package dependencies ... INFO
Imports includes 51 non-default packages.
Importing from so many packages makes the package vulnerable to any of
them becoming unavailable.  Move as many as possible to Suggests and
use conditionally.
* checking if this is a source package ... OK
* checking if there is a namespace ... OK
* checking for hidden files and directories ... NOTE
Found the following hidden files and directories:
  .BBSoptions
These were most likely included in error. See section ‘Package
structure’ in the ‘Writing R Extensions’ manual.
* checking for portable file names ... OK
* checking for sufficient/correct file permissions ... OK
* checking whether package ‘ChromSCape’ can be installed ... OK
* used C++ compiler: ‘g++ (Ubuntu 13.3.0-6ubuntu2~24.04) 13.3.0’
* checking installed package size ... INFO
  installed size is  5.8Mb
  sub-directories of 1Mb or more:
    data   1.7Mb
    www    2.1Mb
* checking package directory ... OK
* checking ‘build’ directory ... OK
* checking DESCRIPTION meta-information ... OK
* checking top-level files ... OK
* checking for left-over files ... OK
* checking index information ... OK
* checking package subdirectories ... OK
* checking code files for non-ASCII characters ... OK
* checking R files for syntax errors ... OK
* checking whether the package can be loaded ... OK
* checking whether the package can be loaded with stated dependencies ... OK
* checking whether the package can be unloaded cleanly ... OK
* checking whether the namespace can be loaded with stated dependencies ... OK
* checking whether the namespace can be unloaded cleanly ... OK
* checking loading without being on the library search path ... OK
* checking whether startup messages can be suppressed ... OK
* checking dependencies in R code ... WARNING
'loadNamespace' or 'requireNamespace' call not declared from: ‘flexdashboard’
* checking S3 generic/method consistency ... OK
* checking replacement functions ... OK
* checking foreign function calls ... OK
* checking R code for possible problems ... NOTE
bams_to_matrix_indexes: no visible binding for global variable
  ‘files_dir_list’
enrich_TF_ChEA3_genes: no visible binding for global variable
  ‘CheA3_TF_nTargets’
filter_correlated_cell_scExp: no visible binding for global variable
  ‘run_tsne’
generate_analysis: no visible global function definition for ‘head’
generate_analysis: no visible binding for global variable ‘k’
generate_analysis: no visible binding for global variable
  ‘clusterConsensus’
get_most_variable_cyto: no visible binding for global variable
  ‘cytoBand’
get_most_variable_cyto: no visible binding for global variable
  ‘Fri_cyto’
num_cell_after_QC_filt_scExp: no visible binding for global variable
  ‘sample_id’
num_cell_after_QC_filt_scExp: no visible binding for global variable
  ‘total_counts’
num_cell_scExp: no visible binding for global variable ‘sample_id’
num_cell_scExp: no visible binding for global variable ‘total_counts’
plot_correlation_PCA_scExp: no visible binding for global variable
  ‘Component’
plot_coverage_BigWig: no visible binding for global variable ‘molecule’
plot_coverage_BigWig: no visible binding for global variable
  ‘orientation’
plot_coverage_BigWig: no visible binding for global variable ‘Gene’
plot_gain_or_loss_barplots: no visible binding for global variable
  ‘Gain_or_Loss’
plot_gain_or_loss_barplots: no visible binding for global variable
  ‘ncells’
plot_gain_or_loss_barplots: no visible binding for global variable
  ‘cytoBand’
plot_most_contributing_features: no visible binding for global variable
  ‘genes’
plot_percent_active_feature_scExp: no visible binding for global
  variable ‘group’
plot_percent_active_feature_scExp: no visible binding for global
  variable ‘percent_active’
plot_pie_most_contributing_chr: no visible binding for global variable
  ‘absolute_value’
plot_reduced_dim_scExp: no visible binding for global variable ‘V1’
plot_reduced_dim_scExp: no visible binding for global variable ‘V2’
plot_reduced_dim_scExp: no visible binding for global variable
  ‘cluster’
plot_top_TF_scExp: no visible binding for global variable ‘TF’
rebin_helper: no visible binding for global variable ‘new_row’
rebin_helper: no visible binding for global variable ‘origin_value’
rebin_matrix: no visible binding for global variable ‘group’
subset_bam_call_peaks: no visible binding for global variable
  ‘merged_bam’
Undefined global functions or variables:
  CheA3_TF_nTargets Component Fri_cyto Gain_or_Loss Gene TF V1 V2
  absolute_value cluster clusterConsensus cytoBand files_dir_list genes
  group head k merged_bam molecule ncells new_row orientation
  origin_value percent_active run_tsne sample_id total_counts
Consider adding
  importFrom("utils", "head")
to your NAMESPACE file.
* checking Rd files ... OK
* checking Rd metadata ... OK
* checking Rd cross-references ... OK
* checking for missing documentation entries ... OK
* checking for code/documentation mismatches ... OK
* checking Rd \usage sections ... OK
* checking Rd contents ... OK
* checking for unstated dependencies in examples ... OK
* checking contents of ‘data’ directory ... OK
* checking data for non-ASCII characters ... OK
* checking data for ASCII and uncompressed saves ... OK
* checking line endings in C/C++/Fortran sources/headers ... OK
* checking compiled code ... NOTE
Note: information on .o files is not available
* checking files in ‘vignettes’ ... OK
* checking examples ... OK
Examples with CPU (user + system) or elapsed time > 5s
                                            user system elapsed
num_cell_after_cor_filt_scExp            316.745  1.254  19.370
filter_correlated_cell_scExp             262.725  1.207  16.118
preprocessing_filtering_and_reduction    152.772  0.542  12.763
detect_samples                           143.986  0.070   3.823
get_pathway_mat_scExp                     71.862  2.887  74.806
CompareWilcox                             61.698  0.773   8.029
CompareedgeRGLM                           57.327  0.177   5.512
consensus_clustering_scExp                56.009  0.108   4.296
choose_cluster_scExp                      55.594  0.095   4.173
num_cell_in_cluster_scExp                 52.688  0.055   1.496
correlation_and_hierarchical_clust_scExp  52.622  0.019   1.378
plot_gain_or_loss_barplots                48.355  1.971  50.328
plot_reduced_dim_scExp_CNA                23.275  0.888  24.162
calculate_CNA                             21.914  0.907  22.821
get_most_variable_cyto                    21.519  0.624  22.143
calculate_logRatio_CNA                    21.589  0.365  21.954
calculate_gain_or_loss                    21.068  0.546  21.614
calculate_cyto_mat                        20.795  0.513  21.309
get_cyto_features                         18.772  0.605  19.380
rebin_matrix                               7.664  0.128  23.066
import_scExp                               7.309  0.231   7.541
create_scDataset_raw                       6.471  0.230   6.703
differential_activation                    5.355  0.009   5.365
enrich_TF_ChEA3_scExp                      1.122  0.043   5.160
* checking for unstated dependencies in ‘tests’ ... OK
* checking tests ...
  Running ‘testthat.R’
 OK
* checking for unstated dependencies in vignettes ... OK
* checking package vignettes ... OK
* checking re-building of vignette outputs ... OK
* checking PDF version of manual ... OK
* DONE

Status: 1 WARNING, 3 NOTEs
See
  ‘/home/biocbuild/bbs-3.22-bioc/meat/ChromSCape.Rcheck/00check.log’
for details.


Installation output

ChromSCape.Rcheck/00install.out

##############################################################################
##############################################################################
###
### Running command:
###
###   /home/biocbuild/bbs-3.22-bioc/R/bin/R CMD INSTALL ChromSCape
###
##############################################################################
##############################################################################


* installing to library ‘/home/biocbuild/bbs-3.22-bioc/R/site-library’
* installing *source* package ‘ChromSCape’ ...
** this is package ‘ChromSCape’ version ‘1.19.1’
** using staged installation
** libs
using C++ compiler: ‘g++ (Ubuntu 13.3.0-6ubuntu2~24.04) 13.3.0’
g++ -std=gnu++17 -I"/home/biocbuild/bbs-3.22-bioc/R/include" -DNDEBUG  -I'/home/biocbuild/bbs-3.22-bioc/R/site-library/Rcpp/include' -I/usr/local/include    -fpic  -g -O2  -Wall -Werror=format-security  -c RcppExports.cpp -o RcppExports.o
g++ -std=gnu++17 -I"/home/biocbuild/bbs-3.22-bioc/R/include" -DNDEBUG  -I'/home/biocbuild/bbs-3.22-bioc/R/site-library/Rcpp/include' -I/usr/local/include    -fpic  -g -O2  -Wall -Werror=format-security  -c as_dist.cpp -o as_dist.o
g++ -std=gnu++17 -shared -L/home/biocbuild/bbs-3.22-bioc/R/lib -L/usr/local/lib -o ChromSCape.so RcppExports.o as_dist.o -L/home/biocbuild/bbs-3.22-bioc/R/lib -lR
installing to /home/biocbuild/bbs-3.22-bioc/R/site-library/00LOCK-ChromSCape/00new/ChromSCape/libs
** R
** data
** inst
** byte-compile and prepare package for lazy loading
** help
*** installing help indices
** building package indices
** installing vignettes
** testing if installed package can be loaded from temporary location
** checking absolute paths in shared objects and dynamic libraries
** testing if installed package can be loaded from final location
** testing if installed package keeps a record of temporary installation path
* DONE (ChromSCape)

Tests output

ChromSCape.Rcheck/tests/testthat.Rout


R version 4.5.1 Patched (2025-08-23 r88802) -- "Great Square Root"
Copyright (C) 2025 The R Foundation for Statistical Computing
Platform: x86_64-pc-linux-gnu

R is free software and comes with ABSOLUTELY NO WARRANTY.
You are welcome to redistribute it under certain conditions.
Type 'license()' or 'licence()' for distribution details.

R is a collaborative project with many contributors.
Type 'contributors()' for more information and
'citation()' on how to cite R or R packages in publications.

Type 'demo()' for some demos, 'help()' for on-line help, or
'help.start()' for an HTML browser interface to help.
Type 'q()' to quit R.

> library(testthat)
> library(ChromSCape)
> 
> test_check("ChromSCape")
[ FAIL 0 | WARN 2 | SKIP 0 | PASS 11 ]

[ FAIL 0 | WARN 2 | SKIP 0 | PASS 11 ]
> 
> proc.time()
   user  system elapsed 
884.924   3.203  59.423 

Example timings

ChromSCape.Rcheck/ChromSCape-Ex.timings

nameusersystemelapsed
CheA3_TF_nTargets0.0060.0010.007
CompareWilcox61.698 0.773 8.029
CompareedgeRGLM57.327 0.177 5.512
annotToCol20.8190.0270.846
calculate_CNA21.914 0.90722.821
calculate_cyto_mat20.795 0.51321.309
calculate_gain_or_loss21.068 0.54621.614
calculate_logRatio_CNA21.589 0.36521.954
choose_cluster_scExp55.594 0.095 4.173
colors_scExp0.2580.0000.258
consensus_clustering_scExp56.009 0.108 4.296
correlation_and_hierarchical_clust_scExp52.622 0.019 1.378
create_project_folder0.0010.0000.001
create_scDataset_raw6.4710.2306.703
create_scExp0.4280.0000.428
define_feature0.1280.0010.129
detect_samples143.986 0.070 3.823
differential_activation5.3550.0095.365
differential_analysis_scExp2.8670.0032.870
enrich_TF_ChEA3_genes0.4840.0171.737
enrich_TF_ChEA3_scExp1.1220.0435.160
exclude_features_scExp0.4490.0320.481
feature_annotation_scExp1.3290.1141.443
filter_correlated_cell_scExp262.725 1.207 16.118
filter_scExp0.5000.0190.520
find_clusters_louvain_scExp0.2870.0260.315
find_top_features0.3060.0130.319
gene_set_enrichment_analysis_scExp0.2070.0020.208
generate_analysis000
generate_coverage_tracks000
generate_report000
getExperimentNames0.2260.0050.232
getMainExperiment0.2550.0100.265
get_cyto_features18.772 0.60519.380
get_genomic_coordinates0.3710.0140.384
get_most_variable_cyto21.519 0.62422.143
get_pathway_mat_scExp71.862 2.88774.806
has_genomic_coordinates0.6200.0410.661
import_scExp7.3090.2317.541
inter_correlation_scExp0.3120.0010.313
intra_correlation_scExp0.3260.0010.327
launchApp0.0000.0000.001
normalize_scExp0.3880.0020.389
num_cell_after_QC_filt_scExp0.3930.0120.404
num_cell_after_cor_filt_scExp316.745 1.254 19.370
num_cell_before_cor_filt_scExp0.2010.0050.205
num_cell_in_cluster_scExp52.688 0.055 1.496
num_cell_scExp0.3500.0240.374
plot_cluster_consensus_scExp1.0310.0581.089
plot_correlation_PCA_scExp1.1980.0521.250
plot_coverage_BigWig0.1950.0020.197
plot_differential_summary_scExp0.2210.0090.230
plot_differential_volcano_scExp0.3090.0040.313
plot_distribution_scExp0.4350.0300.466
plot_gain_or_loss_barplots48.355 1.97150.328
plot_heatmap_scExp0.2980.0010.299
plot_inter_correlation_scExp0.6260.0070.633
plot_intra_correlation_scExp0.6130.0000.613
plot_most_contributing_features0.4620.0090.471
plot_percent_active_feature_scExp0.520.000.52
plot_pie_most_contributing_chr0.2750.0050.280
plot_reduced_dim_scExp1.5830.0171.600
plot_reduced_dim_scExp_CNA23.275 0.88824.162
plot_top_TF_scExp0.600.010.61
plot_violin_feature_scExp0.6180.0090.627
preprocess_CPM0.3900.0050.395
preprocess_RPKM0.3970.0150.412
preprocess_TFIDF0.3790.0180.399
preprocess_TPM0.4270.0070.434
preprocess_feature_size_only0.3620.0050.367
preprocessing_filtering_and_reduction152.772 0.542 12.763
read_sparse_matrix000
rebin_matrix 7.664 0.12823.066
reduce_dims_scExp1.5680.0381.607
scExp1.0290.0241.053
subsample_scExp0.5470.0120.559
subset_bam_call_peaks000
summary_DA0.2140.0050.219
swapAltExp_sameColData0.2800.0010.282
table_enriched_genes_scExp0.2000.0010.202
wrapper_Signac_FeatureMatrix0.0000.0000.001