| Back to Build/check report for BioC 3.23: simplified long |
|
This page was generated on 2025-11-05 11:32 -0500 (Wed, 05 Nov 2025).
| Hostname | OS | Arch (*) | R version | Installed pkgs |
|---|---|---|---|---|
| nebbiolo1 | Linux (Ubuntu 24.04.3 LTS) | x86_64 | R Under development (unstable) (2025-10-20 r88955) -- "Unsuffered Consequences" | 4818 |
| Click on any hostname to see more info about the system (e.g. compilers) (*) as reported by 'uname -p', except on Windows and Mac OS X | ||||
| Package 1393/2323 | Hostname | OS / Arch | INSTALL | BUILD | CHECK | BUILD BIN | ||||||||
| MultiDataSet 1.39.0 (landing page) Xavier Escribà Montagut
| nebbiolo1 | Linux (Ubuntu 24.04.3 LTS) / x86_64 | OK | OK | WARNINGS | |||||||||
|
To the developers/maintainers of the MultiDataSet package: - Allow up to 24 hours (and sometimes 48 hours) for your latest push to git@git.bioconductor.org:packages/MultiDataSet.git to reflect on this report. See Troubleshooting Build Report for more information. - Use the following Renviron settings to reproduce errors and warnings. - If 'R CMD check' started to fail recently on the Linux builder(s) over a missing dependency, add the missing dependency to 'Suggests:' in your DESCRIPTION file. See Renviron.bioc for more information. |
| Package: MultiDataSet |
| Version: 1.39.0 |
| Command: /home/biocbuild/bbs-3.23-bioc/R/bin/R CMD check --install=check:MultiDataSet.install-out.txt --library=/home/biocbuild/bbs-3.23-bioc/R/site-library --timings MultiDataSet_1.39.0.tar.gz |
| StartedAt: 2025-11-05 01:41:14 -0500 (Wed, 05 Nov 2025) |
| EndedAt: 2025-11-05 01:44:40 -0500 (Wed, 05 Nov 2025) |
| EllapsedTime: 205.3 seconds |
| RetCode: 0 |
| Status: WARNINGS |
| CheckDir: MultiDataSet.Rcheck |
| Warnings: 1 |
##############################################################################
##############################################################################
###
### Running command:
###
### /home/biocbuild/bbs-3.23-bioc/R/bin/R CMD check --install=check:MultiDataSet.install-out.txt --library=/home/biocbuild/bbs-3.23-bioc/R/site-library --timings MultiDataSet_1.39.0.tar.gz
###
##############################################################################
##############################################################################
* using log directory ‘/home/biocbuild/bbs-3.23-bioc/meat/MultiDataSet.Rcheck’
* using R Under development (unstable) (2025-10-20 r88955)
* using platform: x86_64-pc-linux-gnu
* R was compiled by
gcc (Ubuntu 13.3.0-6ubuntu2~24.04) 13.3.0
GNU Fortran (Ubuntu 13.3.0-6ubuntu2~24.04) 13.3.0
* running under: Ubuntu 24.04.3 LTS
* using session charset: UTF-8
* checking for file ‘MultiDataSet/DESCRIPTION’ ... OK
* checking extension type ... Package
* this is package ‘MultiDataSet’ version ‘1.39.0’
* checking package namespace information ... OK
* checking package dependencies ... OK
* checking if this is a source package ... OK
* checking if there is a namespace ... OK
* checking for hidden files and directories ... OK
* checking for portable file names ... OK
* checking for sufficient/correct file permissions ... OK
* checking whether package ‘MultiDataSet’ can be installed ... OK
* checking installed package size ... OK
* checking package directory ... OK
* checking ‘build’ directory ... OK
* checking DESCRIPTION meta-information ... OK
* checking top-level files ... OK
* checking for left-over files ... OK
* checking index information ... OK
* checking package subdirectories ... NOTE
Problems with news in ‘NEWS’:
Cannot process chunk/lines:
o Add function to add matrices to MDS.
Cannot process chunk/lines:
o Add vignettes published in scientific article.
Cannot process chunk/lines:
o Remove non-critical dependencies.
Cannot process chunk/lines:
o Add wrappers for two functions to integrate omic data: mcia (from omicade4 package) and iClusterPlus.
Cannot process chunk/lines:
o Add advanced subsetting by phenotype and feature.
Cannot process chunk/lines:
BUG FIXES
Cannot process chunk/lines:
o Solve subsetting issues when sampleNames is different from ID column.
* checking code files for non-ASCII characters ... OK
* checking R files for syntax errors ... OK
* checking whether the package can be loaded ... OK
* checking whether the package can be loaded with stated dependencies ... OK
* checking whether the package can be unloaded cleanly ... OK
* checking whether the namespace can be loaded with stated dependencies ... OK
* checking whether the namespace can be unloaded cleanly ... OK
* checking loading without being on the library search path ... OK
* checking dependencies in R code ... NOTE
Unexported objects imported by ':::' calls:
‘Biobase:::assayDataEnvLock’ ‘Biobase:::assayDataStorageMode’
See the note in ?`:::` about the use of this operator.
* checking S3 generic/method consistency ... OK
* checking replacement functions ... OK
* checking foreign function calls ... OK
* checking R code for possible problems ... NOTE
downloadGEO : <anonymous>: no visible global function definition for
‘methylationSet’
lambdaClayton: no visible global function definition for ‘qnorm’
lambdaClayton: no visible global function definition for ‘qchisq’
qq_plot: no visible global function definition for ‘qbeta’
Undefined global functions or variables:
methylationSet qbeta qchisq qnorm
Consider adding
importFrom("stats", "qbeta", "qchisq", "qnorm")
to your NAMESPACE file.
* checking Rd files ... OK
* checking Rd metadata ... OK
* checking Rd cross-references ... OK
* checking for missing documentation entries ... OK
* checking for code/documentation mismatches ... WARNING
Codoc mismatches from Rd file 'ResultSet-class.Rd':
\S4method{getAssociation}{ResultSet}
Code: function(object, rid = 1, coef = 2, contrast = NULL, fNames =
NULL, robust = FALSE, ...)
Docs: function(object, rid = 1, coef = 2, contrast = NULL, fNames =
NULL, ...)
Argument names in code not in docs:
robust
Mismatches in argument names:
Position: 6 Code: robust Docs: ...
* checking Rd \usage sections ... OK
* checking Rd contents ... OK
* checking for unstated dependencies in examples ... OK
* checking contents of ‘data’ directory ... OK
* checking data for non-ASCII characters ... OK
* checking LazyData ... OK
* checking data for ASCII and uncompressed saves ... OK
* checking files in ‘vignettes’ ... OK
* checking examples ... OK
Examples with CPU (user + system) or elapsed time > 5s
user system elapsed
add_methy 13.063 0.863 13.927
* checking for unstated dependencies in vignettes ... OK
* checking package vignettes ... OK
* checking re-building of vignette outputs ... OK
* checking PDF version of manual ... OK
* DONE
Status: 1 WARNING, 3 NOTEs
See
‘/home/biocbuild/bbs-3.23-bioc/meat/MultiDataSet.Rcheck/00check.log’
for details.
MultiDataSet.Rcheck/00install.out
############################################################################## ############################################################################## ### ### Running command: ### ### /home/biocbuild/bbs-3.23-bioc/R/bin/R CMD INSTALL MultiDataSet ### ############################################################################## ############################################################################## * installing to library ‘/home/biocbuild/bbs-3.23-bioc/R/site-library’ * installing *source* package ‘MultiDataSet’ ... ** this is package ‘MultiDataSet’ version ‘1.39.0’ ** using staged installation Warning in .write_description(db, file.path(outDir, "DESCRIPTION")) : Unknown encoding with non-ASCII data: converting to ASCII ** R ** data *** moving datasets to lazyload DB ** inst ** byte-compile and prepare package for lazy loading in method for ‘add_methy’ with signature ‘"MultiDataSet","GenomicRatioSet"’: no definition for class “GenomicRatioSet” ** help *** installing help indices ** building package indices ** installing vignettes ** testing if installed package can be loaded from temporary location ** testing if installed package can be loaded from final location ** testing if installed package keeps a record of temporary installation path * DONE (MultiDataSet)
MultiDataSet.Rcheck/MultiDataSet-Ex.timings
| name | user | system | elapsed | |
| MultiDataSet-class | 0.000 | 0.001 | 0.001 | |
| ResultSet-class | 0.001 | 0.000 | 0.001 | |
| add_eset | 0.068 | 0.015 | 0.083 | |
| add_genexp | 0.127 | 0.001 | 0.129 | |
| add_methy | 13.063 | 0.863 | 13.927 | |
| add_rnaseq-methods | 0.067 | 0.000 | 0.067 | |
| add_rse | 0.175 | 0.003 | 0.178 | |
| add_se | 0.035 | 0.000 | 0.035 | |
| add_snps | 0.466 | 0.002 | 0.468 | |
| add_table | 0.008 | 0.000 | 0.008 | |
| chrNumToChar | 0 | 0 | 0 | |
| commonIds | 0.103 | 0.001 | 0.104 | |
| commonSamples | 0.120 | 0.000 | 0.121 | |
| getAssociation-methods | 0.018 | 0.013 | 0.032 | |
| lambdaClayton | 0.002 | 0.000 | 0.001 | |
| opt-methods | 0.002 | 0.000 | 0.001 | |
| qq_plot | 2.106 | 0.070 | 2.179 | |
| rowRangesElements | 0.075 | 0.000 | 0.076 | |
| volcano_plot | 0.331 | 0.038 | 0.369 | |