Back to Multiple platform build/check report for BioC 3.22: simplified long |
|
This page was generated on 2025-10-11 12:03 -0400 (Sat, 11 Oct 2025).
Hostname | OS | Arch (*) | R version | Installed pkgs |
---|---|---|---|---|
nebbiolo2 | Linux (Ubuntu 24.04.3 LTS) | x86_64 | 4.5.1 Patched (2025-08-23 r88802) -- "Great Square Root" | 4864 |
lconway | macOS 12.7.1 Monterey | x86_64 | 4.5.1 Patched (2025-09-10 r88807) -- "Great Square Root" | 4652 |
kjohnson3 | macOS 13.7.7 Ventura | arm64 | 4.5.1 Patched (2025-09-10 r88807) -- "Great Square Root" | 4597 |
taishan | Linux (openEuler 24.03 LTS) | aarch64 | 4.5.0 (2025-04-11) -- "How About a Twenty-Six" | 4586 |
Click on any hostname to see more info about the system (e.g. compilers) (*) as reported by 'uname -p', except on Windows and Mac OS X |
Package 1647/2346 | Hostname | OS / Arch | INSTALL | BUILD | CHECK | BUILD BIN | ||||||||
ProteoDisco 1.15.1 (landing page) Job van Riet
| nebbiolo2 | Linux (Ubuntu 24.04.3 LTS) / x86_64 | OK | ERROR | skipped | |||||||||
lconway | macOS 12.7.1 Monterey / x86_64 | OK | ERROR | skipped | skipped | |||||||||
kjohnson3 | macOS 13.7.7 Ventura / arm64 | OK | ERROR | skipped | skipped | |||||||||
taishan | Linux (openEuler 24.03 LTS) / aarch64 | OK | ERROR | skipped | ||||||||||
To the developers/maintainers of the ProteoDisco package: - Allow up to 24 hours (and sometimes 48 hours) for your latest push to git@git.bioconductor.org:packages/ProteoDisco.git to reflect on this report. See Troubleshooting Build Report for more information. - Use the following Renviron settings to reproduce errors and warnings. - If 'R CMD check' started to fail recently on the Linux builder(s) over a missing dependency, add the missing dependency to 'Suggests:' in your DESCRIPTION file. See Renviron.bioc for more information. |
Package: ProteoDisco |
Version: 1.15.1 |
Command: /home/biocbuild/bbs-3.22-bioc/R/bin/R CMD build --keep-empty-dirs --no-resave-data --md5 ProteoDisco |
StartedAt: 2025-10-10 19:35:06 -0400 (Fri, 10 Oct 2025) |
EndedAt: 2025-10-10 19:36:22 -0400 (Fri, 10 Oct 2025) |
EllapsedTime: 76.1 seconds |
RetCode: 1 |
Status: ERROR |
PackageFile: None |
PackageFileSize: NA |
############################################################################## ############################################################################## ### ### Running command: ### ### /home/biocbuild/bbs-3.22-bioc/R/bin/R CMD build --keep-empty-dirs --no-resave-data --md5 ProteoDisco ### ############################################################################## ############################################################################## * checking for file ‘ProteoDisco/DESCRIPTION’ ... OK * preparing ‘ProteoDisco’: * checking DESCRIPTION meta-information ... OK * installing the package to build vignettes * creating vignettes ... ERROR --- re-building ‘Overview_ProteoDisco.Rmd’ using rmarkdown Quitting from Overview_ProteoDisco.Rmd:45-85 [Minimal Workflow] ~~~~~~~~~~~~~~~~~~~~~~~~~~~~~~~~~~~~~~~~~~~~~~~~~~~~~~~~~~~~~~~~~~~~~~~~~~~~~~~~ <error/rlang_error> Error: ! BiocParallel errors 1 remote errors, element index: 1 34 unevaluated and other errors first remote error: Error in mergeNamedAtomicVectors(isCircular(x), isCircular(y), what = c("sequence", : sequence chrMT has incompatible circularity flags: - in 'x': TRUE - in 'y': FALSE --- Backtrace: ▆ 1. └─ProteoDisco::incorporateGenomicVariants(...) 2. └─base::lapply(...) 3. └─ProteoDisco (local) FUN(X[[i]], ...) 4. ├─base::unlist(...) 5. ├─BiocParallel::bplapply(...) 6. └─BiocParallel::bplapply(...) 7. └─BiocParallel:::.bpinit(...) ~~~~~~~~~~~~~~~~~~~~~~~~~~~~~~~~~~~~~~~~~~~~~~~~~~~~~~~~~~~~~~~~~~~~~~~~~~~~~~~~ Error: processing vignette 'Overview_ProteoDisco.Rmd' failed with diagnostics: BiocParallel errors 1 remote errors, element index: 1 34 unevaluated and other errors first remote error: Error in mergeNamedAtomicVectors(isCircular(x), isCircular(y), what = c("sequence", : sequence chrMT has incompatible circularity flags: - in 'x': TRUE - in 'y': FALSE --- failed re-building ‘Overview_ProteoDisco.Rmd’ SUMMARY: processing the following file failed: ‘Overview_ProteoDisco.Rmd’ Error: Vignette re-building failed. Execution halted