Back to Multiple platform build/check report for BioC 3.22: simplified long |
|
This page was generated on 2025-10-10 12:04 -0400 (Fri, 10 Oct 2025).
Hostname | OS | Arch (*) | R version | Installed pkgs |
---|---|---|---|---|
nebbiolo2 | Linux (Ubuntu 24.04.3 LTS) | x86_64 | 4.5.1 Patched (2025-08-23 r88802) -- "Great Square Root" | 4854 |
lconway | macOS 12.7.1 Monterey | x86_64 | 4.5.1 Patched (2025-09-10 r88807) -- "Great Square Root" | 4642 |
kjohnson3 | macOS 13.7.7 Ventura | arm64 | 4.5.1 Patched (2025-09-10 r88807) -- "Great Square Root" | 4587 |
taishan | Linux (openEuler 24.03 LTS) | aarch64 | 4.5.0 (2025-04-11) -- "How About a Twenty-Six" | 4586 |
Click on any hostname to see more info about the system (e.g. compilers) (*) as reported by 'uname -p', except on Windows and Mac OS X |
Package 2116/2341 | Hostname | OS / Arch | INSTALL | BUILD | CHECK | BUILD BIN | ||||||||
Statial 1.11.6 (landing page) Farhan Ameen
| nebbiolo2 | Linux (Ubuntu 24.04.3 LTS) / x86_64 | OK | OK | ERROR | |||||||||
lconway | macOS 12.7.1 Monterey / x86_64 | OK | OK | OK | OK | ![]() | ||||||||
kjohnson3 | macOS 13.7.7 Ventura / arm64 | OK | OK | OK | OK | ![]() | ||||||||
taishan | Linux (openEuler 24.03 LTS) / aarch64 | OK | OK | ERROR | ||||||||||
To the developers/maintainers of the Statial package: - Allow up to 24 hours (and sometimes 48 hours) for your latest push to git@git.bioconductor.org:packages/Statial.git to reflect on this report. See Troubleshooting Build Report for more information. - Use the following Renviron settings to reproduce errors and warnings. - If 'R CMD check' started to fail recently on the Linux builder(s) over a missing dependency, add the missing dependency to 'Suggests:' in your DESCRIPTION file. See Renviron.bioc for more information. |
Package: Statial |
Version: 1.11.6 |
Command: /home/biocbuild/bbs-3.22-bioc/R/bin/R CMD check --install=check:Statial.install-out.txt --library=/home/biocbuild/bbs-3.22-bioc/R/site-library --timings Statial_1.11.6.tar.gz |
StartedAt: 2025-10-10 04:51:33 -0400 (Fri, 10 Oct 2025) |
EndedAt: 2025-10-10 04:56:08 -0400 (Fri, 10 Oct 2025) |
EllapsedTime: 275.3 seconds |
RetCode: 1 |
Status: ERROR |
CheckDir: Statial.Rcheck |
Warnings: NA |
############################################################################## ############################################################################## ### ### Running command: ### ### /home/biocbuild/bbs-3.22-bioc/R/bin/R CMD check --install=check:Statial.install-out.txt --library=/home/biocbuild/bbs-3.22-bioc/R/site-library --timings Statial_1.11.6.tar.gz ### ############################################################################## ############################################################################## * using log directory ‘/home/biocbuild/bbs-3.22-bioc/meat/Statial.Rcheck’ * using R version 4.5.1 Patched (2025-08-23 r88802) * using platform: x86_64-pc-linux-gnu * R was compiled by gcc (Ubuntu 13.3.0-6ubuntu2~24.04) 13.3.0 GNU Fortran (Ubuntu 13.3.0-6ubuntu2~24.04) 13.3.0 * running under: Ubuntu 24.04.3 LTS * using session charset: UTF-8 * checking for file ‘Statial/DESCRIPTION’ ... OK * checking extension type ... Package * this is package ‘Statial’ version ‘1.11.6’ * package encoding: UTF-8 * checking package namespace information ... OK * checking package dependencies ... INFO Imports includes 23 non-default packages. Importing from so many packages makes the package vulnerable to any of them becoming unavailable. Move as many as possible to Suggests and use conditionally. * checking if this is a source package ... OK * checking if there is a namespace ... OK * checking for hidden files and directories ... OK * checking for portable file names ... OK * checking for sufficient/correct file permissions ... OK * checking whether package ‘Statial’ can be installed ... OK * checking installed package size ... OK * checking package directory ... OK * checking ‘build’ directory ... OK * checking DESCRIPTION meta-information ... OK * checking top-level files ... OK * checking for left-over files ... OK * checking index information ... OK * checking package subdirectories ... OK * checking code files for non-ASCII characters ... OK * checking R files for syntax errors ... OK * checking whether the package can be loaded ... OK * checking whether the package can be loaded with stated dependencies ... OK * checking whether the package can be unloaded cleanly ... OK * checking whether the namespace can be loaded with stated dependencies ... OK * checking whether the namespace can be unloaded cleanly ... OK * checking loading without being on the library search path ... OK * checking dependencies in R code ... NOTE Namespaces in Imports field not imported from: ‘cluster’ ‘spatstat.explore’ ‘treekoR’ All declared Imports should be used. There are ::: calls to the package's namespace in its code. A package almost never needs to use ::: for its own objects: ‘.generateBPParam’ ‘.quiet’ * checking S3 generic/method consistency ... OK * checking replacement functions ... OK * checking foreign function calls ... OK * checking R code for possible problems ... NOTE .Kontext: no visible binding for global variable ‘cellTypeI’ .Kontext: no visible binding for global variable ‘cellTypeJ’ .Kontext: no visible binding for global variable ‘weightParent’ .Kontext: no visible binding for global variable ‘edge’ .Kontext: no visible binding for global variable ‘i’ .Kontext: no visible binding for global variable ‘j’ .Lfunction: no visible binding for global variable ‘cellTypeI’ .Linhomfunction: no visible binding for global variable ‘cellTypeI’ .Linhomfunction: no visible binding for global variable ‘cellTypeJ’ .Linhomfunction: no visible binding for global variable ‘weightParent’ .Linhomfunction: no visible binding for global variable ‘edge’ .Linhomfunction: no visible binding for global variable ‘i’ .Linhomfunction: no visible binding for global variable ‘j’ Kontextual : <anonymous> : <anonymous>: no visible binding for global variable ‘d’ Kontextual: no visible binding for global variable ‘test’ Kontextual: no visible binding for global variable ‘parent_name’ KontextualCore: no visible global function definition for ‘.’ KontextualCore: no visible binding for global variable ‘i’ KontextualCore: no visible binding for global variable ‘cellTypeI’ KontextualCore: no visible binding for global variable ‘cellTypeJ’ KontextualCore: no visible binding for global variable ‘Kontext’ calcContamination: no visible global function definition for ‘predict’ calcContamination: no visible binding for global variable ‘.’ calcContamination: no visible binding for global variable ‘cellID’ calcStateChanges: no visible binding for global variable ‘indx’ calcStateChanges: no visible binding for global variable ‘primaryCellType’ calcStateChanges: no visible binding for global variable ‘otherCellType’ calcStateChanges: no visible binding for global variable ‘coef’ calcStateChanges: no visible binding for global variable ‘tval’ calcStateChanges: no visible binding for global variable ‘pval’ calcStateChanges: no visible binding for global variable ‘fdr’ calculateChangesMarker : <anonymous> : <anonymous>: no visible global function definition for ‘var’ calculateChangesMarker : <anonymous>: no visible global function definition for ‘pt’ calculateChangesMarker : <anonymous>: no visible global function definition for ‘qnorm’ distanceCalculator: no visible binding for global variable ‘cellType’ distanceCalculator: no visible binding for global variable ‘d’ getMarkerMeans: no visible binding for global variable ‘value’ getParentPhylo: no visible binding for global variable ‘child’ getParentPhylo: no visible binding for global variable ‘parent’ getParentPhylo: no visible binding for global variable ‘children’ kontextCurve: no visible binding for global variable ‘type’ kontextCurve: no visible binding for global variable ‘r’ kontextCurve: no visible binding for global variable ‘original’ kontextCurve: no visible binding for global variable ‘kontextual’ kontextPlot: no visible binding for global variable ‘r’ kontextPlot: no visible binding for global variable ‘kontextualSd’ kontextPlot: no visible binding for global variable ‘originalSd’ kontextPlot: no visible binding for global variable ‘value’ kontextPlot: no visible binding for global variable ‘name’ kontextPlot: no visible binding for global variable ‘lower’ kontextPlot: no visible binding for global variable ‘upper’ parentCombinations: no visible binding for global variable ‘from’ parentCombinations: no visible binding for global variable ‘to’ plotStateChanges: no visible global function definition for ‘lm’ plotStateChanges: no visible global function definition for ‘formula’ plotStateChanges: no visible global function definition for ‘predict’ plotStateChanges: no visible binding for global variable ‘x’ plotStateChanges: no visible binding for global variable ‘y’ plotStateChanges: no visible binding for global variable ‘density’ plotStateChanges: no visible binding for global variable ‘lm’ prepMatrix: no visible binding for global variable ‘imageID’ prepMatrix: no visible binding for global variable ‘kontextual’ prepMatrix: no visible binding for global variable ‘primaryCellType’ prepMatrix: no visible binding for global variable ‘otherCellType’ prepMatrix: no visible binding for global variable ‘marker’ prepMatrix: no visible binding for global variable ‘type’ relabel: no visible binding for global variable ‘cellType’ Undefined global functions or variables: . Kontext cellID cellType cellTypeI cellTypeJ child children coef d density edge fdr formula from i imageID indx j kontextual kontextualSd lm lower marker name original originalSd otherCellType parent parent_name predict primaryCellType pt pval qnorm r test to tval type upper value var weightParent x y Consider adding importFrom("stats", "coef", "density", "formula", "lm", "predict", "pt", "qnorm", "var") to your NAMESPACE file. * checking Rd files ... OK * checking Rd metadata ... OK * checking Rd cross-references ... OK * checking for missing documentation entries ... OK * checking for code/documentation mismatches ... OK * checking Rd \usage sections ... OK * checking Rd contents ... OK * checking for unstated dependencies in examples ... OK * checking contents of ‘data’ directory ... OK * checking data for non-ASCII characters ... OK * checking data for ASCII and uncompressed saves ... OK * checking files in ‘vignettes’ ... OK * checking examples ... ERROR Running examples in ‘Statial-Ex.R’ failed The error most likely occurred in: > base::assign(".ptime", proc.time(), pos = "CheckExEnv") > ### Name: calcContamination > ### Title: Calculate the level of marker contamination of each cell > ### Aliases: calcContamination > > ### ** Examples > > data("kerenSCE") > > singleCellDataDistancesContam <- calcContamination( + kerenSCE + ) Loading required namespace: GenomeInfoDb Failed with error: ‘there is no package called ‘GenomeInfoDb’’ Error in .requirePackage(package) : unable to load required package ‘GenomeInfoDb’ Calls: calcContamination ... .extendsForS3 -> extends -> getClassDef -> .requirePackage Execution halted Examples with CPU (user + system) or elapsed time > 5s user system elapsed Kontextual 12.652 0.116 2.64 * checking for unstated dependencies in ‘tests’ ... OK * checking tests ... Running ‘testthat.R’ OK * checking for unstated dependencies in vignettes ... OK * checking package vignettes ... OK * checking re-building of vignette outputs ... ERROR Error(s) in re-building vignettes: --- re-building ‘Statial.Rmd’ using rmarkdown Failed with error: 'there is no package called 'GenomeInfoDb'' Quitting from Statial.Rmd:81-86 [load dataset] ~~~~~~~~~~~~~~~~~~~~~~~~~~~~~~~~~~~~~~~~~~~~~~~~~~~~~~~~~~~~~~~~~~~~~~~~~~~~~~~~ <error/rlang_error> Error in `.requirePackage()`: ! unable to load required package 'GenomeInfoDb' --- Backtrace: ▆ 1. ├─tools::buildVignettes(...) 2. │ ├─base::tryCatch(...) 3. │ │ └─base (local) tryCatchList(expr, classes, parentenv, handlers) 4. │ │ └─base (local) tryCatchOne(expr, names, parentenv, handlers[[1L]]) 5. │ │ └─base (local) doTryCatch(return(expr), name, parentenv, handler) 6. │ └─engine$weave(file, quiet = quiet, encoding = enc) 7. │ └─knitr:::vweave_rmarkdown(...) 8. │ └─rmarkdown::render(...) 9. │ └─knitr::knit(knit_input, knit_output, envir = envir, quiet = quiet) 10. │ └─knitr:::process_file(text, output) 11. │ ├─xfun:::handle_error(...) 12. │ ├─base::withCallingHandlers(...) 13. │ └─knitr:::process_group(group) 14. │ └─knitr:::call_block(x) 15. │ └─knitr:::block_exec(params) 16. │ └─knitr:::eng_r(options) 17. │ ├─knitr:::in_input_dir(...) 18. │ │ └─knitr:::in_dir(input_dir(), expr) 19. │ └─knitr (local) evaluate(...) 20. │ └─evaluate::evaluate(...) 21. │ ├─base::withRestarts(...) 22. │ │ └─base (local) withRestartList(expr, restarts) 23. │ │ ├─base (local) withOneRestart(withRestartList(expr, restarts[-nr]), restarts[[nr]]) 24. │ │ │ └─base (local) doWithOneRestart(return(expr), restart) 25. │ │ └─base (local) withRestartList(expr, restarts[-nr]) 26. │ │ └─base (local) withOneRestart(expr, restarts[[1L]]) 27. │ │ └─base (local) doWithOneRestart(return(expr), restart) 28. │ ├─evaluate:::with_handlers(...) 29. │ │ ├─base::eval(call) 30. │ │ │ └─base::eval(call) 31. │ │ └─base::withCallingHandlers(...) 32. │ └─watcher$print_value(ev$value, ev$visible, envir) 33. │ ├─base::withVisible(handle_value(handler, value, visible, envir)) 34. │ └─evaluate:::handle_value(handler, value, visible, envir) 35. │ └─handler$value(value, visible) 36. │ └─knitr (local) fun(x, options = options) 37. │ ├─base::withVisible(knit_print(x, ...)) 38. │ ├─knitr::knit_print(x, ...) 39. │ └─knitr:::knit_print.default(x, ...) 40. │ └─knitr::normal_print(x) 41. │ ├─methods::show(x) 42. │ └─methods::show(x) 43. │ ├─S4Vectors::coolcat("reducedDimNames(%d): %s\n", reducedDimNames(object)) 44. │ │ └─base::ifelse(nzchar(vals), vals, "''") 45. │ ├─SingleCellExperiment::reducedDimNames(object) 46. │ └─SingleCellExperiment::reducedDimNames(object) 47. │ └─SingleCellExperiment:::.get_internal_names(...) 48. │ ├─BiocGenerics::updateObject(x) 49. │ └─SingleCellExperiment::updateObject(x) 50. │ ├─methods::callNextMethod() 51. │ └─SummarizedExperiment (local) .nextMethod(object = object) 52. │ ├─BiocGenerics::updateObject(object@rowRanges, ..., verbose = verbose) 53. │ └─GenomicRanges::updateObject(object@rowRanges, ..., verbose = verbose) 54. │ ├─BiocGenerics::updateObject(object@unlistData, ..., verbose = verbose) 55. │ └─GenomicRanges::updateObject(object@unlistData, ..., verbose = verbose) 56. │ └─BiocGenerics::updateObject(object@seqinfo, ..., verbose = verbose) 57. └─methods:::.extendsForS3(`<chr>`) 58. └─methods::extends(Class, maybe = FALSE) 59. └─methods::getClassDef(class1) 60. └─methods:::.requirePackage(package) ~~~~~~~~~~~~~~~~~~~~~~~~~~~~~~~~~~~~~~~~~~~~~~~~~~~~~~~~~~~~~~~~~~~~~~~~~~~~~~~~ Error: processing vignette 'Statial.Rmd' failed with diagnostics: unable to load required package 'GenomeInfoDb' --- failed re-building ‘Statial.Rmd’ SUMMARY: processing the following file failed: ‘Statial.Rmd’ Error: Vignette re-building failed. Execution halted * checking PDF version of manual ... OK * DONE Status: 2 ERRORs, 2 NOTEs See ‘/home/biocbuild/bbs-3.22-bioc/meat/Statial.Rcheck/00check.log’ for details.
Statial.Rcheck/00install.out
############################################################################## ############################################################################## ### ### Running command: ### ### /home/biocbuild/bbs-3.22-bioc/R/bin/R CMD INSTALL Statial ### ############################################################################## ############################################################################## * installing to library ‘/home/biocbuild/bbs-3.22-bioc/R/site-library’ * installing *source* package ‘Statial’ ... ** this is package ‘Statial’ version ‘1.11.6’ ** using staged installation ** R ** data ** inst ** byte-compile and prepare package for lazy loading ** help *** installing help indices ** building package indices ** installing vignettes ** testing if installed package can be loaded from temporary location ** testing if installed package can be loaded from final location ** testing if installed package keeps a record of temporary installation path * DONE (Statial)
Statial.Rcheck/tests/testthat.Rout
R version 4.5.1 Patched (2025-08-23 r88802) -- "Great Square Root" Copyright (C) 2025 The R Foundation for Statistical Computing Platform: x86_64-pc-linux-gnu R is free software and comes with ABSOLUTELY NO WARRANTY. You are welcome to redistribute it under certain conditions. Type 'license()' or 'licence()' for distribution details. R is a collaborative project with many contributors. Type 'contributors()' for more information and 'citation()' on how to cite R or R packages in publications. Type 'demo()' for some demos, 'help()' for on-line help, or 'help.start()' for an HTML browser interface to help. Type 'q()' to quit R. > # This file is part of the standard setup for testthat. > # It is recommended that you do not modify it. > # > # Where should you do additional test configuration? > # Learn more about the roles of various files in: > # * https://r-pkgs.org/tests.html > # * https://testthat.r-lib.org/reference/test_package.html#special-files > > library(testthat) > library(Statial) > > test_check("Statial") [ FAIL 0 | WARN 0 | SKIP 0 | PASS 3 ] > > proc.time() user system elapsed 10.206 0.525 10.719
Statial.Rcheck/Statial-Ex.timings
name | user | system | elapsed | |
Kontextual | 12.652 | 0.116 | 2.640 | |