| Back to Multiple platform build/check report for BioC 3.23: simplified long |
|
This page was generated on 2025-11-26 11:39 -0500 (Wed, 26 Nov 2025).
| Hostname | OS | Arch (*) | R version | Installed pkgs |
|---|---|---|---|---|
| nebbiolo1 | Linux (Ubuntu 24.04.3 LTS) | x86_64 | R Under development (unstable) (2025-10-20 r88955) -- "Unsuffered Consequences" | 4830 |
| lconway | macOS 12.7.6 Monterey | x86_64 | R Under development (unstable) (2025-10-21 r88958) -- "Unsuffered Consequences" | 4609 |
| kjohnson3 | macOS 13.7.7 Ventura | arm64 | R Under development (unstable) (2025-11-04 r88984) -- "Unsuffered Consequences" | 4569 |
| Click on any hostname to see more info about the system (e.g. compilers) (*) as reported by 'uname -p', except on Windows and Mac OS X | ||||
| Package 2161/2328 | Hostname | OS / Arch | INSTALL | BUILD | CHECK | BUILD BIN | ||||||||
| TCGAbiolinks 2.39.0 (landing page) Tiago Chedraoui Silva
| nebbiolo1 | Linux (Ubuntu 24.04.3 LTS) / x86_64 | OK | OK | WARNINGS | |||||||||
| lconway | macOS 12.7.6 Monterey / x86_64 | OK | OK | WARNINGS | OK | |||||||||
| kjohnson3 | macOS 13.7.7 Ventura / arm64 | OK | OK | WARNINGS | OK | |||||||||
|
To the developers/maintainers of the TCGAbiolinks package: - Allow up to 24 hours (and sometimes 48 hours) for your latest push to git@git.bioconductor.org:packages/TCGAbiolinks.git to reflect on this report. See Troubleshooting Build Report for more information. - Use the following Renviron settings to reproduce errors and warnings. - If 'R CMD check' started to fail recently on the Linux builder(s) over a missing dependency, add the missing dependency to 'Suggests:' in your DESCRIPTION file. See Renviron.bioc for more information. |
| Package: TCGAbiolinks |
| Version: 2.39.0 |
| Command: /Library/Frameworks/R.framework/Resources/bin/R CMD check --install=check:TCGAbiolinks.install-out.txt --library=/Library/Frameworks/R.framework/Resources/library --no-vignettes --timings TCGAbiolinks_2.39.0.tar.gz |
| StartedAt: 2025-11-26 00:53:16 -0500 (Wed, 26 Nov 2025) |
| EndedAt: 2025-11-26 01:03:58 -0500 (Wed, 26 Nov 2025) |
| EllapsedTime: 642.1 seconds |
| RetCode: 0 |
| Status: WARNINGS |
| CheckDir: TCGAbiolinks.Rcheck |
| Warnings: 2 |
##############################################################################
##############################################################################
###
### Running command:
###
### /Library/Frameworks/R.framework/Resources/bin/R CMD check --install=check:TCGAbiolinks.install-out.txt --library=/Library/Frameworks/R.framework/Resources/library --no-vignettes --timings TCGAbiolinks_2.39.0.tar.gz
###
##############################################################################
##############################################################################
* using log directory ‘/Users/biocbuild/bbs-3.23-bioc/meat/TCGAbiolinks.Rcheck’
* using R Under development (unstable) (2025-10-21 r88958)
* using platform: x86_64-apple-darwin20
* R was compiled by
Apple clang version 14.0.0 (clang-1400.0.29.202)
GNU Fortran (GCC) 14.2.0
* running under: macOS Ventura 13.7.8
* using session charset: UTF-8
* using option ‘--no-vignettes’
* checking for file ‘TCGAbiolinks/DESCRIPTION’ ... OK
* checking extension type ... Package
* this is package ‘TCGAbiolinks’ version ‘2.39.0’
* package encoding: UTF-8
* checking package namespace information ... OK
* checking package dependencies ... INFO
Imports includes 23 non-default packages.
Importing from so many packages makes the package vulnerable to any of
them becoming unavailable. Move as many as possible to Suggests and
use conditionally.
* checking if this is a source package ... OK
* checking if there is a namespace ... OK
* checking for hidden files and directories ... OK
* checking for portable file names ... OK
* checking for sufficient/correct file permissions ... OK
* checking whether package ‘TCGAbiolinks’ can be installed ... OK
* checking installed package size ... INFO
installed size is 6.2Mb
sub-directories of 1Mb or more:
R 1.6Mb
data 4.3Mb
* checking package directory ... OK
* checking ‘build’ directory ... OK
* checking DESCRIPTION meta-information ... OK
* checking top-level files ... OK
* checking for left-over files ... OK
* checking index information ... OK
* checking package subdirectories ... OK
* checking code files for non-ASCII characters ... OK
* checking R files for syntax errors ... OK
* checking whether the package can be loaded ... OK
* checking whether the package can be loaded with stated dependencies ... OK
* checking whether the package can be unloaded cleanly ... OK
* checking whether the namespace can be loaded with stated dependencies ... OK
* checking whether the namespace can be unloaded cleanly ... OK
* checking whether startup messages can be suppressed ... OK
* checking dependencies in R code ... WARNING
'::' or ':::' import not declared from: ‘dnet’
* checking S3 generic/method consistency ... WARNING
print:
function(x, ...)
print.header:
function(text, type)
See section ‘Generic functions and methods’ in the ‘Writing R
Extensions’ manual.
* checking replacement functions ... OK
* checking foreign function calls ... OK
* checking R code for possible problems ... NOTE
GDCprepare_clinic: no visible binding for global variable
‘bcr_patient_barcode’
GDCprepare_clinic: no visible binding for global variable
‘days_to_last_followup’
GDCprepare_clinic: no visible binding for global variable
‘vital_status’
GDCquery : <anonymous>: no visible binding for global variable
‘submitter_id’
GDCquery : <anonymous>: no visible binding for global variable
‘is_ffpe’
GDCquery_clinic: no visible binding for global variable ‘submitter_id’
GDCquery_clinic: no visible binding for global variable
‘days_to_follow_up’
GDCquery_clinic: no visible binding for global variable
‘disease_response’
GDCquery_clinic: no visible global function definition for ‘across’
GDCquery_clinic: no visible global function definition for ‘everything’
GDCquery_clinic : <anonymous>: no visible binding for global variable
‘submitter_id’
GDCquery_clinic : <anonymous>: no visible global function definition
for ‘across’
GDCquery_clinic : <anonymous>: no visible global function definition
for ‘everything’
TCGAanalyze_DEA: no visible binding for global variable ‘barcode’
TCGAanalyze_DEA: no visible binding for global variable ‘clinical’
TCGAquery_recount2: no visible binding for global variable ‘rse_gene’
TCGAtumor_purity: no visible binding for global variable ‘Tumor.purity’
TCGAvisualize_SurvivalCoxNET: no visible global function definition for
‘colorRampPalette’
TCGAvisualize_SurvivalCoxNET: no visible global function definition for
‘adjustcolor’
TCGAvisualize_oncoprint: no visible binding for global variable ‘value’
TCGAvisualize_starburst: no visible binding for global variable
‘gene_name’
TCGAvisualize_starburst: no visible binding for global variable
‘geFDR2’
TCGAvisualize_starburst: no visible binding for global variable ‘logFC’
TCGAvisualize_starburst: no visible binding for global variable
‘meFDR2’
TCGAvisualize_starburst: no visible binding for global variable
‘threshold.starburst’
TCGAvisualize_starburst: no visible binding for global variable
‘starburst.status’
colDataPrepare: no visible binding for global variable
‘sample_submitter_id’
colDataPrepare: no visible binding for global variable ‘submitter_id’
getBarcodeInfo: no visible binding for global variable
‘days_to_follow_up’
getBarcodeInfo: no visible binding for global variable
‘disease_response’
readExonQuantification: no visible binding for global variable ‘exon’
readExonQuantification: no visible binding for global variable
‘coordinates’
readSingleCellAnalysis : <anonymous>: no visible global function
definition for ‘Read10X’
read_gene_expression_quantification : <anonymous>: no visible binding
for '<<-' assignment to ‘assay.list’
read_gene_expression_quantification: no visible binding for global
variable ‘assay.list’
Undefined global functions or variables:
Read10X Tumor.purity across adjustcolor assay.list barcode
bcr_patient_barcode clinical colorRampPalette coordinates
days_to_follow_up days_to_last_followup disease_response everything
exon geFDR2 gene_name is_ffpe logFC meFDR2 rse_gene
sample_submitter_id starburst.status submitter_id threshold.starburst
value vital_status
Consider adding
importFrom("grDevices", "adjustcolor", "colorRampPalette")
to your NAMESPACE file.
* checking Rd files ... OK
* checking Rd metadata ... OK
* checking Rd cross-references ... OK
* checking for missing documentation entries ... OK
* checking for code/documentation mismatches ... OK
* checking Rd \usage sections ... OK
* checking Rd contents ... OK
* checking for unstated dependencies in examples ... OK
* checking contents of ‘data’ directory ... OK
* checking data for non-ASCII characters ... OK
* checking LazyData ... OK
* checking data for ASCII and uncompressed saves ... OK
* checking R/sysdata.rda ... OK
* checking files in ‘vignettes’ ... OK
* checking examples ... OK
Examples with CPU (user + system) or elapsed time > 5s
user system elapsed
TCGAanalyze_DEA 11.637 0.597 12.308
getManifest 8.175 0.178 139.467
TCGAanalyze_LevelTab 5.319 0.163 5.509
TCGAvisualize_meanMethylation 5.063 0.129 5.224
matchedMetExp 2.128 0.061 17.519
GDCprepare_clinic 1.145 0.192 42.140
getResults 1.219 0.043 15.813
GDCquery_clinic 0.962 0.034 10.834
GDCquery 0.879 0.036 12.505
* checking for unstated dependencies in ‘tests’ ... OK
* checking tests ...
Running ‘testthat.R’
OK
* checking for unstated dependencies in vignettes ... OK
* checking package vignettes ... OK
* checking running R code from vignettes ... SKIPPED
* checking re-building of vignette outputs ... SKIPPED
* checking PDF version of manual ... OK
* DONE
Status: 2 WARNINGs, 1 NOTE
See
‘/Users/biocbuild/bbs-3.23-bioc/meat/TCGAbiolinks.Rcheck/00check.log’
for details.
TCGAbiolinks.Rcheck/00install.out
############################################################################## ############################################################################## ### ### Running command: ### ### /Library/Frameworks/R.framework/Resources/bin/R CMD INSTALL TCGAbiolinks ### ############################################################################## ############################################################################## * installing to library ‘/Library/Frameworks/R.framework/Versions/4.6-x86_64/Resources/library’ * installing *source* package ‘TCGAbiolinks’ ... ** this is package ‘TCGAbiolinks’ version ‘2.39.0’ ** using staged installation ** R ** data *** moving datasets to lazyload DB ** inst ** byte-compile and prepare package for lazy loading ** help *** installing help indices ** building package indices ** installing vignettes ** testing if installed package can be loaded from temporary location ** testing if installed package can be loaded from final location ** testing if installed package keeps a record of temporary installation path * DONE (TCGAbiolinks)
TCGAbiolinks.Rcheck/tests/testthat.Rout
R Under development (unstable) (2025-10-21 r88958) -- "Unsuffered Consequences"
Copyright (C) 2025 The R Foundation for Statistical Computing
Platform: x86_64-apple-darwin20
R is free software and comes with ABSOLUTELY NO WARRANTY.
You are welcome to redistribute it under certain conditions.
Type 'license()' or 'licence()' for distribution details.
R is a collaborative project with many contributors.
Type 'contributors()' for more information and
'citation()' on how to cite R or R packages in publications.
Type 'demo()' for some demos, 'help()' for on-line help, or
'help.start()' for an HTML browser interface to help.
Type 'q()' to quit R.
> library(testthat)
> library(TCGAbiolinks)
>
> test_check("TCGAbiolinks")
| | 0%
|========================== | 50% ~0 s remaining
|====================================================|100% ~0 s remaining
|====================================================|100% Completed after 0 s
| | 0%
|========================== | 50% ~0 s remaining
|====================================================|100% ~0 s remaining
|====================================================|100% Completed after 0 s
[1] "I need about 1 minute to finish complete Enrichment analysis GO[BP,MF,CC] and Pathways... "
[1] "GO Enrichment Analysis BP completed....done"
[1] "GO Enrichment Analysis MF completed....done"
[1] "GO Enrichment Analysis CC completed....done"
[1] "Pathway Enrichment Analysis completed....done"
[ FAIL 0 | WARN 0 | SKIP 24 | PASS 31 ]
══ Skipped tests (24) ══════════════════════════════════════════════════════════
• On Bioconductor (24): 'test-prepare-download.R:4:5',
'test-prepare-download.R:49:5', 'test-prepare-download.R:92:5',
'test-prepare-download.R:102:5', 'test-prepare-download.R:124:5',
'test-prepare-download.R:145:5', 'test-prepare-download.R:164:5',
'test-prepare-download.R:183:5', 'test-prepare-download.R:199:5',
'test-prepare-download.R:209:5', 'test-prepare-download.R:221:5',
'test-prepare-download.R:246:5', 'test-prepare-download.R:286:5',
'test-prepare-download.R:316:5', 'test-prepare-download.R:347:5',
'test-prepare-download.R:381:5', 'test-query-clinical.R:13:5',
'test-query-clinical.R:69:5', 'test-query.R:5:5', 'test-query.R:15:5',
'test-query.R:44:5', 'test-query.R:86:5', 'test-query.R:127:5',
'test-query.R:147:5'
[ FAIL 0 | WARN 0 | SKIP 24 | PASS 31 ]
>
> proc.time()
user system elapsed
48.153 2.308 50.812
TCGAbiolinks.Rcheck/TCGAbiolinks-Ex.timings
| name | user | system | elapsed | |
| GDCdownload | 0.001 | 0.000 | 0.001 | |
| GDCprepare | 0.000 | 0.001 | 0.001 | |
| GDCprepare_clinic | 1.145 | 0.192 | 42.140 | |
| GDCquery | 0.879 | 0.036 | 12.505 | |
| GDCquery_ATAC_seq | 0.341 | 0.036 | 1.433 | |
| GDCquery_clinic | 0.962 | 0.034 | 10.834 | |
| PanCancerAtlas_subtypes | 0.012 | 0.002 | 0.013 | |
| TCGAVisualize_volcano | 0.545 | 0.017 | 0.568 | |
| TCGA_MolecularSubtype | 0.410 | 0.004 | 0.417 | |
| TCGAanalyze_DEA | 11.637 | 0.597 | 12.308 | |
| TCGAanalyze_DEA_Affy | 0.000 | 0.001 | 0.001 | |
| TCGAanalyze_DMC | 1.443 | 0.101 | 1.556 | |
| TCGAanalyze_EA | 0.001 | 0.000 | 0.000 | |
| TCGAanalyze_EAcomplete | 2.289 | 0.115 | 2.425 | |
| TCGAanalyze_Filtering | 3.314 | 0.075 | 3.409 | |
| TCGAanalyze_LevelTab | 5.319 | 0.163 | 5.509 | |
| TCGAanalyze_Normalization | 1.405 | 0.041 | 1.453 | |
| TCGAanalyze_Pathview | 0.000 | 0.000 | 0.001 | |
| TCGAanalyze_Stemness | 1.622 | 0.070 | 1.704 | |
| TCGAanalyze_SurvivalKM | 0.146 | 0.009 | 0.157 | |
| TCGAanalyze_survival | 4.025 | 0.113 | 4.160 | |
| TCGAprepare_Affy | 0 | 0 | 0 | |
| TCGAquery_MatchedCoupledSampleTypes | 0.002 | 0.000 | 0.002 | |
| TCGAquery_SampleTypes | 0.001 | 0.000 | 0.003 | |
| TCGAquery_recount2 | 0 | 0 | 0 | |
| TCGAquery_subtype | 0.006 | 0.000 | 0.007 | |
| TCGAtumor_purity | 0.066 | 0.001 | 0.068 | |
| TCGAvisualize_EAbarplot | 2.245 | 0.064 | 2.326 | |
| TCGAvisualize_Heatmap | 2.261 | 0.113 | 2.395 | |
| TCGAvisualize_PCA | 2.065 | 0.037 | 2.113 | |
| TCGAvisualize_meanMethylation | 5.063 | 0.129 | 5.224 | |
| TCGAvisualize_oncoprint | 0 | 0 | 0 | |
| TCGAvisualize_starburst | 0.000 | 0.001 | 0.001 | |
| UseRaw_afterFilter | 0 | 0 | 0 | |
| colDataPrepare | 0.179 | 0.007 | 0.932 | |
| dmc.non.parametric | 0.119 | 0.029 | 0.149 | |
| dmc.non.parametric.se | 0.201 | 0.013 | 0.215 | |
| gaiaCNVplot | 0.031 | 0.002 | 0.034 | |
| geneInfoHT | 0.001 | 0.000 | 0.000 | |
| getAdjacencyBiogrid | 0.001 | 0.001 | 0.001 | |
| getDataCategorySummary | 1.713 | 0.038 | 4.229 | |
| getGDCInfo | 0.018 | 0.002 | 0.214 | |
| getGDCprojects | 0.018 | 0.001 | 0.158 | |
| getLinkedOmicsData | 0.000 | 0.000 | 0.001 | |
| getMC3MAF | 0 | 0 | 0 | |
| getManifest | 8.175 | 0.178 | 139.467 | |
| getNbCases | 0 | 0 | 0 | |
| getNbFiles | 0.000 | 0.000 | 0.001 | |
| getProjectSummary | 0.035 | 0.003 | 0.466 | |
| getResults | 1.219 | 0.043 | 15.813 | |
| getSampleFilesSummary | 0.445 | 0.027 | 2.407 | |
| getTSS | 0.000 | 0.000 | 0.001 | |
| gliomaClassifier | 0.000 | 0.000 | 0.001 | |
| isServeOK | 0.015 | 0.002 | 0.171 | |
| matchedMetExp | 2.128 | 0.061 | 17.519 | |