Back to Multiple platform build/check report for BioC 3.23:   simplified   long
A[B]CDEFGHIJKLMNOPQRSTUVWXYZ

This page was generated on 2025-11-20 11:37 -0500 (Thu, 20 Nov 2025).

HostnameOSArch (*)R versionInstalled pkgs
nebbiolo1Linux (Ubuntu 24.04.3 LTS)x86_64R Under development (unstable) (2025-10-20 r88955) -- "Unsuffered Consequences" 4827
lconwaymacOS 12.7.6 Montereyx86_64R Under development (unstable) (2025-10-21 r88958) -- "Unsuffered Consequences" 4600
kjohnson3macOS 13.7.7 Venturaarm64R Under development (unstable) (2025-11-04 r88984) -- "Unsuffered Consequences" 4564
Click on any hostname to see more info about the system (e.g. compilers)      (*) as reported by 'uname -p', except on Windows and Mac OS X

Package 208/2325HostnameOS / ArchINSTALLBUILDCHECKBUILD BIN
biodbChebi 1.17.0  (landing page)
Pierrick Roger
Snapshot Date: 2025-11-19 13:40 -0500 (Wed, 19 Nov 2025)
git_url: https://git.bioconductor.org/packages/biodbChebi
git_branch: devel
git_last_commit: 80ee611
git_last_commit_date: 2025-10-29 11:12:25 -0500 (Wed, 29 Oct 2025)
nebbiolo1Linux (Ubuntu 24.04.3 LTS) / x86_64  OK    ERROR  skipped
lconwaymacOS 12.7.6 Monterey / x86_64  OK    ERROR  skippedskipped
kjohnson3macOS 13.7.7 Ventura / arm64  OK    ERROR  skippedskipped


BUILD results for biodbChebi on nebbiolo1

To the developers/maintainers of the biodbChebi package:
- Allow up to 24 hours (and sometimes 48 hours) for your latest push to git@git.bioconductor.org:packages/biodbChebi.git to reflect on this report. See Troubleshooting Build Report for more information.
- Use the following Renviron settings to reproduce errors and warnings.
- If 'R CMD check' started to fail recently on the Linux builder(s) over a missing dependency, add the missing dependency to 'Suggests:' in your DESCRIPTION file. See Renviron.bioc for more information.

raw results


Summary

Package: biodbChebi
Version: 1.17.0
Command: /home/biocbuild/bbs-3.23-bioc/R/bin/R CMD build --keep-empty-dirs --no-resave-data biodbChebi
StartedAt: 2025-11-19 16:32:25 -0500 (Wed, 19 Nov 2025)
EndedAt: 2025-11-19 16:33:03 -0500 (Wed, 19 Nov 2025)
EllapsedTime: 38.1 seconds
RetCode: 1
Status:   ERROR  
PackageFile: None
PackageFileSize: NA

Command output

##############################################################################
##############################################################################
###
### Running command:
###
###   /home/biocbuild/bbs-3.23-bioc/R/bin/R CMD build --keep-empty-dirs --no-resave-data biodbChebi
###
##############################################################################
##############################################################################


* checking for file ‘biodbChebi/DESCRIPTION’ ... OK
* preparing ‘biodbChebi’:
* checking DESCRIPTION meta-information ... OK
* installing the package (it is needed to build vignettes)
* creating vignettes ... ERROR
--- re-building ‘biodbChebi.Rmd’ using rmarkdown
INFO  [16:32:34.375] Loading definitions from package biodb version 1.19.0.
INFO  [16:32:35.960] Loading definitions from package biodbChebi version 1.17.0.
INFO  [16:32:36.094] Load 3 contents, from /home/biocbuild/.cache/R/biodb/chebi-0c5076ac2a43d16dbce503a44b09f649.
INFO  [16:32:36.125] Load 1 contents, from /home/biocbuild/.cache/R/sched.
INFO  [16:32:37.621] Error when retrieving URL content HTTP error 404 (""). When contacting URL "https://www.ebi.ac.uk/webservices/chebi/2.0/test/getCompleteEntity?chebiId=2528". Retrying connection to server...
INFO  [16:32:38.503] Error when retrieving URL content HTTP error 404 (""). When contacting URL "https://www.ebi.ac.uk/webservices/chebi/2.0/test/getCompleteEntity?chebiId=2528". Retrying connection to server...
INFO  [16:32:39.389] Error when retrieving URL content HTTP error 404 (""). When contacting URL "https://www.ebi.ac.uk/webservices/chebi/2.0/test/getCompleteEntity?chebiId=2528". Retrying connection to server...
INFO  [16:32:40.202] Error when retrieving URL content HTTP error 404 (""). When contacting URL "https://www.ebi.ac.uk/webservices/chebi/2.0/test/getCompleteEntity?chebiId=2528". Retrying connection to server...
INFO  [16:32:41.025] Error when retrieving URL content HTTP error 404 (""). When contacting URL "https://www.ebi.ac.uk/webservices/chebi/2.0/test/getCompleteEntity?chebiId=2528". Retrying connection to server...
INFO  [16:32:41.924] Error when retrieving URL content HTTP error 404 (""). When contacting URL "https://www.ebi.ac.uk/webservices/chebi/2.0/test/getCompleteEntity?chebiId=2528". Retrying connection to server...
INFO  [16:32:42.785] Error when retrieving URL content HTTP error 404 (""). When contacting URL "https://www.ebi.ac.uk/webservices/chebi/2.0/test/getCompleteEntity?chebiId=2528". Retrying connection to server...
INFO  [16:32:43.593] Error when retrieving URL content HTTP error 404 (""). When contacting URL "https://www.ebi.ac.uk/webservices/chebi/2.0/test/getCompleteEntity?chebiId=2528". Retrying connection to server...
INFO  [16:32:44.407] Error when retrieving URL content HTTP error 404 (""). When contacting URL "https://www.ebi.ac.uk/webservices/chebi/2.0/test/getCompleteEntity?chebiId=2528". Retrying connection to server...
INFO  [16:32:45.304] Error when retrieving URL content HTTP error 404 (""). When contacting URL "https://www.ebi.ac.uk/webservices/chebi/2.0/test/getCompleteEntity?chebiId=2528". Retrying connection to server...
INFO  [16:32:45.360] Load 1 contents, from /home/biocbuild/.cache/R/sched.
INFO  [16:32:46.260] Error when retrieving URL content HTTP error 404 (""). When contacting URL "https://www.ebi.ac.uk/webservices/chebi/2.0/test/getCompleteEntity?chebiId=17053". Retrying connection to server...
INFO  [16:32:47.066] Error when retrieving URL content HTTP error 404 (""). When contacting URL "https://www.ebi.ac.uk/webservices/chebi/2.0/test/getCompleteEntity?chebiId=17053". Retrying connection to server...
INFO  [16:32:48.033] Error when retrieving URL content HTTP error 404 (""). When contacting URL "https://www.ebi.ac.uk/webservices/chebi/2.0/test/getCompleteEntity?chebiId=17053". Retrying connection to server...
INFO  [16:32:48.851] Error when retrieving URL content HTTP error 404 (""). When contacting URL "https://www.ebi.ac.uk/webservices/chebi/2.0/test/getCompleteEntity?chebiId=17053". Retrying connection to server...
INFO  [16:32:49.663] Error when retrieving URL content HTTP error 404 (""). When contacting URL "https://www.ebi.ac.uk/webservices/chebi/2.0/test/getCompleteEntity?chebiId=17053". Retrying connection to server...
INFO  [16:32:50.723] Error when retrieving URL content HTTP error 404 (""). When contacting URL "https://www.ebi.ac.uk/webservices/chebi/2.0/test/getCompleteEntity?chebiId=17053". Retrying connection to server...
INFO  [16:32:51.556] Error when retrieving URL content HTTP error 404 (""). When contacting URL "https://www.ebi.ac.uk/webservices/chebi/2.0/test/getCompleteEntity?chebiId=17053". Retrying connection to server...
INFO  [16:32:52.487] Error when retrieving URL content HTTP error 404 (""). When contacting URL "https://www.ebi.ac.uk/webservices/chebi/2.0/test/getCompleteEntity?chebiId=17053". Retrying connection to server...
INFO  [16:32:53.394] Error when retrieving URL content HTTP error 404 (""). When contacting URL "https://www.ebi.ac.uk/webservices/chebi/2.0/test/getCompleteEntity?chebiId=17053". Retrying connection to server...
INFO  [16:32:54.284] Error when retrieving URL content HTTP error 404 (""). When contacting URL "https://www.ebi.ac.uk/webservices/chebi/2.0/test/getCompleteEntity?chebiId=17053". Retrying connection to server...
INFO  [16:32:54.294] Load 1 contents, from /home/biocbuild/.cache/R/sched.
INFO  [16:32:55.154] Error when retrieving URL content HTTP error 404 (""). When contacting URL "https://www.ebi.ac.uk/webservices/chebi/2.0/test/getCompleteEntity?chebiId=15440". Retrying connection to server...
INFO  [16:32:56.092] Error when retrieving URL content HTTP error 404 (""). When contacting URL "https://www.ebi.ac.uk/webservices/chebi/2.0/test/getCompleteEntity?chebiId=15440". Retrying connection to server...
INFO  [16:32:56.948] Error when retrieving URL content HTTP error 404 (""). When contacting URL "https://www.ebi.ac.uk/webservices/chebi/2.0/test/getCompleteEntity?chebiId=15440". Retrying connection to server...
INFO  [16:32:57.808] Error when retrieving URL content HTTP error 404 (""). When contacting URL "https://www.ebi.ac.uk/webservices/chebi/2.0/test/getCompleteEntity?chebiId=15440". Retrying connection to server...
INFO  [16:32:58.626] Error when retrieving URL content HTTP error 404 (""). When contacting URL "https://www.ebi.ac.uk/webservices/chebi/2.0/test/getCompleteEntity?chebiId=15440". Retrying connection to server...
INFO  [16:32:59.495] Error when retrieving URL content HTTP error 404 (""). When contacting URL "https://www.ebi.ac.uk/webservices/chebi/2.0/test/getCompleteEntity?chebiId=15440". Retrying connection to server...
INFO  [16:33:00.306] Error when retrieving URL content HTTP error 404 (""). When contacting URL "https://www.ebi.ac.uk/webservices/chebi/2.0/test/getCompleteEntity?chebiId=15440". Retrying connection to server...
INFO  [16:33:01.116] Error when retrieving URL content HTTP error 404 (""). When contacting URL "https://www.ebi.ac.uk/webservices/chebi/2.0/test/getCompleteEntity?chebiId=15440". Retrying connection to server...
INFO  [16:33:01.917] Error when retrieving URL content HTTP error 404 (""). When contacting URL "https://www.ebi.ac.uk/webservices/chebi/2.0/test/getCompleteEntity?chebiId=15440". Retrying connection to server...
INFO  [16:33:02.757] Error when retrieving URL content HTTP error 404 (""). When contacting URL "https://www.ebi.ac.uk/webservices/chebi/2.0/test/getCompleteEntity?chebiId=15440". Retrying connection to server...
INFO  [16:33:02.763] Save 3 contents to /home/biocbuild/.cache/R/biodb/chebi-0c5076ac2a43d16dbce503a44b09f649.

Quitting from biodbChebi.Rmd:72-74 [unnamed-chunk-5]
~~~~~~~~~~~~~~~~~~~~~~~~~~~~~~~~~~~~~~~~~~~~~~~~~~~~~~~~~~~~~~~~~~~~~~~~~~~~~~~~
<error/rlang_error>
Error:
! attempt to apply non-function
~~~~~~~~~~~~~~~~~~~~~~~~~~~~~~~~~~~~~~~~~~~~~~~~~~~~~~~~~~~~~~~~~~~~~~~~~~~~~~~~

Error: processing vignette 'biodbChebi.Rmd' failed with diagnostics:
attempt to apply non-function
--- failed re-building ‘biodbChebi.Rmd’

SUMMARY: processing the following file failed:
  ‘biodbChebi.Rmd’

Error: Vignette re-building failed.
Execution halted