| Back to Multiple platform build/check report for BioC 3.23: simplified long |
|
This page was generated on 2025-11-19 10:14 -0500 (Wed, 19 Nov 2025).
| Hostname | OS | Arch (*) | R version | Installed pkgs |
|---|---|---|---|---|
| nebbiolo1 | Linux (Ubuntu 24.04.3 LTS) | x86_64 | R Under development (unstable) (2025-10-20 r88955) -- "Unsuffered Consequences" | 4827 |
| lconway | macOS 12.7.6 Monterey | x86_64 | R Under development (unstable) (2025-10-21 r88958) -- "Unsuffered Consequences" | 4600 |
| kjohnson3 | macOS 13.7.7 Ventura | arm64 | R Under development (unstable) (2025-11-04 r88984) -- "Unsuffered Consequences" | 4564 |
| Click on any hostname to see more info about the system (e.g. compilers) (*) as reported by 'uname -p', except on Windows and Mac OS X | ||||
| Package 677/2325 | Hostname | OS / Arch | INSTALL | BUILD | CHECK | BUILD BIN | ||||||||
| epistack 1.17.0 (landing page) DEVAILLY Guillaume
| nebbiolo1 | Linux (Ubuntu 24.04.3 LTS) / x86_64 | OK | OK | OK | |||||||||
| lconway | macOS 12.7.6 Monterey / x86_64 | OK | OK | OK | OK | |||||||||
| kjohnson3 | macOS 13.7.7 Ventura / arm64 | OK | ERROR | skipped | skipped | |||||||||
|
To the developers/maintainers of the epistack package: - Allow up to 24 hours (and sometimes 48 hours) for your latest push to git@git.bioconductor.org:packages/epistack.git to reflect on this report. See Troubleshooting Build Report for more information. - Use the following Renviron settings to reproduce errors and warnings. - If 'R CMD check' started to fail recently on the Linux builder(s) over a missing dependency, add the missing dependency to 'Suggests:' in your DESCRIPTION file. See Renviron.bioc for more information. |
| Package: epistack |
| Version: 1.17.0 |
| Command: /Library/Frameworks/R.framework/Resources/bin/R CMD build --keep-empty-dirs --no-resave-data epistack |
| StartedAt: 2025-11-18 16:28:58 -0500 (Tue, 18 Nov 2025) |
| EndedAt: 2025-11-18 16:29:14 -0500 (Tue, 18 Nov 2025) |
| EllapsedTime: 16.2 seconds |
| RetCode: 1 |
| Status: ERROR |
| PackageFile: None |
| PackageFileSize: NA |
##############################################################################
##############################################################################
###
### Running command:
###
### /Library/Frameworks/R.framework/Resources/bin/R CMD build --keep-empty-dirs --no-resave-data epistack
###
##############################################################################
##############################################################################
* checking for file ‘epistack/DESCRIPTION’ ... OK
* preparing ‘epistack’:
* checking DESCRIPTION meta-information ... OK
* installing the package (it is needed to build vignettes)
* creating vignettes ... ERROR
--- re-building ‘using_epistack.Rmd’ using rmarkdown
2025-11-18 16:29:09.080 R[70573:70226111] XType: Using static font registry.
Quitting from using_epistack.Rmd:233-236 [peak_loading]
~~~~~~~~~~~~~~~~~~~~~~~~~~~~~~~~~~~~~~~~~~~~~~~~~~~~~~~~~~~~~~~~~~~~~~~~~~~~~~~~
<error/rlang_error>
Error in `open.connection()`:
! cannot open the connection to 'https://raw.githubusercontent.com/Bioconductor/CSAMA2016/master/lab-5-chipseq/EpigeneticsCSAMA/inst/bedfiles/Rep1_peaks_ucsc_chr6.bed'
---
Backtrace:
▆
1. ├─BiocGenerics::lapply(path_peaks, import)
2. └─base::lapply(path_peaks, import)
3. ├─BiocIO (local) FUN(X[[i]], ...)
4. └─BiocIO (local) FUN(X[[i]], ...)
5. ├─BiocIO::import(FileForFormat(con), ...)
6. └─rtracklayer::import(FileForFormat(con), ...)
7. └─rtracklayer (local) .local(con, format, text, ...)
8. └─rtracklayer:::queryForConnection(m, con, which)
9. └─BiocIO:::connectionForResource(manager, resource, open = "r")
10. ├─base::open(con, open)
11. └─base::open.connection(con, open)
~~~~~~~~~~~~~~~~~~~~~~~~~~~~~~~~~~~~~~~~~~~~~~~~~~~~~~~~~~~~~~~~~~~~~~~~~~~~~~~~
Error: processing vignette 'using_epistack.Rmd' failed with diagnostics:
cannot open the connection to 'https://raw.githubusercontent.com/Bioconductor/CSAMA2016/master/lab-5-chipseq/EpigeneticsCSAMA/inst/bedfiles/Rep1_peaks_ucsc_chr6.bed'
--- failed re-building ‘using_epistack.Rmd’
SUMMARY: processing the following file failed:
‘using_epistack.Rmd’
Error: Vignette re-building failed.
Execution halted