| Back to Build/check report for BioC 3.23: simplified long |
|
This page was generated on 2025-10-31 08:34 -0400 (Fri, 31 Oct 2025).
| Hostname | OS | Arch (*) | R version | Installed pkgs |
|---|---|---|---|---|
| nebbiolo1 | Linux (Ubuntu 24.04.3 LTS) | x86_64 | R Under development (unstable) (2025-10-20 r88955) -- "Unsuffered Consequences" | 4428 |
| Click on any hostname to see more info about the system (e.g. compilers) (*) as reported by 'uname -p', except on Windows and Mac OS X | ||||
| Package 790/2321 | Hostname | OS / Arch | INSTALL | BUILD | CHECK | BUILD BIN | ||||||||
| gDNAx 1.9.0 (landing page) Robert Castelo
| nebbiolo1 | Linux (Ubuntu 24.04.3 LTS) / x86_64 | OK | ERROR | skipped | |||||||||
|
To the developers/maintainers of the gDNAx package: - Allow up to 24 hours (and sometimes 48 hours) for your latest push to git@git.bioconductor.org:packages/gDNAx.git to reflect on this report. See Troubleshooting Build Report for more information. - Use the following Renviron settings to reproduce errors and warnings. - If 'R CMD check' started to fail recently on the Linux builder(s) over a missing dependency, add the missing dependency to 'Suggests:' in your DESCRIPTION file. See Renviron.bioc for more information. |
| Package: gDNAx |
| Version: 1.9.0 |
| Command: /home/biocbuild/bbs-3.23-bioc/R/bin/R CMD build --keep-empty-dirs --no-resave-data gDNAx |
| StartedAt: 2025-10-30 17:12:45 -0400 (Thu, 30 Oct 2025) |
| EndedAt: 2025-10-30 17:13:55 -0400 (Thu, 30 Oct 2025) |
| EllapsedTime: 70.1 seconds |
| RetCode: 1 |
| Status: ERROR |
| PackageFile: None |
| PackageFileSize: NA |
##############################################################################
##############################################################################
###
### Running command:
###
### /home/biocbuild/bbs-3.23-bioc/R/bin/R CMD build --keep-empty-dirs --no-resave-data gDNAx
###
##############################################################################
##############################################################################
* checking for file ‘gDNAx/DESCRIPTION’ ... OK
* preparing ‘gDNAx’:
* checking DESCRIPTION meta-information ... OK
* installing the package (it is needed to build vignettes)
* creating vignettes ... ERROR
--- re-building ‘gDNAx.Rmd’ using rmarkdown
Quitting from gDNAx.Rmd:90-95 [unnamed-chunk-2]
~~~~~~~~~~~~~~~~~~~~~~~~~~~~~~~~~~~~~~~~~~~~~~~~~~~~~~~~~~~~~~~~~~~~~~~~~~~~~~~~
<error/rlang_error>
Error in `library()`:
! there is no package called 'TxDb.Hsapiens.UCSC.hg38.knownGene'
---
Backtrace:
▆
1. └─base::library(TxDb.Hsapiens.UCSC.hg38.knownGene)
~~~~~~~~~~~~~~~~~~~~~~~~~~~~~~~~~~~~~~~~~~~~~~~~~~~~~~~~~~~~~~~~~~~~~~~~~~~~~~~~
Error: processing vignette 'gDNAx.Rmd' failed with diagnostics:
there is no package called 'TxDb.Hsapiens.UCSC.hg38.knownGene'
--- failed re-building ‘gDNAx.Rmd’
SUMMARY: processing the following file failed:
‘gDNAx.Rmd’
Error: Vignette re-building failed.
Execution halted