Back to Multiple platform build/check report for BioC 3.22:   simplified   long
ABCDEF[G]HIJKLMNOPQRSTUVWXYZ

This page was generated on 2025-10-16 12:05 -0400 (Thu, 16 Oct 2025).

HostnameOSArch (*)R versionInstalled pkgs
nebbiolo2Linux (Ubuntu 24.04.3 LTS)x86_644.5.1 Patched (2025-08-23 r88802) -- "Great Square Root" 4867
lconwaymacOS 12.7.6 Montereyx86_644.5.1 Patched (2025-09-10 r88807) -- "Great Square Root" 4655
kjohnson3macOS 13.7.7 Venturaarm644.5.1 Patched (2025-09-10 r88807) -- "Great Square Root" 4600
taishanLinux (openEuler 24.03 LTS)aarch644.5.0 (2025-04-11) -- "How About a Twenty-Six" 4610
Click on any hostname to see more info about the system (e.g. compilers)      (*) as reported by 'uname -p', except on Windows and Mac OS X

Package 891/2346HostnameOS / ArchINSTALLBUILDCHECKBUILD BIN
gmapR 1.51.1  (landing page)
Michael Lawrence
Snapshot Date: 2025-10-15 13:45 -0400 (Wed, 15 Oct 2025)
git_url: https://git.bioconductor.org/packages/gmapR
git_branch: devel
git_last_commit: 29973df
git_last_commit_date: 2025-07-31 12:27:48 -0400 (Thu, 31 Jul 2025)
nebbiolo2Linux (Ubuntu 24.04.3 LTS) / x86_64  OK    ERROR  skipped
lconwaymacOS 12.7.6 Monterey / x86_64  OK    ERROR  skippedskipped
kjohnson3macOS 13.7.7 Ventura / arm64  ERROR    ERROR  skippedskipped
taishanLinux (openEuler 24.03 LTS) / aarch64  OK    ERROR  skipped


BUILD results for gmapR on lconway

To the developers/maintainers of the gmapR package:
- Allow up to 24 hours (and sometimes 48 hours) for your latest push to git@git.bioconductor.org:packages/gmapR.git to reflect on this report. See Troubleshooting Build Report for more information.
- Use the following Renviron settings to reproduce errors and warnings.
- If 'R CMD check' started to fail recently on the Linux builder(s) over a missing dependency, add the missing dependency to 'Suggests:' in your DESCRIPTION file. See Renviron.bioc for more information.

raw results


Summary

Package: gmapR
Version: 1.51.1
Command: /Library/Frameworks/R.framework/Resources/bin/R CMD build --keep-empty-dirs --no-resave-data gmapR
StartedAt: 2025-10-15 17:25:43 -0400 (Wed, 15 Oct 2025)
EndedAt: 2025-10-15 17:35:32 -0400 (Wed, 15 Oct 2025)
EllapsedTime: 589.4 seconds
RetCode: 1
Status:   ERROR  
PackageFile: None
PackageFileSize: NA

Command output

##############################################################################
##############################################################################
###
### Running command:
###
###   /Library/Frameworks/R.framework/Resources/bin/R CMD build --keep-empty-dirs --no-resave-data gmapR
###
##############################################################################
##############################################################################


* checking for file ‘gmapR/DESCRIPTION’ ... OK
* preparing ‘gmapR’:
* checking DESCRIPTION meta-information ... OK
* cleaning src
* installing the package to build vignettes
* creating vignettes ... ERROR
--- re-building ‘gmapR.Rnw’ using Sweave
Loading required package: AnnotationDbi
Loading required package: stats4
Loading required package: BiocGenerics
Loading required package: generics

Attaching package: ‘generics’

The following objects are masked from ‘package:base’:

    as.difftime, as.factor, as.ordered, intersect, is.element, setdiff,
    setequal, union


Attaching package: ‘BiocGenerics’

The following objects are masked from ‘package:stats’:

    IQR, mad, sd, var, xtabs

The following objects are masked from ‘package:base’:

    Filter, Find, Map, Position, Reduce, anyDuplicated, aperm, append,
    as.data.frame, basename, cbind, colnames, dirname, do.call,
    duplicated, eval, evalq, get, grep, grepl, is.unsorted, lapply,
    mapply, match, mget, order, paste, pmax, pmax.int, pmin, pmin.int,
    rank, rbind, rownames, sapply, saveRDS, table, tapply, unique,
    unsplit, which.max, which.min

Loading required package: Biobase
Welcome to Bioconductor

    Vignettes contain introductory material; view with
    'browseVignettes()'. To cite Bioconductor, see
    'citation("Biobase")', and for packages 'citation("pkgname")'.

Loading required package: IRanges
Loading required package: S4Vectors

Attaching package: ‘S4Vectors’

The following object is masked from ‘package:utils’:

    findMatches

The following objects are masked from ‘package:base’:

    I, expand.grid, unname


Loading required package: GenomicFeatures
Loading required package: Seqinfo
Loading required package: GenomicRanges
Loading required package: BSgenome
Loading required package: Biostrings
Loading required package: XVector

Attaching package: ‘Biostrings’

The following object is masked from ‘package:base’:

    strsplit

Loading required package: BiocIO
Loading required package: rtracklayer
Loading required package: Rsamtools
NOTE: genome 'TP53_demo_3.22.1' already exists, not overwriting
Warning in valid.GenomicRanges.seqinfo(x, suggest.trim = TRUE) :
  GRanges object contains 18 out-of-bound ranges located on sequence chr17.
  Note that ranges located on a sequence whose length is unknown (NA) or on a
  circular sequence are not considered out-of-bound (use seqlengths() and
  isCircular() to get the lengths and circularity flags of the underlying
  sequences). You can use trim() to trim these ranges. See
  ?`trim,GenomicRanges-method` for more information.
Warning in valid.GenomicRanges.seqinfo(x, suggest.trim = TRUE) :
  GRanges object contains 18 out-of-bound ranges located on sequence chr17.
  Note that ranges located on a sequence whose length is unknown (NA) or on a
  circular sequence are not considered out-of-bound (use seqlengths() and
  isCircular() to get the lengths and circularity flags of the underlying
  sequences). You can use trim() to trim these ranges. See
  ?`trim,GenomicRanges-method` for more information.
Warning in valid.GenomicRanges.seqinfo(x, suggest.trim = TRUE) :
  GRanges object contains 20 out-of-bound ranges located on sequence TP53. Note
  that ranges located on a sequence whose length is unknown (NA) or on a
  circular sequence are not considered out-of-bound (use seqlengths() and
  isCircular() to get the lengths and circularity flags of the underlying
  sequences). You can use trim() to trim these ranges. See
  ?`trim,GenomicRanges-method` for more information.
Warning in valid.GenomicRanges.seqinfo(x, suggest.trim = TRUE) :
  GRanges object contains 18 out-of-bound ranges located on sequence TP53. Note
  that ranges located on a sequence whose length is unknown (NA) or on a
  circular sequence are not considered out-of-bound (use seqlengths() and
  isCircular() to get the lengths and circularity flags of the underlying
  sequences). You can use trim() to trim these ranges. See
  ?`trim,GenomicRanges-method` for more information.
Warning in valid.GenomicRanges.seqinfo(x, suggest.trim = TRUE) :
  GRanges object contains 14 out-of-bound ranges located on sequence TP53. Note
  that ranges located on a sequence whose length is unknown (NA) or on a
  circular sequence are not considered out-of-bound (use seqlengths() and
  isCircular() to get the lengths and circularity flags of the underlying
  sequences). You can use trim() to trim these ranges. See
  ?`trim,GenomicRanges-method` for more information.
Warning in valid.GenomicRanges.seqinfo(x, suggest.trim = TRUE) :
  GRanges object contains 18 out-of-bound ranges located on sequence TP53. Note
  that ranges located on a sequence whose length is unknown (NA) or on a
  circular sequence are not considered out-of-bound (use seqlengths() and
  isCircular() to get the lengths and circularity flags of the underlying
  sequences). You can use trim() to trim these ranges. See
  ?`trim,GenomicRanges-method` for more information.
Warning in valid.GenomicRanges.seqinfo(x, suggest.trim = TRUE) :
  GRanges object contains 14 out-of-bound ranges located on sequence TP53. Note
  that ranges located on a sequence whose length is unknown (NA) or on a
  circular sequence are not considered out-of-bound (use seqlengths() and
  isCircular() to get the lengths and circularity flags of the underlying
  sequences). You can use trim() to trim these ranges. See
  ?`trim,GenomicRanges-method` for more information.
Warning in valid.GenomicRanges.seqinfo(x, suggest.trim = TRUE) :
  GRanges object contains 32 out-of-bound ranges located on sequence TP53. Note
  that ranges located on a sequence whose length is unknown (NA) or on a
  circular sequence are not considered out-of-bound (use seqlengths() and
  isCircular() to get the lengths and circularity flags of the underlying
  sequences). You can use trim() to trim these ranges. See
  ?`trim,GenomicRanges-method` for more information.
Error parsing TP53:-9550..-9549.  Expecting coords (as <div>:<number>..<number>)
Problematic line was: >701792 TP53:-9550..-9549 donor 2


Error: processing vignette 'gmapR.Rnw' failed with diagnostics:
 chunk 4 (label = set_TP53_splicesites) 
Error in writeLines(lines, p) : ignoring SIGPIPE signal

--- failed re-building ‘gmapR.Rnw’

SUMMARY: processing the following file failed:
  ‘gmapR.Rnw’

Error: Vignette re-building failed.
Execution halted