| Back to Multiple platform build/check report for BioC 3.22: simplified long |
|
This page was generated on 2025-10-21 12:07 -0400 (Tue, 21 Oct 2025).
| Hostname | OS | Arch (*) | R version | Installed pkgs |
|---|---|---|---|---|
| nebbiolo2 | Linux (Ubuntu 24.04.3 LTS) | x86_64 | 4.5.1 Patched (2025-08-23 r88802) -- "Great Square Root" | 4887 |
| lconway | macOS 12.7.6 Monterey | x86_64 | 4.5.1 Patched (2025-09-10 r88807) -- "Great Square Root" | 4677 |
| kjohnson3 | macOS 13.7.7 Ventura | arm64 | 4.5.1 Patched (2025-09-10 r88807) -- "Great Square Root" | 4622 |
| taishan | Linux (openEuler 24.03 LTS) | aarch64 | 4.5.0 (2025-04-11) -- "How About a Twenty-Six" | 4642 |
| Click on any hostname to see more info about the system (e.g. compilers) (*) as reported by 'uname -p', except on Windows and Mac OS X | ||||
| Package 1137/2353 | Hostname | OS / Arch | INSTALL | BUILD | CHECK | BUILD BIN | ||||||||
| linkSet 0.99.19 (landing page) Gilbert Han
| nebbiolo2 | Linux (Ubuntu 24.04.3 LTS) / x86_64 | OK | OK | WARNINGS | |||||||||
| lconway | macOS 12.7.6 Monterey / x86_64 | OK | ERROR | skipped | skipped | |||||||||
| kjohnson3 | macOS 13.7.7 Ventura / arm64 | OK | ERROR | skipped | skipped | |||||||||
| taishan | Linux (openEuler 24.03 LTS) / aarch64 | OK | OK | WARNINGS | ||||||||||
|
To the developers/maintainers of the linkSet package: - Allow up to 24 hours (and sometimes 48 hours) for your latest push to git@git.bioconductor.org:packages/linkSet.git to reflect on this report. See Troubleshooting Build Report for more information. - Use the following Renviron settings to reproduce errors and warnings. - If 'R CMD check' started to fail recently on the Linux builder(s) over a missing dependency, add the missing dependency to 'Suggests:' in your DESCRIPTION file. See Renviron.bioc for more information. - See Martin Grigorov's blog post for how to debug Linux ARM64 related issues on a x86_64 host. |
| Package: linkSet |
| Version: 0.99.19 |
| Command: /home/biocbuild/R/R/bin/R CMD check --install=check:linkSet.install-out.txt --library=/home/biocbuild/R/R/site-library --no-vignettes --timings linkSet_0.99.19.tar.gz |
| StartedAt: 2025-10-17 10:33:20 -0000 (Fri, 17 Oct 2025) |
| EndedAt: 2025-10-17 10:39:51 -0000 (Fri, 17 Oct 2025) |
| EllapsedTime: 391.4 seconds |
| RetCode: 0 |
| Status: WARNINGS |
| CheckDir: linkSet.Rcheck |
| Warnings: 1 |
##############################################################################
##############################################################################
###
### Running command:
###
### /home/biocbuild/R/R/bin/R CMD check --install=check:linkSet.install-out.txt --library=/home/biocbuild/R/R/site-library --no-vignettes --timings linkSet_0.99.19.tar.gz
###
##############################################################################
##############################################################################
* using log directory ‘/home/biocbuild/bbs-3.22-bioc/meat/linkSet.Rcheck’
* using R version 4.5.0 (2025-04-11)
* using platform: aarch64-unknown-linux-gnu
* R was compiled by
aarch64-unknown-linux-gnu-gcc (GCC) 14.2.0
GNU Fortran (GCC) 14.2.0
* running under: openEuler 24.03 (LTS)
* using session charset: UTF-8
* using option ‘--no-vignettes’
* checking for file ‘linkSet/DESCRIPTION’ ... OK
* this is package ‘linkSet’ version ‘0.99.19’
* package encoding: UTF-8
* checking package namespace information ... OK
* checking package dependencies ... OK
* checking if this is a source package ... OK
* checking if there is a namespace ... OK
* checking for hidden files and directories ... OK
* checking for portable file names ... OK
* checking for sufficient/correct file permissions ... OK
* checking whether package ‘linkSet’ can be installed ... OK
* checking installed package size ... OK
* checking package directory ... OK
* checking ‘build’ directory ... OK
* checking DESCRIPTION meta-information ... NOTE
License stub is invalid DCF.
* checking top-level files ... OK
* checking for left-over files ... OK
* checking index information ... OK
* checking package subdirectories ... OK
* checking code files for non-ASCII characters ... OK
* checking R files for syntax errors ... OK
* checking whether the package can be loaded ... OK
* checking whether the package can be loaded with stated dependencies ... OK
* checking whether the package can be unloaded cleanly ... OK
* checking whether the namespace can be loaded with stated dependencies ... OK
* checking whether the namespace can be unloaded cleanly ... OK
* checking loading without being on the library search path ... OK
* checking dependencies in R code ... OK
* checking S3 generic/method consistency ... WARNING
ggplot_add:
function(object, plot, ...)
ggplot_add.interSet:
function(object, plot, object_name)
See section ‘Generic functions and methods’ in the ‘Writing R
Extensions’ manual.
* checking replacement functions ... OK
* checking foreign function calls ... OK
* checking R code for possible problems ... OK
* checking Rd files ... OK
* checking Rd metadata ... OK
* checking Rd cross-references ... OK
* checking for missing documentation entries ... OK
* checking for code/documentation mismatches ... OK
* checking Rd \usage sections ... OK
* checking Rd contents ... OK
* checking for unstated dependencies in examples ... OK
* checking contents of ‘data’ directory ... OK
* checking data for non-ASCII characters ... OK
* checking data for ASCII and uncompressed saves ... OK
* checking files in ‘vignettes’ ... OK
* checking examples ... OK
* checking for unstated dependencies in ‘tests’ ... OK
* checking tests ...
Running ‘testthat.R’
OK
* checking for unstated dependencies in vignettes ... OK
* checking package vignettes ... OK
* checking running R code from vignettes ... SKIPPED
* checking re-building of vignette outputs ... SKIPPED
* checking PDF version of manual ... OK
* DONE
Status: 1 WARNING, 1 NOTE
See
‘/home/biocbuild/bbs-3.22-bioc/meat/linkSet.Rcheck/00check.log’
for details.
linkSet.Rcheck/00install.out
############################################################################## ############################################################################## ### ### Running command: ### ### /home/biocbuild/R/R/bin/R CMD INSTALL linkSet ### ############################################################################## ############################################################################## * installing to library ‘/home/biocbuild/R/R-4.5.0/site-library’ * installing *source* package ‘linkSet’ ... ** this is package ‘linkSet’ version ‘0.99.19’ ** using staged installation ** R ** data ** inst ** byte-compile and prepare package for lazy loading in method for ‘Convert’ with signature ‘x="GInteractions"’: no definition for class “GInteractions” in method for ‘baitGInteractions’ with signature ‘x="GInteractions",geneGr="GRanges",peakGr="GRanges"’: no definition for class “GInteractions” ** help *** installing help indices *** copying figures ** building package indices ** installing vignettes ** testing if installed package can be loaded from temporary location ** testing if installed package can be loaded from final location ** testing if installed package keeps a record of temporary installation path * DONE (linkSet)
linkSet.Rcheck/tests/testthat.Rout
R version 4.5.0 (2025-04-11) -- "How About a Twenty-Six"
Copyright (C) 2025 The R Foundation for Statistical Computing
Platform: aarch64-unknown-linux-gnu
R is free software and comes with ABSOLUTELY NO WARRANTY.
You are welcome to redistribute it under certain conditions.
Type 'license()' or 'licence()' for distribution details.
R is a collaborative project with many contributors.
Type 'contributors()' for more information and
'citation()' on how to cite R or R packages in publications.
Type 'demo()' for some demos, 'help()' for on-line help, or
'help.start()' for an HTML browser interface to help.
Type 'q()' to quit R.
> # This file is part of the standard setup for testthat.
> # It is recommended that you do not modify it.
> #
> # Where should you do additional test configuration?
> # Learn more about the roles of various files in:
> # * https://r-pkgs.org/testing-design.html#sec-tests-files-overview
> # * https://testthat.r-lib.org/articles/special-files.html
>
> library(testthat)
> library(linkSet)
Loading required package: GenomicRanges
Loading required package: stats4
Loading required package: BiocGenerics
Loading required package: generics
Attaching package: 'generics'
The following objects are masked from 'package:base':
as.difftime, as.factor, as.ordered, intersect, is.element, setdiff,
setequal, union
Attaching package: 'BiocGenerics'
The following objects are masked from 'package:stats':
IQR, mad, sd, var, xtabs
The following objects are masked from 'package:base':
Filter, Find, Map, Position, Reduce, anyDuplicated, aperm, append,
as.data.frame, basename, cbind, colnames, dirname, do.call,
duplicated, eval, evalq, get, grep, grepl, is.unsorted, lapply,
mapply, match, mget, order, paste, pmax, pmax.int, pmin, pmin.int,
rank, rbind, rownames, sapply, saveRDS, table, tapply, unique,
unsplit, which.max, which.min
Loading required package: S4Vectors
Attaching package: 'S4Vectors'
The following object is masked from 'package:utils':
findMatches
The following objects are masked from 'package:base':
I, expand.grid, unname
Loading required package: IRanges
Loading required package: Seqinfo
>
> test_check("linkSet")
[1] "Not found column 'bait.id', adding bait name as default."
[1] "Not found column 'bait.to.bait' Set 'FALSE' as default."
[1] "fitting model...."
[ FAIL 0 | WARN 0 | SKIP 0 | PASS 166 ]
>
> proc.time()
user system elapsed
27.707 1.511 29.299
linkSet.Rcheck/linkSet-Ex.timings
| name | user | system | elapsed | |
| Convert | 1.120 | 0.024 | 1.148 | |
| Embryo_body | 0.023 | 0.000 | 0.025 | |
| annotateInter-linkSet-method | 0.037 | 0.008 | 0.045 | |
| annotatePromoter-linkSet-method | 1.086 | 0.091 | 1.182 | |
| as.GInteractions | 0.091 | 0.000 | 0.091 | |
| as.data.frame-linkSet-method | 0.027 | 0.000 | 0.027 | |
| baitGInteractions | 0.418 | 0.012 | 0.432 | |
| cleanUnusedRegions | 0.005 | 0.000 | 0.005 | |
| countInteractibility | 0.225 | 0.000 | 0.225 | |
| countInteractions | 0.066 | 0.004 | 0.071 | |
| crossGeneEnhancer-linkSet-method | 0.271 | 0.000 | 0.272 | |
| diagnoseLinkSet-linkSet-method | 0.981 | 0.011 | 0.996 | |
| exportInterBed | 0.073 | 0.012 | 0.086 | |
| exportWashU | 0.033 | 0.000 | 0.033 | |
| filterLinks-linkSet-method | 0.104 | 0.008 | 0.112 | |
| geom_linkset | 0.102 | 0.024 | 0.127 | |
| linkExample | 0.033 | 0.008 | 0.042 | |
| linkSet-GRange-Methods | 1.438 | 0.048 | 1.492 | |
| linkSet-accessors | 0.022 | 0.000 | 0.022 | |
| linkSet-class | 0.241 | 0.016 | 0.258 | |
| linkSet-subset-methods | 0.104 | 0.000 | 0.104 | |
| linkSet | 0.009 | 0.004 | 0.013 | |
| oe-set | 0.176 | 0.004 | 0.180 | |
| orderLinks-linkSet-method | 0.103 | 0.000 | 0.103 | |
| pairdist-linkSet-method | 0.032 | 0.000 | 0.032 | |
| plotBaits | 0.109 | 0.008 | 0.117 | |
| plotGenomicRanges-linkSet-method | 0.585 | 0.044 | 0.631 | |
| plotGenomicRanges | 0.114 | 0.004 | 0.119 | |
| reduceRegions | 0.278 | 0.000 | 0.279 | |
| regionsBait-set | 0.201 | 0.000 | 0.202 | |
| run_chicane | 0.771 | 0.024 | 0.798 | |
| show | 0.118 | 0.000 | 0.119 | |
| showLinkSet | 0.114 | 0.000 | 0.115 | |
| withTxDb | 0 | 0 | 0 | |