Back to Multiple platform build/check report for BioC 3.23:   simplified   long
ABCDEFGHIJKL[M]NOPQRSTUVWXYZ

This page was generated on 2025-11-27 11:38 -0500 (Thu, 27 Nov 2025).

HostnameOSArch (*)R versionInstalled pkgs
nebbiolo1Linux (Ubuntu 24.04.3 LTS)x86_64R Under development (unstable) (2025-10-20 r88955) -- "Unsuffered Consequences" 4865
lconwaymacOS 12.7.6 Montereyx86_64R Under development (unstable) (2025-10-21 r88958) -- "Unsuffered Consequences" 4614
kjohnson3macOS 13.7.7 Venturaarm64R Under development (unstable) (2025-11-04 r88984) -- "Unsuffered Consequences" 4571
Click on any hostname to see more info about the system (e.g. compilers)      (*) as reported by 'uname -p', except on Windows and Mac OS X

Package 1287/2328HostnameOS / ArchINSTALLBUILDCHECKBUILD BIN
midasHLA 1.19.0  (landing page)
Maciej Migdał
Snapshot Date: 2025-11-26 13:40 -0500 (Wed, 26 Nov 2025)
git_url: https://git.bioconductor.org/packages/midasHLA
git_branch: devel
git_last_commit: f95a648
git_last_commit_date: 2025-10-29 11:06:38 -0500 (Wed, 29 Oct 2025)
nebbiolo1Linux (Ubuntu 24.04.3 LTS) / x86_64  OK    OK    WARNINGS  UNNEEDED, same version is already published
lconwaymacOS 12.7.6 Monterey / x86_64  OK    OK    WARNINGS    OK  UNNEEDED, same version is already published
kjohnson3macOS 13.7.7 Ventura / arm64  OK    OK    ERROR    OK  


CHECK results for midasHLA on lconway

To the developers/maintainers of the midasHLA package:
- Allow up to 24 hours (and sometimes 48 hours) for your latest push to git@git.bioconductor.org:packages/midasHLA.git to reflect on this report. See Troubleshooting Build Report for more information.
- Use the following Renviron settings to reproduce errors and warnings.
- If 'R CMD check' started to fail recently on the Linux builder(s) over a missing dependency, add the missing dependency to 'Suggests:' in your DESCRIPTION file. See Renviron.bioc for more information.

raw results


Summary

Package: midasHLA
Version: 1.19.0
Command: /Library/Frameworks/R.framework/Resources/bin/R CMD check --install=check:midasHLA.install-out.txt --library=/Library/Frameworks/R.framework/Resources/library --no-vignettes --timings midasHLA_1.19.0.tar.gz
StartedAt: 2025-11-26 22:23:10 -0500 (Wed, 26 Nov 2025)
EndedAt: 2025-11-26 22:29:10 -0500 (Wed, 26 Nov 2025)
EllapsedTime: 359.3 seconds
RetCode: 0
Status:   WARNINGS  
CheckDir: midasHLA.Rcheck
Warnings: 1

Command output

##############################################################################
##############################################################################
###
### Running command:
###
###   /Library/Frameworks/R.framework/Resources/bin/R CMD check --install=check:midasHLA.install-out.txt --library=/Library/Frameworks/R.framework/Resources/library --no-vignettes --timings midasHLA_1.19.0.tar.gz
###
##############################################################################
##############################################################################


* using log directory ‘/Users/biocbuild/bbs-3.23-bioc/meat/midasHLA.Rcheck’
* using R Under development (unstable) (2025-10-21 r88958)
* using platform: x86_64-apple-darwin20
* R was compiled by
    Apple clang version 14.0.0 (clang-1400.0.29.202)
    GNU Fortran (GCC) 14.2.0
* running under: macOS Ventura 13.7.8
* using session charset: UTF-8
* using option ‘--no-vignettes’
* checking for file ‘midasHLA/DESCRIPTION’ ... OK
* this is package ‘midasHLA’ version ‘1.19.0’
* package encoding: UTF-8
* checking package namespace information ... OK
* checking package dependencies ... OK
* checking if this is a source package ... OK
* checking if there is a namespace ... OK
* checking for hidden files and directories ... NOTE
Found the following hidden files and directories:
  .BBSoptions
These were most likely included in error. See section ‘Package
structure’ in the ‘Writing R Extensions’ manual.
* checking for portable file names ... OK
* checking for sufficient/correct file permissions ... OK
* checking whether package ‘midasHLA’ can be installed ... OK
* checking installed package size ... OK
* checking package directory ... OK
* checking ‘build’ directory ... OK
* checking DESCRIPTION meta-information ... NOTE
License stub is invalid DCF.
* checking top-level files ... OK
* checking for left-over files ... OK
* checking index information ... OK
* checking package subdirectories ... OK
* checking code files for non-ASCII characters ... OK
* checking R files for syntax errors ... OK
* checking whether the package can be loaded ... OK
* checking whether the package can be loaded with stated dependencies ... OK
* checking whether the package can be unloaded cleanly ... OK
* checking whether the namespace can be loaded with stated dependencies ... OK
* checking whether the namespace can be unloaded cleanly ... OK
* checking dependencies in R code ... OK
* checking S3 generic/method consistency ... OK
* checking replacement functions ... OK
* checking foreign function calls ... OK
* checking R code for possible problems ... OK
* checking Rd files ... NOTE
checkRd: (-1) omnibusTest.Rd:39: Lost braces in \itemize; \value handles \item{}{} directly
checkRd: (-1) omnibusTest.Rd:40: Lost braces in \itemize; \value handles \item{}{} directly
checkRd: (-1) omnibusTest.Rd:41: Lost braces in \itemize; \value handles \item{}{} directly
checkRd: (-1) omnibusTest.Rd:42: Lost braces in \itemize; \value handles \item{}{} directly
checkRd: (-1) omnibusTest.Rd:43: Lost braces in \itemize; \value handles \item{}{} directly
checkRd: (-1) omnibusTest.Rd:44: Lost braces in \itemize; \value handles \item{}{} directly
checkRd: (-1) omnibusTest.Rd:45: Lost braces in \itemize; \value handles \item{}{} directly
checkRd: (-1) runMiDAS.Rd:151-154: Lost braces in \itemize; meant \describe ?
checkRd: (-1) runMiDAS.Rd:155-158: Lost braces in \itemize; meant \describe ?
checkRd: (-1) runMiDAS.Rd:159-163: Lost braces in \itemize; meant \describe ?
checkRd: (-1) runMiDAS.Rd:164-168: Lost braces in \itemize; meant \describe ?
* checking Rd metadata ... OK
* checking Rd cross-references ... NOTE
Found the following Rd file(s) with Rd \link{} targets missing package
anchors:
  MiDAS-class.Rd: MultiAssayExperiment
Please provide package anchors for all Rd \link{} targets not in the
package itself and the base packages.
* checking for missing documentation entries ... OK
* checking for code/documentation mismatches ... WARNING
Codoc mismatches from Rd file 'kableResults.Rd':
kableResults
  Code: function(results, colnames = NULL, header = "MiDAS analysis
                 results", pvalue_cutoff = NULL, format = "html",
                 scroll_box_height = "400px")
  Docs: function(results, colnames = NULL, header = "MiDAS analysis
                 results", pvalue_cutoff = NULL, format =
                 getOption("knitr.table.format"), scroll_box_height =
                 "400px")
  Mismatches in argument default values:
    Name: 'format' Code: "html" Docs: getOption("knitr.table.format")

* checking Rd \usage sections ... OK
* checking Rd contents ... OK
* checking for unstated dependencies in examples ... OK
* checking contents of ‘data’ directory ... OK
* checking data for non-ASCII characters ... OK
* checking LazyData ... OK
* checking data for ASCII and uncompressed saves ... OK
* checking files in ‘vignettes’ ... OK
* checking examples ... OK
Examples with CPU (user + system) or elapsed time > 5s
                   user system elapsed
runMiDAS         12.977  0.198  13.290
kableResults      6.344  0.096   6.499
omnibusTest       5.280  0.180   5.493
getAAFrequencies  5.175  0.208   5.442
* checking for unstated dependencies in ‘tests’ ... OK
* checking tests ...
  Running ‘testthat.R’
 OK
* checking for unstated dependencies in vignettes ... OK
* checking package vignettes ... OK
* checking running R code from vignettes ... SKIPPED
* checking re-building of vignette outputs ... SKIPPED
* checking PDF version of manual ... OK
* DONE

Status: 1 WARNING, 4 NOTEs
See
  ‘/Users/biocbuild/bbs-3.23-bioc/meat/midasHLA.Rcheck/00check.log’
for details.


Installation output

midasHLA.Rcheck/00install.out

##############################################################################
##############################################################################
###
### Running command:
###
###   /Library/Frameworks/R.framework/Resources/bin/R CMD INSTALL midasHLA
###
##############################################################################
##############################################################################


* installing to library ‘/Library/Frameworks/R.framework/Versions/4.6-x86_64/Resources/library’
* installing *source* package ‘midasHLA’ ...
** this is package ‘midasHLA’ version ‘1.19.0’
** using staged installation
** R
** data
*** moving datasets to lazyload DB
** inst
** byte-compile and prepare package for lazy loading
** help
*** installing help indices
** building package indices
** installing vignettes
** testing if installed package can be loaded from temporary location
** testing if installed package can be loaded from final location
** testing if installed package keeps a record of temporary installation path
* DONE (midasHLA)

Tests output

midasHLA.Rcheck/tests/testthat.Rout


R Under development (unstable) (2025-10-21 r88958) -- "Unsuffered Consequences"
Copyright (C) 2025 The R Foundation for Statistical Computing
Platform: x86_64-apple-darwin20

R is free software and comes with ABSOLUTELY NO WARRANTY.
You are welcome to redistribute it under certain conditions.
Type 'license()' or 'licence()' for distribution details.

R is a collaborative project with many contributors.
Type 'contributors()' for more information and
'citation()' on how to cite R or R packages in publications.

Type 'demo()' for some demos, 'help()' for on-line help, or
'help.start()' for an HTML browser interface to help.
Type 'q()' to quit R.

> library(testthat)
> library(midasHLA)
Loading required package: MultiAssayExperiment
Loading required package: SummarizedExperiment
Loading required package: MatrixGenerics
Loading required package: matrixStats

Attaching package: 'MatrixGenerics'

The following objects are masked from 'package:matrixStats':

    colAlls, colAnyNAs, colAnys, colAvgsPerRowSet, colCollapse,
    colCounts, colCummaxs, colCummins, colCumprods, colCumsums,
    colDiffs, colIQRDiffs, colIQRs, colLogSumExps, colMadDiffs,
    colMads, colMaxs, colMeans2, colMedians, colMins, colOrderStats,
    colProds, colQuantiles, colRanges, colRanks, colSdDiffs, colSds,
    colSums2, colTabulates, colVarDiffs, colVars, colWeightedMads,
    colWeightedMeans, colWeightedMedians, colWeightedSds,
    colWeightedVars, rowAlls, rowAnyNAs, rowAnys, rowAvgsPerColSet,
    rowCollapse, rowCounts, rowCummaxs, rowCummins, rowCumprods,
    rowCumsums, rowDiffs, rowIQRDiffs, rowIQRs, rowLogSumExps,
    rowMadDiffs, rowMads, rowMaxs, rowMeans2, rowMedians, rowMins,
    rowOrderStats, rowProds, rowQuantiles, rowRanges, rowRanks,
    rowSdDiffs, rowSds, rowSums2, rowTabulates, rowVarDiffs, rowVars,
    rowWeightedMads, rowWeightedMeans, rowWeightedMedians,
    rowWeightedSds, rowWeightedVars

Loading required package: GenomicRanges
Loading required package: stats4
Loading required package: BiocGenerics
Loading required package: generics

Attaching package: 'generics'

The following objects are masked from 'package:base':

    as.difftime, as.factor, as.ordered, intersect, is.element, setdiff,
    setequal, union


Attaching package: 'BiocGenerics'

The following objects are masked from 'package:stats':

    IQR, mad, sd, var, xtabs

The following objects are masked from 'package:base':

    Filter, Find, Map, Position, Reduce, anyDuplicated, aperm, append,
    as.data.frame, basename, cbind, colnames, dirname, do.call,
    duplicated, eval, evalq, get, grep, grepl, is.unsorted, lapply,
    mapply, match, mget, order, paste, pmax, pmax.int, pmin, pmin.int,
    rank, rbind, rownames, sapply, saveRDS, table, tapply, unique,
    unsplit, which.max, which.min

Loading required package: S4Vectors

Attaching package: 'S4Vectors'

The following object is masked from 'package:utils':

    findMatches

The following objects are masked from 'package:base':

    I, expand.grid, unname

Loading required package: IRanges
Loading required package: Seqinfo
Loading required package: Biobase
Welcome to Bioconductor

    Vignettes contain introductory material; view with
    'browseVignettes()'. To cite Bioconductor, see
    'citation("Biobase")', and for packages 'citation("pkgname")'.


Attaching package: 'Biobase'

The following object is masked from 'package:MatrixGenerics':

    rowMedians

The following objects are masked from 'package:matrixStats':

    anyMissing, rowMedians

> 
> test_check("midasHLA")
[ FAIL 0 | WARN 20 | SKIP 0 | PASS 309 ]

[ FAIL 0 | WARN 20 | SKIP 0 | PASS 309 ]
> 
> proc.time()
   user  system elapsed 
 60.952   2.542  64.065 

Example timings

midasHLA.Rcheck/midasHLA-Ex.timings

nameusersystemelapsed
HWETest1.1600.0501.218
analyzeAssociations1.1110.0221.138
analyzeConditionalAssociations0.4650.0210.491
checkAlleleFormat0.0000.0000.001
checkKirGenesFormat0.0000.0010.000
convertAlleleToVariable0.0050.0020.007
countsToVariables0.0190.0290.049
filterByFrequency0.1750.0200.198
filterByOmnibusGroups0.0740.0020.077
filterByVariables0.1940.0030.198
formatResults000
getAAFrequencies5.1750.2085.442
getAlleleResolution0.0000.0000.001
getAllelesForAA0.8390.0230.869
getExperiments000
getFrequencies0.2310.0530.286
getHlaCalls0.0880.0950.183
getHlaFrequencies0.1590.0200.180
getHlaKirInteractions2.6640.2472.937
getKIRFrequencies0.0060.0010.006
getKirCalls0.0360.0830.128
getOmnibusGroups0.0140.0120.026
getPlaceholder0.0000.0000.001
getVariableAAPos0.0220.0020.025
hlaCallsGranthamDistance1.2630.0761.345
hlaToAAVariation3.7420.5864.389
hlaToVariable0.2560.0330.295
kableResults6.3440.0966.499
omnibusTest5.2800.1805.493
prepareMiDAS0.3130.0120.326
readHlaAlignments1.3430.0281.379
readHlaCalls0.1130.0040.121
readKirCalls0.0390.0790.119
reduceAlleleResolution0.0010.0000.001
reduceHlaCalls0.1880.0880.277
runMiDAS12.977 0.19813.290
summariseAAPosition1.3210.0271.357