| Back to Multiple platform build/check report for BioC 3.23: simplified long |
|
This page was generated on 2025-11-27 11:38 -0500 (Thu, 27 Nov 2025).
| Hostname | OS | Arch (*) | R version | Installed pkgs |
|---|---|---|---|---|
| nebbiolo1 | Linux (Ubuntu 24.04.3 LTS) | x86_64 | R Under development (unstable) (2025-10-20 r88955) -- "Unsuffered Consequences" | 4865 |
| lconway | macOS 12.7.6 Monterey | x86_64 | R Under development (unstable) (2025-10-21 r88958) -- "Unsuffered Consequences" | 4614 |
| kjohnson3 | macOS 13.7.7 Ventura | arm64 | R Under development (unstable) (2025-11-04 r88984) -- "Unsuffered Consequences" | 4571 |
| Click on any hostname to see more info about the system (e.g. compilers) (*) as reported by 'uname -p', except on Windows and Mac OS X | ||||
| Package 1290/2328 | Hostname | OS / Arch | INSTALL | BUILD | CHECK | BUILD BIN | ||||||||
| mina 1.19.0 (landing page) Rui Guan
| nebbiolo1 | Linux (Ubuntu 24.04.3 LTS) / x86_64 | OK | OK | WARNINGS | |||||||||
| lconway | macOS 12.7.6 Monterey / x86_64 | OK | OK | WARNINGS | OK | |||||||||
| kjohnson3 | macOS 13.7.7 Ventura / arm64 | OK | OK | WARNINGS | OK | |||||||||
|
To the developers/maintainers of the mina package: - Allow up to 24 hours (and sometimes 48 hours) for your latest push to git@git.bioconductor.org:packages/mina.git to reflect on this report. See Troubleshooting Build Report for more information. - Use the following Renviron settings to reproduce errors and warnings. - If 'R CMD check' started to fail recently on the Linux builder(s) over a missing dependency, add the missing dependency to 'Suggests:' in your DESCRIPTION file. See Renviron.bioc for more information. |
| Package: mina |
| Version: 1.19.0 |
| Command: /Library/Frameworks/R.framework/Resources/bin/R CMD check --install=check:mina.install-out.txt --library=/Library/Frameworks/R.framework/Resources/library --no-vignettes --timings mina_1.19.0.tar.gz |
| StartedAt: 2025-11-26 22:23:52 -0500 (Wed, 26 Nov 2025) |
| EndedAt: 2025-11-26 22:28:09 -0500 (Wed, 26 Nov 2025) |
| EllapsedTime: 257.3 seconds |
| RetCode: 0 |
| Status: WARNINGS |
| CheckDir: mina.Rcheck |
| Warnings: 1 |
##############################################################################
##############################################################################
###
### Running command:
###
### /Library/Frameworks/R.framework/Resources/bin/R CMD check --install=check:mina.install-out.txt --library=/Library/Frameworks/R.framework/Resources/library --no-vignettes --timings mina_1.19.0.tar.gz
###
##############################################################################
##############################################################################
* using log directory ‘/Users/biocbuild/bbs-3.23-bioc/meat/mina.Rcheck’
* using R Under development (unstable) (2025-10-21 r88958)
* using platform: x86_64-apple-darwin20
* R was compiled by
Apple clang version 14.0.0 (clang-1400.0.29.202)
GNU Fortran (GCC) 14.2.0
* running under: macOS Ventura 13.7.8
* using session charset: UTF-8
* using option ‘--no-vignettes’
* checking for file ‘mina/DESCRIPTION’ ... OK
* this is package ‘mina’ version ‘1.19.0’
* package encoding: UTF-8
* checking package namespace information ... OK
* checking package dependencies ... OK
* checking if this is a source package ... OK
* checking if there is a namespace ... OK
* checking for hidden files and directories ... OK
* checking for portable file names ... OK
* checking for sufficient/correct file permissions ... OK
* checking whether package ‘mina’ can be installed ... OK
* used C++ compiler: ‘Apple clang version 14.0.3 (clang-1403.0.22.14.1)’
* used SDK: ‘MacOSX11.3.1.sdk’
* checking installed package size ... INFO
installed size is 8.2Mb
sub-directories of 1Mb or more:
data 7.6Mb
* checking package directory ... OK
* checking ‘build’ directory ... OK
* checking DESCRIPTION meta-information ... OK
* checking top-level files ... OK
* checking for left-over files ... OK
* checking index information ... OK
* checking package subdirectories ... OK
* checking code files for non-ASCII characters ... OK
* checking R files for syntax errors ... OK
* checking whether the package can be loaded ... OK
* checking whether the package can be loaded with stated dependencies ... OK
* checking whether the package can be unloaded cleanly ... OK
* checking whether the namespace can be loaded with stated dependencies ... OK
* checking whether the namespace can be unloaded cleanly ... OK
* checking dependencies in R code ... OK
* checking S3 generic/method consistency ... OK
* checking replacement functions ... OK
* checking foreign function calls ... OK
* checking R code for possible problems ... NOTE
sparcc: no visible binding for global variable ‘i’
net_dis_pcoa,character: no visible binding for global variable ‘y’
net_dis_pcoa,character: no visible binding for global variable ‘Group’
net_dis_plot,mina: no visible binding for global variable ‘Group1’
net_dis_plot,mina: no visible binding for global variable ‘Group2’
net_dis_plot,mina: no visible binding for global variable ‘Distance’
net_dis_plot,mina: no visible binding for global variable ‘Sig’
Undefined global functions or variables:
Distance Group Group1 Group2 Sig i y
* checking Rd files ... NOTE
checkRd: (-1) re_format_AP.Rd:10: Lost braces; missing escapes or markup?
10 | \item{x}{an {APResult} object from \pkg{apcluster}.}
| ^
* checking Rd metadata ... OK
* checking Rd cross-references ... OK
* checking for missing documentation entries ... OK
* checking for code/documentation mismatches ... OK
* checking Rd \usage sections ... OK
* checking Rd contents ... OK
* checking for unstated dependencies in examples ... OK
* checking contents of ‘data’ directory ... OK
* checking data for non-ASCII characters ... OK
* checking LazyData ... WARNING
LazyData DB of 7.6 MB without LazyDataCompression set
See §1.1.6 of 'Writing R Extensions'
* checking data for ASCII and uncompressed saves ... OK
* checking line endings in C/C++/Fortran sources/headers ... OK
* checking compiled code ... INFO
Note: information on .o files is not available
* checking files in ‘vignettes’ ... OK
* checking examples ... OK
Examples with CPU (user + system) or elapsed time > 5s
user system elapsed
net_dis_plot 33.996 37.111 34.988
net_dis-mina 17.013 26.207 17.583
dis_stat_accessor 13.893 18.872 14.177
bs_pm-mina 8.504 17.815 6.941
net_cls-mina 18.190 0.569 18.351
com_plot-mina 12.460 2.196 1.997
net_cls 6.542 0.559 6.668
net_cls-matrix 6.628 0.378 6.621
bs_pm 2.134 3.851 2.126
net_dis 2.077 3.227 2.186
get_net_cls_tab 4.923 0.341 4.861
get_net_cls_tab-matrix-data.frame-method 4.832 0.365 4.815
* checking for unstated dependencies in vignettes ... OK
* checking package vignettes ... OK
* checking running R code from vignettes ... SKIPPED
* checking re-building of vignette outputs ... SKIPPED
* checking PDF version of manual ... OK
* DONE
Status: 1 WARNING, 2 NOTEs
See
‘/Users/biocbuild/bbs-3.23-bioc/meat/mina.Rcheck/00check.log’
for details.
mina.Rcheck/00install.out
############################################################################## ############################################################################## ### ### Running command: ### ### /Library/Frameworks/R.framework/Resources/bin/R CMD INSTALL mina ### ############################################################################## ############################################################################## * installing to library ‘/Library/Frameworks/R.framework/Versions/4.6-x86_64/Resources/library’ * installing *source* package ‘mina’ ... ** this is package ‘mina’ version ‘1.19.0’ ** using staged installation ** libs using C++ compiler: ‘Apple clang version 14.0.3 (clang-1403.0.22.14.1)’ using SDK: ‘MacOSX11.3.1.sdk’ clang++ -arch x86_64 -std=gnu++17 -I"/Library/Frameworks/R.framework/Resources/include" -DNDEBUG -I'/Library/Frameworks/R.framework/Versions/4.6-x86_64/Resources/library/Rcpp/include' -I'/Library/Frameworks/R.framework/Versions/4.6-x86_64/Resources/library/RcppParallel/include' -I'/Library/Frameworks/R.framework/Versions/4.6-x86_64/Resources/library/RcppArmadillo/include' -I/opt/R/x86_64/include -fPIC -falign-functions=64 -Wall -g -O2 -c RcppExports.cpp -o RcppExports.o clang++ -arch x86_64 -std=gnu++17 -I"/Library/Frameworks/R.framework/Resources/include" -DNDEBUG -I'/Library/Frameworks/R.framework/Versions/4.6-x86_64/Resources/library/Rcpp/include' -I'/Library/Frameworks/R.framework/Versions/4.6-x86_64/Resources/library/RcppParallel/include' -I'/Library/Frameworks/R.framework/Versions/4.6-x86_64/Resources/library/RcppArmadillo/include' -I/opt/R/x86_64/include -fPIC -falign-functions=64 -Wall -g -O2 -c cp_cor.cpp -o cp_cor.o clang++ -arch x86_64 -std=gnu++17 -dynamiclib -Wl,-headerpad_max_install_names -undefined dynamic_lookup -L/Library/Frameworks/R.framework/Resources/lib -L/opt/R/x86_64/lib -o mina.so RcppExports.o cp_cor.o -F/Library/Frameworks/R.framework/.. -framework R installing to /Library/Frameworks/R.framework/Versions/4.6-x86_64/Resources/library/00LOCK-mina/00new/mina/libs ** R ** data *** moving datasets to lazyload DB ** byte-compile and prepare package for lazy loading Creating a new generic function for ‘norm’ in package ‘mina’ ** help *** installing help indices ** building package indices ** installing vignettes ** testing if installed package can be loaded from temporary location ** checking absolute paths in shared objects and dynamic libraries ** testing if installed package can be loaded from final location ** testing if installed package keeps a record of temporary installation path * DONE (mina)
mina.Rcheck/mina-Ex.timings
| name | user | system | elapsed | |
| adj-matrix | 0.622 | 0.121 | 0.382 | |
| adj-mina | 0.967 | 0.229 | 0.718 | |
| adj | 0.891 | 0.066 | 0.643 | |
| adj_method_list | 0.085 | 0.167 | 0.173 | |
| bs_pm-mina | 8.504 | 17.815 | 6.941 | |
| bs_pm | 2.134 | 3.851 | 2.126 | |
| check_mina | 0.054 | 0.027 | 0.082 | |
| check_mina_de | 0.056 | 0.021 | 0.077 | |
| check_mina_qu | 0.050 | 0.022 | 0.074 | |
| cls_tab | 0.067 | 0.058 | 0.127 | |
| com_dis-matrix | 0.461 | 0.081 | 0.242 | |
| com_dis-mina | 0.305 | 0.136 | 0.076 | |
| com_dis | 0.467 | 0.120 | 0.248 | |
| com_dis_list | 0.121 | 0.128 | 0.194 | |
| com_plot-mina | 12.460 | 2.196 | 1.997 | |
| com_plot | 0.232 | 0.230 | 0.240 | |
| com_r2-mina | 0.702 | 0.196 | 0.477 | |
| com_r2 | 0.862 | 0.299 | 0.584 | |
| data-hmp | 0.001 | 0.003 | 0.004 | |
| data-maize | 0.001 | 0.002 | 0.002 | |
| des_accessor | 0.003 | 0.001 | 0.003 | |
| dis_accessor | 0.276 | 0.067 | 0.050 | |
| dis_stat_accessor | 13.893 | 18.872 | 14.177 | |
| dmr-matrix | 0.554 | 0.152 | 0.327 | |
| dmr-mina | 0.570 | 0.211 | 0.428 | |
| dmr | 0.553 | 0.142 | 0.316 | |
| dmr_accessor | 0.556 | 0.131 | 0.336 | |
| fit_tabs-mina | 0.719 | 0.257 | 0.990 | |
| fit_tabs | 1.194 | 0.305 | 1.508 | |
| get_net_cls_tab-matrix-data.frame-method | 4.832 | 0.365 | 4.815 | |
| get_net_cls_tab | 4.923 | 0.341 | 4.861 | |
| get_r2-mat | 0.657 | 0.158 | 0.434 | |
| get_r2 | 0.681 | 0.157 | 0.459 | |
| get_rep-matrix | 0.256 | 0.008 | 0.264 | |
| get_rep-mima | 0.645 | 0.105 | 0.753 | |
| hmp_des | 0.001 | 0.002 | 0.003 | |
| hmp_otu | 0.001 | 0.002 | 0.002 | |
| maize_asv | 0.000 | 0.001 | 0.002 | |
| maize_asv2 | 0.000 | 0.001 | 0.001 | |
| maize_des | 0.000 | 0.001 | 0.002 | |
| maize_des2 | 0.000 | 0.001 | 0.002 | |
| mina-class | 0.001 | 0.000 | 0.002 | |
| net_cls-matrix | 6.628 | 0.378 | 6.621 | |
| net_cls-mina | 18.190 | 0.569 | 18.351 | |
| net_cls | 6.542 | 0.559 | 6.668 | |
| net_cls_tab-mina-method | 1.648 | 0.247 | 1.390 | |
| net_cls_tab | 4.284 | 0.393 | 4.206 | |
| net_dis-mina | 17.013 | 26.207 | 17.583 | |
| net_dis | 2.077 | 3.227 | 2.186 | |
| net_dis_indi | 0.001 | 0.000 | 0.001 | |
| net_dis_pcoa | 0.000 | 0.001 | 0.001 | |
| net_dis_plot | 33.996 | 37.111 | 34.988 | |
| net_grp_cmp | 0.000 | 0.000 | 0.001 | |
| net_node_cmp | 0 | 0 | 0 | |
| norm_accessor | 0.033 | 0.001 | 0.034 | |
| norm_tab-matrix | 0.715 | 0.128 | 0.853 | |
| norm_tab-mina | 0.633 | 0.005 | 0.646 | |
| norm_tab | 0.036 | 0.000 | 0.037 | |
| norm_tab_method_list | 0.064 | 0.045 | 0.142 | |
| pcoa_plot | 1.318 | 0.468 | 0.888 | |
| sim_par | 0.000 | 0.000 | 0.001 | |
| sparcc | 0 | 0 | 0 | |
| tab_accessor | 0 | 0 | 0 | |
| tina-matrix-method | 0.000 | 0.001 | 0.000 | |
| tina | 0 | 0 | 0 | |