| Back to Build/check report for BioC 3.23: simplified long | 
  | 
This page was generated on 2025-11-01 11:32 -0400 (Sat, 01 Nov 2025).
| Hostname | OS | Arch (*) | R version | Installed pkgs | 
|---|---|---|---|---|
| nebbiolo1 | Linux (Ubuntu 24.04.3 LTS) | x86_64 | R Under development (unstable) (2025-10-20 r88955) -- "Unsuffered Consequences" | 4774 | 
| Click on any hostname to see more info about the system (e.g. compilers) (*) as reported by 'uname -p', except on Windows and Mac OS X | ||||
| Package 1490/2321 | Hostname | OS / Arch | INSTALL | BUILD | CHECK | BUILD BIN | ||||||||
| ontoProc 2.5.0  (landing page) Vincent Carey 
  | nebbiolo1 | Linux (Ubuntu 24.04.3 LTS) / x86_64 | OK | ERROR | skipped | |||||||||
| 
To the developers/maintainers of the ontoProc package: - Allow up to 24 hours (and sometimes 48 hours) for your latest push to git@git.bioconductor.org:packages/ontoProc.git to reflect on this report. See Troubleshooting Build Report for more information. - Use the following Renviron settings to reproduce errors and warnings. - If 'R CMD check' started to fail recently on the Linux builder(s) over a missing dependency, add the missing dependency to 'Suggests:' in your DESCRIPTION file. See Renviron.bioc for more information.  | 
| Package: ontoProc | 
| Version: 2.5.0 | 
| Command: /home/biocbuild/bbs-3.23-bioc/R/bin/R CMD build --keep-empty-dirs --no-resave-data ontoProc | 
| StartedAt: 2025-10-31 19:14:45 -0400 (Fri, 31 Oct 2025) | 
| EndedAt: 2025-10-31 19:20:12 -0400 (Fri, 31 Oct 2025) | 
| EllapsedTime: 327.4 seconds | 
| RetCode: 1 | 
| Status: ERROR | 
| PackageFile: None | 
| PackageFileSize: NA | 
##############################################################################
##############################################################################
###
### Running command:
###
###   /home/biocbuild/bbs-3.23-bioc/R/bin/R CMD build --keep-empty-dirs --no-resave-data ontoProc
###
##############################################################################
##############################################################################
* checking for file ‘ontoProc/DESCRIPTION’ ... OK
* preparing ‘ontoProc’:
* checking DESCRIPTION meta-information ... OK
* installing the package (it is needed to build vignettes)
* creating vignettes ... ERROR
--- re-building ‘ontoProc.Rmd’ using rmarkdown
Warning in doTryCatch(return(expr), name, parentenv, handler) :
  zero-length arrow is of indeterminate angle and so skipped
Quitting from ontoProc.Rmd:167-172 [gethpca]
~~~~~~~~~~~~~~~~~~~~~~~~~~~~~~~~~~~~~~~~~~~~~~~~~~~~~~~~~~~~~~~~~~~~~~~~~~~~~~~~
<error/rlang_error>
Error in `h5_read_attribute()`:
! argument "bit64conversion" is missing, with no default
---
Backtrace:
     ▆
  1. └─celldex::HumanPrimaryCellAtlasData()
  2.   └─celldex::fetchReference("hpca", "2024-02-26", realize.assays = TRUE)
  3.     └─alabaster.base::altReadObject(...)
  4.       └─celldex (local) FUN(path, ...)
  5.         └─alabaster.base::readObject(...)
  6.           └─alabaster.se (local) meth(path, metadata = metadata, ...)
  7.             └─alabaster.base::altReadObject(...)
  8.               └─celldex (local) FUN(path, ...)
  9.                 └─alabaster.base::readObject(...)
 10.                   └─alabaster.matrix (local) meth(path, metadata = metadata, ...)
 11.                     └─(function() {...
 12.                       └─alabaster.base::h5_read_attribute(ghandle, "type")
 13.                         └─rhdf5::H5Aread(ahandle, bit64conversion = bit64conversion)
~~~~~~~~~~~~~~~~~~~~~~~~~~~~~~~~~~~~~~~~~~~~~~~~~~~~~~~~~~~~~~~~~~~~~~~~~~~~~~~~
Error: processing vignette 'ontoProc.Rmd' failed with diagnostics:
argument "bit64conversion" is missing, with no default
--- failed re-building ‘ontoProc.Rmd’
--- re-building ‘owlents.Rmd’ using rmarkdown
--- finished re-building ‘owlents.Rmd’
SUMMARY: processing the following file failed:
  ‘ontoProc.Rmd’
Error: Vignette re-building failed.
Execution halted