| Back to Multiple platform build/check report for BioC 3.22: simplified long |
|
This page was generated on 2025-10-23 12:07 -0400 (Thu, 23 Oct 2025).
| Hostname | OS | Arch (*) | R version | Installed pkgs |
|---|---|---|---|---|
| nebbiolo2 | Linux (Ubuntu 24.04.3 LTS) | x86_64 | 4.5.1 Patched (2025-08-23 r88802) -- "Great Square Root" | 4894 |
| lconway | macOS 12.7.6 Monterey | x86_64 | 4.5.1 Patched (2025-09-10 r88807) -- "Great Square Root" | 4684 |
| kjohnson3 | macOS 13.7.7 Ventura | arm64 | 4.5.1 Patched (2025-09-10 r88807) -- "Great Square Root" | 4629 |
| taishan | Linux (openEuler 24.03 LTS) | aarch64 | 4.5.0 (2025-04-11) -- "How About a Twenty-Six" | 4642 |
| Click on any hostname to see more info about the system (e.g. compilers) (*) as reported by 'uname -p', except on Windows and Mac OS X | ||||
| Package 1507/2355 | Hostname | OS / Arch | INSTALL | BUILD | CHECK | BUILD BIN | ||||||||
| ontoProc 2.3.11 (landing page) Vincent Carey
| nebbiolo2 | Linux (Ubuntu 24.04.3 LTS) / x86_64 | OK | OK | OK | |||||||||
| lconway | macOS 12.7.6 Monterey / x86_64 | OK | OK | OK | OK | |||||||||
| kjohnson3 | macOS 13.7.7 Ventura / arm64 | OK | OK | OK | OK | |||||||||
| taishan | Linux (openEuler 24.03 LTS) / aarch64 | OK | ERROR | skipped | ||||||||||
|
To the developers/maintainers of the ontoProc package: - Allow up to 24 hours (and sometimes 48 hours) for your latest push to git@git.bioconductor.org:packages/ontoProc.git to reflect on this report. See Troubleshooting Build Report for more information. - Use the following Renviron settings to reproduce errors and warnings. - If 'R CMD check' started to fail recently on the Linux builder(s) over a missing dependency, add the missing dependency to 'Suggests:' in your DESCRIPTION file. See Renviron.bioc for more information. - See Martin Grigorov's blog post for how to debug Linux ARM64 related issues on a x86_64 host. |
| Package: ontoProc |
| Version: 2.3.11 |
| Command: /home/biocbuild/R/R/bin/R CMD build --keep-empty-dirs --no-resave-data ontoProc |
| StartedAt: 2025-10-21 01:50:04 -0000 (Tue, 21 Oct 2025) |
| EndedAt: 2025-10-21 01:52:30 -0000 (Tue, 21 Oct 2025) |
| EllapsedTime: 146.1 seconds |
| RetCode: 1 |
| Status: ERROR |
| PackageFile: None |
| PackageFileSize: NA |
##############################################################################
##############################################################################
###
### Running command:
###
### /home/biocbuild/R/R/bin/R CMD build --keep-empty-dirs --no-resave-data ontoProc
###
##############################################################################
##############################################################################
* checking for file ‘ontoProc/DESCRIPTION’ ... OK
* preparing ‘ontoProc’:
* checking DESCRIPTION meta-information ... OK
* installing the package to build vignettes
* creating vignettes ... ERROR
--- re-building ‘ontoProc.Rmd’ using rmarkdown
Warning in doTryCatch(return(expr), name, parentenv, handler) :
zero-length arrow is of indeterminate angle and so skipped
Quitting from ontoProc.Rmd:125-141 [donew]
~~~~~~~~~~~~~~~~~~~~~~~~~~~~~~~~~~~~~~~~~~~~~~~~~~~~~~~~~~~~~~~~~~~~~~~~~~~~~~~~
<error/rlang_error>
Error in `py_call_impl()`:
! owlready2.base.OwlReadyOntologyParsingError: NTriples parsing error (or unrecognized file format) in /home/biocbuild/tmp/Rtmp0yoqGn/fileddc9c1dc6afb0.
Run `reticulate::py_last_error()` for details.
---
Backtrace:
▆
1. └─ontoProc::setup_entities2(tf)
2. └─basilisk::basiliskRun(...)
3. └─ontoProc (local) fun(...)
4. └─o2$get_ontology(owlfn)$load()
5. └─reticulate:::py_call_impl(callable, call_args$unnamed, call_args$named)
~~~~~~~~~~~~~~~~~~~~~~~~~~~~~~~~~~~~~~~~~~~~~~~~~~~~~~~~~~~~~~~~~~~~~~~~~~~~~~~~
Error: processing vignette 'ontoProc.Rmd' failed with diagnostics:
owlready2.base.OwlReadyOntologyParsingError: NTriples parsing error (or unrecognized file format) in /home/biocbuild/tmp/Rtmp0yoqGn/fileddc9c1dc6afb0.
Run `reticulate::py_last_error()` for details.
--- failed re-building ‘ontoProc.Rmd’
--- re-building ‘owlents.Rmd’ using rmarkdown
Quitting from owlents.Rmd:33-45 [getcl]
~~~~~~~~~~~~~~~~~~~~~~~~~~~~~~~~~~~~~~~~~~~~~~~~~~~~~~~~~~~~~~~~~~~~~~~~~~~~~~~~
<error/rlang_error>
Error in `py_call_impl()`:
! owlready2.base.OwlReadyOntologyParsingError: NTriples parsing error (or unrecognized file format) in /home/biocbuild/tmp/Rtmp0yoqGn/fileddc9c28993dce.
Run `reticulate::py_last_error()` for details.
---
Backtrace:
▆
1. └─ontoProc::setup_entities2(tf)
2. └─basilisk::basiliskRun(...)
3. └─ontoProc (local) fun(...)
4. └─o2$get_ontology(owlfn)$load()
5. └─reticulate:::py_call_impl(callable, call_args$unnamed, call_args$named)
~~~~~~~~~~~~~~~~~~~~~~~~~~~~~~~~~~~~~~~~~~~~~~~~~~~~~~~~~~~~~~~~~~~~~~~~~~~~~~~~
Error: processing vignette 'owlents.Rmd' failed with diagnostics:
owlready2.base.OwlReadyOntologyParsingError: NTriples parsing error (or unrecognized file format) in /home/biocbuild/tmp/Rtmp0yoqGn/fileddc9c28993dce.
Run `reticulate::py_last_error()` for details.
--- failed re-building ‘owlents.Rmd’
SUMMARY: processing the following files failed:
‘ontoProc.Rmd’ ‘owlents.Rmd’
Error: Vignette re-building failed.
Execution halted