Back to Build/check report for BioC 3.23:   simplified   long
ABCDEFGHIJKLMNOPQR[S]TUVWXYZ

This page was generated on 2025-11-01 11:33 -0400 (Sat, 01 Nov 2025).

HostnameOSArch (*)R versionInstalled pkgs
nebbiolo1Linux (Ubuntu 24.04.3 LTS)x86_64R Under development (unstable) (2025-10-20 r88955) -- "Unsuffered Consequences" 4774
Click on any hostname to see more info about the system (e.g. compilers)      (*) as reported by 'uname -p', except on Windows and Mac OS X

Package 1869/2321HostnameOS / ArchINSTALLBUILDCHECKBUILD BIN
scAnnotatR 1.17.0  (landing page)
Johannes Griss
Snapshot Date: 2025-10-31 13:40 -0400 (Fri, 31 Oct 2025)
git_url: https://git.bioconductor.org/packages/scAnnotatR
git_branch: devel
git_last_commit: 76379af
git_last_commit_date: 2025-10-29 11:11:54 -0400 (Wed, 29 Oct 2025)
nebbiolo1Linux (Ubuntu 24.04.3 LTS) / x86_64  OK    ERROR  skipped


BUILD results for scAnnotatR on nebbiolo1

To the developers/maintainers of the scAnnotatR package:
- Allow up to 24 hours (and sometimes 48 hours) for your latest push to git@git.bioconductor.org:packages/scAnnotatR.git to reflect on this report. See Troubleshooting Build Report for more information.
- Use the following Renviron settings to reproduce errors and warnings.
- If 'R CMD check' started to fail recently on the Linux builder(s) over a missing dependency, add the missing dependency to 'Suggests:' in your DESCRIPTION file. See Renviron.bioc for more information.

raw results


Summary

Package: scAnnotatR
Version: 1.17.0
Command: /home/biocbuild/bbs-3.23-bioc/R/bin/R CMD build --keep-empty-dirs --no-resave-data scAnnotatR
StartedAt: 2025-10-31 19:57:15 -0400 (Fri, 31 Oct 2025)
EndedAt: 2025-10-31 19:59:56 -0400 (Fri, 31 Oct 2025)
EllapsedTime: 160.2 seconds
RetCode: 1
Status:   ERROR  
PackageFile: None
PackageFileSize: NA

Command output

##############################################################################
##############################################################################
###
### Running command:
###
###   /home/biocbuild/bbs-3.23-bioc/R/bin/R CMD build --keep-empty-dirs --no-resave-data scAnnotatR
###
##############################################################################
##############################################################################


* checking for file ‘scAnnotatR/DESCRIPTION’ ... OK
* preparing ‘scAnnotatR’:
* checking DESCRIPTION meta-information ... OK
* installing the package (it is needed to build vignettes)
* creating vignettes ... ERROR
--- re-building ‘classifying-cells.Rmd’ using rmarkdown
--- finished re-building ‘classifying-cells.Rmd’

--- re-building ‘training-basic-model.Rmd’ using rmarkdown

Quitting from training-basic-model.Rmd:69-76 [unnamed-chunk-3]
~~~~~~~~~~~~~~~~~~~~~~~~~~~~~~~~~~~~~~~~~~~~~~~~~~~~~~~~~~~~~~~~~~~~~~~~~~~~~~~~
<error/rlang_error>
Error in `h5_read_attribute()`:
! argument "bit64conversion" is missing, with no default
---
Backtrace:
     ▆
  1. └─scRNAseq::ZilionisLungData()
  2.   └─scRNAseq::fetchDataset(...)
  3.     └─alabaster.base::altReadObject(...)
  4.       └─scRNAseq (local) FUN(path, ...)
  5.         └─alabaster.base::readObject(...)
  6.           └─alabaster.sce (local) meth(path, metadata = metadata, ...)
  7.             └─alabaster.se::readRangedSummarizedExperiment(...)
  8.               └─alabaster.se::readSummarizedExperiment(...)
  9.                 └─alabaster.base::altReadObject(...)
 10.                   └─scRNAseq (local) FUN(path, ...)
 11.                     └─alabaster.base::readObject(...)
 12.                       └─alabaster.matrix (local) meth(path, metadata = metadata, ...)
 13.                         └─(function() {...
 14.                           └─alabaster.base::h5_read_attribute(ghandle, "type")
 15.                             └─rhdf5::H5Aread(ahandle, bit64conversion = bit64conversion)
~~~~~~~~~~~~~~~~~~~~~~~~~~~~~~~~~~~~~~~~~~~~~~~~~~~~~~~~~~~~~~~~~~~~~~~~~~~~~~~~

Error: processing vignette 'training-basic-model.Rmd' failed with diagnostics:
argument "bit64conversion" is missing, with no default
--- failed re-building ‘training-basic-model.Rmd’

--- re-building ‘training-child-model.Rmd’ using rmarkdown

Quitting from training-child-model.Rmd:95-102 [unnamed-chunk-6]
~~~~~~~~~~~~~~~~~~~~~~~~~~~~~~~~~~~~~~~~~~~~~~~~~~~~~~~~~~~~~~~~~~~~~~~~~~~~~~~~
<error/rlang_error>
Error in `h5_read_attribute()`:
! argument "bit64conversion" is missing, with no default
---
Backtrace:
     ▆
  1. └─scRNAseq::ZilionisLungData()
  2.   └─scRNAseq::fetchDataset(...)
  3.     └─alabaster.base::altReadObject(...)
  4.       └─scRNAseq (local) FUN(path, ...)
  5.         └─alabaster.base::readObject(...)
  6.           └─alabaster.sce (local) meth(path, metadata = metadata, ...)
  7.             └─alabaster.se::readRangedSummarizedExperiment(...)
  8.               └─alabaster.se::readSummarizedExperiment(...)
  9.                 └─alabaster.base::altReadObject(...)
 10.                   └─scRNAseq (local) FUN(path, ...)
 11.                     └─alabaster.base::readObject(...)
 12.                       └─alabaster.matrix (local) meth(path, metadata = metadata, ...)
 13.                         └─(function() {...
 14.                           └─alabaster.base::h5_read_attribute(ghandle, "type")
 15.                             └─rhdf5::H5Aread(ahandle, bit64conversion = bit64conversion)
~~~~~~~~~~~~~~~~~~~~~~~~~~~~~~~~~~~~~~~~~~~~~~~~~~~~~~~~~~~~~~~~~~~~~~~~~~~~~~~~

Error: processing vignette 'training-child-model.Rmd' failed with diagnostics:
argument "bit64conversion" is missing, with no default
--- failed re-building ‘training-child-model.Rmd’

SUMMARY: processing the following files failed:
  ‘training-basic-model.Rmd’ ‘training-child-model.Rmd’

Error: Vignette re-building failed.
Execution halted