Back to Multiple platform build/check report for BioC 3.22: simplified long |
|
This page was generated on 2025-10-09 12:04 -0400 (Thu, 09 Oct 2025).
Hostname | OS | Arch (*) | R version | Installed pkgs |
---|---|---|---|---|
nebbiolo2 | Linux (Ubuntu 24.04.3 LTS) | x86_64 | 4.5.1 Patched (2025-08-23 r88802) -- "Great Square Root" | 4854 |
lconway | macOS 12.7.1 Monterey | x86_64 | 4.5.1 Patched (2025-09-10 r88807) -- "Great Square Root" | 4642 |
kjohnson3 | macOS 13.7.7 Ventura | arm64 | 4.5.1 Patched (2025-09-10 r88807) -- "Great Square Root" | 4587 |
taishan | Linux (openEuler 24.03 LTS) | aarch64 | 4.5.0 (2025-04-11) -- "How About a Twenty-Six" | 4584 |
Click on any hostname to see more info about the system (e.g. compilers) (*) as reported by 'uname -p', except on Windows and Mac OS X |
Package 1898/2341 | Hostname | OS / Arch | INSTALL | BUILD | CHECK | BUILD BIN | ||||||||
scDblFinder 1.23.4 (landing page) Pierre-Luc Germain
| nebbiolo2 | Linux (Ubuntu 24.04.3 LTS) / x86_64 | OK | OK | WARNINGS | ![]() | ||||||||
lconway | macOS 12.7.1 Monterey / x86_64 | OK | OK | WARNINGS | OK | ![]() | ||||||||
kjohnson3 | macOS 13.7.7 Ventura / arm64 | OK | OK | WARNINGS | OK | ![]() | ||||||||
taishan | Linux (openEuler 24.03 LTS) / aarch64 | OK | OK | WARNINGS | ||||||||||
To the developers/maintainers of the scDblFinder package: - Allow up to 24 hours (and sometimes 48 hours) for your latest push to git@git.bioconductor.org:packages/scDblFinder.git to reflect on this report. See Troubleshooting Build Report for more information. - Use the following Renviron settings to reproduce errors and warnings. - If 'R CMD check' started to fail recently on the Linux builder(s) over a missing dependency, add the missing dependency to 'Suggests:' in your DESCRIPTION file. See Renviron.bioc for more information. |
Package: scDblFinder |
Version: 1.23.4 |
Command: /home/biocbuild/bbs-3.22-bioc/R/bin/R CMD check --install=check:scDblFinder.install-out.txt --library=/home/biocbuild/bbs-3.22-bioc/R/site-library --timings scDblFinder_1.23.4.tar.gz |
StartedAt: 2025-10-09 04:23:01 -0400 (Thu, 09 Oct 2025) |
EndedAt: 2025-10-09 04:32:18 -0400 (Thu, 09 Oct 2025) |
EllapsedTime: 556.9 seconds |
RetCode: 0 |
Status: WARNINGS |
CheckDir: scDblFinder.Rcheck |
Warnings: 1 |
############################################################################## ############################################################################## ### ### Running command: ### ### /home/biocbuild/bbs-3.22-bioc/R/bin/R CMD check --install=check:scDblFinder.install-out.txt --library=/home/biocbuild/bbs-3.22-bioc/R/site-library --timings scDblFinder_1.23.4.tar.gz ### ############################################################################## ############################################################################## * using log directory ‘/home/biocbuild/bbs-3.22-bioc/meat/scDblFinder.Rcheck’ * using R version 4.5.1 Patched (2025-08-23 r88802) * using platform: x86_64-pc-linux-gnu * R was compiled by gcc (Ubuntu 13.3.0-6ubuntu2~24.04) 13.3.0 GNU Fortran (Ubuntu 13.3.0-6ubuntu2~24.04) 13.3.0 * running under: Ubuntu 24.04.3 LTS * using session charset: UTF-8 * checking for file ‘scDblFinder/DESCRIPTION’ ... OK * checking extension type ... Package * this is package ‘scDblFinder’ version ‘1.23.4’ * package encoding: UTF-8 * checking package namespace information ... OK * checking package dependencies ... OK * checking if this is a source package ... OK * checking if there is a namespace ... OK * checking for hidden files and directories ... OK * checking for portable file names ... OK * checking for sufficient/correct file permissions ... OK * checking whether package ‘scDblFinder’ can be installed ... OK * checking installed package size ... OK * checking package directory ... OK * checking ‘build’ directory ... OK * checking DESCRIPTION meta-information ... OK * checking top-level files ... OK * checking for left-over files ... OK * checking index information ... OK * checking package subdirectories ... OK * checking code files for non-ASCII characters ... OK * checking R files for syntax errors ... OK * checking whether the package can be loaded ... OK * checking whether the package can be loaded with stated dependencies ... OK * checking whether the package can be unloaded cleanly ... OK * checking whether the namespace can be loaded with stated dependencies ... OK * checking whether the namespace can be unloaded cleanly ... OK * checking loading without being on the library search path ... OK * checking dependencies in R code ... WARNING Missing or unexported object: ‘xgboost::xgb.params’ * checking S3 generic/method consistency ... OK * checking replacement functions ... OK * checking foreign function calls ... OK * checking R code for possible problems ... NOTE .xgbtrain: no visible global function definition for ‘packageVersion’ plotThresholds: no visible binding for global variable ‘threshold’ plotThresholds: no visible binding for global variable ‘value’ plotThresholds: no visible binding for global variable ‘variable’ Undefined global functions or variables: packageVersion threshold value variable Consider adding importFrom("utils", "packageVersion") to your NAMESPACE file. * checking Rd files ... OK * checking Rd metadata ... OK * checking Rd cross-references ... NOTE Found the following Rd file(s) with Rd \link{} targets missing package anchors: computeDoubletDensity.Rd: SummarizedExperiment-class, SingleCellExperiment-class, sizeFactors, scran-gene-selection, BiocNeighborParam-class, queryNeighbors, BiocSingularParam-class, BiocParallelParam-class, librarySizeFactors findDoubletClusters.Rd: SummarizedExperiment-class, SingleCellExperiment-class, findMarkers, colLabels, scran-gene-selection, librarySizeFactors, DataFrame-class, SimpleList-class recoverDoublets.Rd: SummarizedExperiment-class, SingleCellExperiment-class, assays, reducedDims, BiocNeighborParam-class, BiocParallelParam-class, DataFrame-class, metadata, doubletCells, doubletCluster Please provide package anchors for all Rd \link{} targets not in the package itself and the base packages. * checking for missing documentation entries ... OK * checking for code/documentation mismatches ... OK * checking Rd \usage sections ... OK * checking Rd contents ... OK * checking for unstated dependencies in examples ... OK * checking files in ‘vignettes’ ... OK * checking examples ... OK Examples with CPU (user + system) or elapsed time > 5s user system elapsed clusterStickiness 41.165 0.218 6.620 doubletThresholding 39.222 0.242 5.893 scDblFinder 38.601 0.318 5.913 doubletPairwiseEnrichment 37.346 0.186 5.190 directDblClassification 15.262 0.188 2.500 * checking for unstated dependencies in ‘tests’ ... OK * checking tests ... Running ‘testthat.R’ OK * checking for unstated dependencies in vignettes ... OK * checking package vignettes ... OK * checking re-building of vignette outputs ... OK * checking PDF version of manual ... OK * DONE Status: 1 WARNING, 2 NOTEs See ‘/home/biocbuild/bbs-3.22-bioc/meat/scDblFinder.Rcheck/00check.log’ for details.
scDblFinder.Rcheck/00install.out
############################################################################## ############################################################################## ### ### Running command: ### ### /home/biocbuild/bbs-3.22-bioc/R/bin/R CMD INSTALL scDblFinder ### ############################################################################## ############################################################################## * installing to library ‘/home/biocbuild/bbs-3.22-bioc/R/site-library’ * installing *source* package ‘scDblFinder’ ... ** this is package ‘scDblFinder’ version ‘1.23.4’ ** using staged installation ** R ** inst ** byte-compile and prepare package for lazy loading ** help *** installing help indices ** building package indices ** installing vignettes ** testing if installed package can be loaded from temporary location ** testing if installed package can be loaded from final location ** testing if installed package keeps a record of temporary installation path * DONE (scDblFinder)
scDblFinder.Rcheck/tests/testthat.Rout
R version 4.5.1 Patched (2025-08-23 r88802) -- "Great Square Root" Copyright (C) 2025 The R Foundation for Statistical Computing Platform: x86_64-pc-linux-gnu R is free software and comes with ABSOLUTELY NO WARRANTY. You are welcome to redistribute it under certain conditions. Type 'license()' or 'licence()' for distribution details. R is a collaborative project with many contributors. Type 'contributors()' for more information and 'citation()' on how to cite R or R packages in publications. Type 'demo()' for some demos, 'help()' for on-line help, or 'help.start()' for an HTML browser interface to help. Type 'q()' to quit R. > library(testthat) > library(scDblFinder) Loading required package: SingleCellExperiment Loading required package: SummarizedExperiment Loading required package: MatrixGenerics Loading required package: matrixStats Attaching package: 'MatrixGenerics' The following objects are masked from 'package:matrixStats': colAlls, colAnyNAs, colAnys, colAvgsPerRowSet, colCollapse, colCounts, colCummaxs, colCummins, colCumprods, colCumsums, colDiffs, colIQRDiffs, colIQRs, colLogSumExps, colMadDiffs, colMads, colMaxs, colMeans2, colMedians, colMins, colOrderStats, colProds, colQuantiles, colRanges, colRanks, colSdDiffs, colSds, colSums2, colTabulates, colVarDiffs, colVars, colWeightedMads, colWeightedMeans, colWeightedMedians, colWeightedSds, colWeightedVars, rowAlls, rowAnyNAs, rowAnys, rowAvgsPerColSet, rowCollapse, rowCounts, rowCummaxs, rowCummins, rowCumprods, rowCumsums, rowDiffs, rowIQRDiffs, rowIQRs, rowLogSumExps, rowMadDiffs, rowMads, rowMaxs, rowMeans2, rowMedians, rowMins, rowOrderStats, rowProds, rowQuantiles, rowRanges, rowRanks, rowSdDiffs, rowSds, rowSums2, rowTabulates, rowVarDiffs, rowVars, rowWeightedMads, rowWeightedMeans, rowWeightedMedians, rowWeightedSds, rowWeightedVars Loading required package: GenomicRanges Loading required package: stats4 Loading required package: BiocGenerics Loading required package: generics Attaching package: 'generics' The following objects are masked from 'package:base': as.difftime, as.factor, as.ordered, intersect, is.element, setdiff, setequal, union Attaching package: 'BiocGenerics' The following objects are masked from 'package:stats': IQR, mad, sd, var, xtabs The following objects are masked from 'package:base': Filter, Find, Map, Position, Reduce, anyDuplicated, aperm, append, as.data.frame, basename, cbind, colnames, dirname, do.call, duplicated, eval, evalq, get, grep, grepl, is.unsorted, lapply, mapply, match, mget, order, paste, pmax, pmax.int, pmin, pmin.int, rank, rbind, rownames, sapply, saveRDS, table, tapply, unique, unsplit, which.max, which.min Loading required package: S4Vectors Attaching package: 'S4Vectors' The following object is masked from 'package:utils': findMatches The following objects are masked from 'package:base': I, expand.grid, unname Loading required package: IRanges Loading required package: Seqinfo Loading required package: Biobase Welcome to Bioconductor Vignettes contain introductory material; view with 'browseVignettes()'. To cite Bioconductor, see 'citation("Biobase")', and for packages 'citation("pkgname")'. Attaching package: 'Biobase' The following object is masked from 'package:MatrixGenerics': rowMedians The following objects are masked from 'package:matrixStats': anyMissing, rowMedians > test_check("scDblFinder") [1] train-logloss:0.440600 Will train until train_logloss hasn't improved in 2 rounds. [2] train-logloss:0.300078 [3] train-logloss:0.211246 [4] train-logloss:0.151689 [5] train-logloss:0.110405 [6] train-logloss:0.081185 [7] train-logloss:0.060214 [8] train-logloss:0.045017 [9] train-logloss:0.033927 [10] train-logloss:0.025788 [11] train-logloss:0.019788 [12] train-logloss:0.015345 [13] train-logloss:0.012039 [14] train-logloss:0.009565 [1] train-logloss:0.440600 Will train until train_logloss hasn't improved in 2 rounds. [2] train-logloss:0.300078 [3] train-logloss:0.211246 [4] train-logloss:0.151689 [5] train-logloss:0.110405 [6] train-logloss:0.081185 [7] train-logloss:0.060214 [8] train-logloss:0.045017 [9] train-logloss:0.033927 [10] train-logloss:0.025788 [11] train-logloss:0.019788 [12] train-logloss:0.015345 [13] train-logloss:0.012039 [14] train-logloss:0.009565 [1] train-logloss:0.440600 Will train until train_logloss hasn't improved in 2 rounds. [2] train-logloss:0.300078 [3] train-logloss:0.211246 [4] train-logloss:0.151689 [5] train-logloss:0.110405 [6] train-logloss:0.081185 [7] train-logloss:0.060214 [8] train-logloss:0.045017 [9] train-logloss:0.033927 [10] train-logloss:0.025788 [11] train-logloss:0.019788 [12] train-logloss:0.015345 [13] train-logloss:0.012039 [14] train-logloss:0.009565 [1] train-logloss:0.440583 Will train until train_logloss hasn't improved in 2 rounds. [2] train-logloss:0.300057 [3] train-logloss:0.211224 [4] train-logloss:0.151667 [5] train-logloss:0.110384 [6] train-logloss:0.081165 [7] train-logloss:0.060195 [8] train-logloss:0.044999 [9] train-logloss:0.033909 [10] train-logloss:0.025771 [11] train-logloss:0.019771 [12] train-logloss:0.015329 [13] train-logloss:0.012024 [14] train-logloss:0.009551 [15] train-logloss:0.007690 [16] train-logloss:0.006277 [1] train-logloss:0.440583 Will train until train_logloss hasn't improved in 2 rounds. [2] train-logloss:0.300057 [3] train-logloss:0.211224 [4] train-logloss:0.151667 [5] train-logloss:0.110384 [6] train-logloss:0.081165 [7] train-logloss:0.060195 [8] train-logloss:0.044999 [9] train-logloss:0.033909 [10] train-logloss:0.025771 [11] train-logloss:0.019771 [12] train-logloss:0.015329 [13] train-logloss:0.012024 [14] train-logloss:0.009551 [15] train-logloss:0.007690 [16] train-logloss:0.006277 [17] train-logloss:0.005196 [1] train-logloss:0.440583 Will train until train_logloss hasn't improved in 2 rounds. [2] train-logloss:0.300057 [3] train-logloss:0.211224 [4] train-logloss:0.151667 [5] train-logloss:0.110384 [6] train-logloss:0.081165 [7] train-logloss:0.060195 [8] train-logloss:0.044999 [9] train-logloss:0.033909 [10] train-logloss:0.025771 [11] train-logloss:0.019771 [12] train-logloss:0.015329 [13] train-logloss:0.012024 [14] train-logloss:0.009551 [15] train-logloss:0.007690 [1] train-logloss:0.454379 Will train until train_logloss hasn't improved in 2 rounds. [2] train-logloss:0.319722 [3] train-logloss:0.234160 [4] train-logloss:0.174954 [5] train-logloss:0.133951 [6] train-logloss:0.103058 [7] train-logloss:0.080859 [8] train-logloss:0.064356 [9] train-logloss:0.050682 [10] train-logloss:0.040921 [11] train-logloss:0.033507 [12] train-logloss:0.027938 [13] train-logloss:0.023726 [14] train-logloss:0.020888 [15] train-logloss:0.018236 [16] train-logloss:0.016627 [17] train-logloss:0.015299 [18] train-logloss:0.013690 [1] train-logloss:0.454241 Will train until train_logloss hasn't improved in 2 rounds. [2] train-logloss:0.317919 [3] train-logloss:0.231377 [4] train-logloss:0.173221 [5] train-logloss:0.131881 [6] train-logloss:0.102166 [7] train-logloss:0.081271 [8] train-logloss:0.064928 [9] train-logloss:0.052676 [10] train-logloss:0.043048 [11] train-logloss:0.035535 [12] train-logloss:0.030161 [13] train-logloss:0.026164 [14] train-logloss:0.022393 [15] train-logloss:0.020071 [16] train-logloss:0.017679 [1] train-logloss:0.457207 Will train until train_logloss hasn't improved in 2 rounds. [2] train-logloss:0.324635 [3] train-logloss:0.240276 [4] train-logloss:0.182959 [5] train-logloss:0.140576 [6] train-logloss:0.109420 [7] train-logloss:0.086492 [8] train-logloss:0.069700 [9] train-logloss:0.056768 [10] train-logloss:0.046471 [11] train-logloss:0.038515 [12] train-logloss:0.033399 [13] train-logloss:0.028269 [14] train-logloss:0.024932 [15] train-logloss:0.022560 [16] train-logloss:0.020137 [17] train-logloss:0.017937 [18] train-logloss:0.016576 [19] train-logloss:0.015053 [20] train-logloss:0.014178 [21] train-logloss:0.013230 [22] train-logloss:0.012500 [23] train-logloss:0.011554 [24] train-logloss:0.011062 [25] train-logloss:0.010669 [26] train-logloss:0.010093 [27] train-logloss:0.009687 [28] train-logloss:0.009271 [1] train-logloss:0.455592 Will train until train_logloss hasn't improved in 2 rounds. [2] train-logloss:0.321586 [3] train-logloss:0.232713 [4] train-logloss:0.174577 [5] train-logloss:0.134285 [6] train-logloss:0.102754 [7] train-logloss:0.081309 [8] train-logloss:0.064462 [9] train-logloss:0.051642 [10] train-logloss:0.041929 [11] train-logloss:0.034709 [1] train-logloss:0.458259 Will train until train_logloss hasn't improved in 2 rounds. [2] train-logloss:0.324498 [3] train-logloss:0.239498 [4] train-logloss:0.183084 [5] train-logloss:0.138834 [6] train-logloss:0.107638 [7] train-logloss:0.086053 [8] train-logloss:0.068278 [9] train-logloss:0.056036 [10] train-logloss:0.046001 [11] train-logloss:0.038345 [12] train-logloss:0.033245 [13] train-logloss:0.028853 [1] train-logloss:0.458997 Will train until train_logloss hasn't improved in 2 rounds. [2] train-logloss:0.326186 [3] train-logloss:0.239739 [4] train-logloss:0.180364 [5] train-logloss:0.138648 [6] train-logloss:0.110138 [7] train-logloss:0.087229 [8] train-logloss:0.071218 [9] train-logloss:0.058140 [10] train-logloss:0.048351 [11] train-logloss:0.040645 [12] train-logloss:0.034688 [13] train-logloss:0.030406 [14] train-logloss:0.026852 [15] train-logloss:0.023642 [1] train-logloss:0.439549 Will train until train_logloss hasn't improved in 2 rounds. [2] train-logloss:0.298794 [3] train-logloss:0.209914 [4] train-logloss:0.150369 [5] train-logloss:0.109118 [6] train-logloss:0.079937 [7] train-logloss:0.059007 [8] train-logloss:0.043851 [9] train-logloss:0.032800 [10] train-logloss:0.024702 [11] train-logloss:0.018742 [12] train-logloss:0.014341 [13] train-logloss:0.011080 [14] train-logloss:0.008653 [15] train-logloss:0.006840 [16] train-logloss:0.005477 [1] train-logloss:0.439549 Will train until train_logloss hasn't improved in 2 rounds. [2] train-logloss:0.298794 [3] train-logloss:0.209914 [4] train-logloss:0.150369 [5] train-logloss:0.109118 [6] train-logloss:0.079937 [7] train-logloss:0.059007 [8] train-logloss:0.043851 [9] train-logloss:0.032800 [10] train-logloss:0.024702 [11] train-logloss:0.018742 [12] train-logloss:0.014341 [13] train-logloss:0.011080 [14] train-logloss:0.008653 [1] train-logloss:0.439549 Will train until train_logloss hasn't improved in 2 rounds. [2] train-logloss:0.298794 [3] train-logloss:0.209914 [4] train-logloss:0.150369 [5] train-logloss:0.109118 [6] train-logloss:0.079937 [7] train-logloss:0.059007 [8] train-logloss:0.043851 [9] train-logloss:0.032800 [10] train-logloss:0.024702 [11] train-logloss:0.018742 [12] train-logloss:0.014341 [13] train-logloss:0.011080 [14] train-logloss:0.008653 [ FAIL 0 | WARN 8 | SKIP 0 | PASS 104 ] [ FAIL 0 | WARN 8 | SKIP 0 | PASS 104 ] > > proc.time() user system elapsed 214.213 1.717 60.653
scDblFinder.Rcheck/scDblFinder-Ex.timings
name | user | system | elapsed | |
TFIDF | 0.076 | 0.002 | 0.077 | |
addDoublets | 0.337 | 0.000 | 0.337 | |
amulet | 1.590 | 0.062 | 1.654 | |
amuletFromCounts | 0.267 | 0.000 | 0.267 | |
clusterStickiness | 41.165 | 0.218 | 6.620 | |
computeDoubletDensity | 3.590 | 0.279 | 3.868 | |
createDoublets | 0.234 | 0.006 | 0.240 | |
cxds2 | 0.321 | 0.019 | 0.340 | |
directDblClassification | 15.262 | 0.188 | 2.500 | |
doubletPairwiseEnrichment | 37.346 | 0.186 | 5.190 | |
doubletThresholding | 39.222 | 0.242 | 5.893 | |
fastcluster | 0.513 | 0.046 | 0.559 | |
findDoubletClusters | 0.786 | 0.107 | 0.894 | |
getArtificialDoublets | 0.005 | 0.000 | 0.004 | |
getCellPairs | 0.009 | 0.000 | 0.009 | |
getExpectedDoublets | 0.002 | 0.000 | 0.002 | |
mockDoubletSCE | 0.214 | 0.000 | 0.215 | |
propHomotypic | 0 | 0 | 0 | |
recoverDoublets | 0.132 | 0.005 | 0.137 | |
scDblFinder | 38.601 | 0.318 | 5.913 | |
selFeatures | 0.260 | 0.003 | 0.263 | |