Back to Multiple platform build/check report for BioC 3.22:   simplified   long
ABCDEFGHIJKLMNOPQRS[T]UVWXYZ

This page was generated on 2025-10-13 12:08 -0400 (Mon, 13 Oct 2025).

HostnameOSArch (*)R versionInstalled pkgs
nebbiolo2Linux (Ubuntu 24.04.3 LTS)x86_644.5.1 Patched (2025-08-23 r88802) -- "Great Square Root" 4864
lconwaymacOS 12.7.1 Montereyx86_644.5.1 Patched (2025-09-10 r88807) -- "Great Square Root" 4652
kjohnson3macOS 13.7.7 Venturaarm644.5.1 Patched (2025-09-10 r88807) -- "Great Square Root" 4597
taishanLinux (openEuler 24.03 LTS)aarch644.5.0 (2025-04-11) -- "How About a Twenty-Six" 4586
Click on any hostname to see more info about the system (e.g. compilers)      (*) as reported by 'uname -p', except on Windows and Mac OS X

Package 2198/2346HostnameOS / ArchINSTALLBUILDCHECKBUILD BIN
tidySingleCellExperiment 1.19.0  (landing page)
Stefano Mangiola
Snapshot Date: 2025-10-12 13:45 -0400 (Sun, 12 Oct 2025)
git_url: https://git.bioconductor.org/packages/tidySingleCellExperiment
git_branch: devel
git_last_commit: 020c3b6
git_last_commit_date: 2025-04-15 12:13:59 -0400 (Tue, 15 Apr 2025)
nebbiolo2Linux (Ubuntu 24.04.3 LTS) / x86_64  OK    OK    ERROR  
lconwaymacOS 12.7.1 Monterey / x86_64  OK    OK    OK    OK  UNNEEDED, same version is already published
kjohnson3macOS 13.7.7 Ventura / arm64  OK    OK    OK    OK  UNNEEDED, same version is already published
taishanLinux (openEuler 24.03 LTS) / aarch64  OK    OK    ERROR  


CHECK results for tidySingleCellExperiment on taishan

To the developers/maintainers of the tidySingleCellExperiment package:
- Allow up to 24 hours (and sometimes 48 hours) for your latest push to git@git.bioconductor.org:packages/tidySingleCellExperiment.git to reflect on this report. See Troubleshooting Build Report for more information.
- Use the following Renviron settings to reproduce errors and warnings.
- If 'R CMD check' started to fail recently on the Linux builder(s) over a missing dependency, add the missing dependency to 'Suggests:' in your DESCRIPTION file. See Renviron.bioc for more information.
- See Martin Grigorov's blog post for how to debug Linux ARM64 related issues on a x86_64 host.

raw results


Summary

Package: tidySingleCellExperiment
Version: 1.19.0
Command: /home/biocbuild/R/R/bin/R CMD check --install=check:tidySingleCellExperiment.install-out.txt --library=/home/biocbuild/R/R/site-library --no-vignettes --timings tidySingleCellExperiment_1.19.0.tar.gz
StartedAt: 2025-10-10 14:37:19 -0000 (Fri, 10 Oct 2025)
EndedAt: 2025-10-10 14:43:24 -0000 (Fri, 10 Oct 2025)
EllapsedTime: 364.7 seconds
RetCode: 1
Status:   ERROR  
CheckDir: tidySingleCellExperiment.Rcheck
Warnings: NA

Command output

##############################################################################
##############################################################################
###
### Running command:
###
###   /home/biocbuild/R/R/bin/R CMD check --install=check:tidySingleCellExperiment.install-out.txt --library=/home/biocbuild/R/R/site-library --no-vignettes --timings tidySingleCellExperiment_1.19.0.tar.gz
###
##############################################################################
##############################################################################


* using log directory ‘/home/biocbuild/bbs-3.22-bioc/meat/tidySingleCellExperiment.Rcheck’
* using R version 4.5.0 (2025-04-11)
* using platform: aarch64-unknown-linux-gnu
* R was compiled by
    aarch64-unknown-linux-gnu-gcc (GCC) 14.2.0
    GNU Fortran (GCC) 14.2.0
* running under: openEuler 24.03 (LTS)
* using session charset: UTF-8
* using option ‘--no-vignettes’
* checking for file ‘tidySingleCellExperiment/DESCRIPTION’ ... OK
* checking extension type ... Package
* this is package ‘tidySingleCellExperiment’ version ‘1.19.0’
* package encoding: UTF-8
* checking package namespace information ... OK
* checking package dependencies ... OK
* checking if this is a source package ... OK
* checking if there is a namespace ... OK
* checking for hidden files and directories ... OK
* checking for portable file names ... OK
* checking for sufficient/correct file permissions ... OK
* checking whether package ‘tidySingleCellExperiment’ can be installed ... OK
* checking installed package size ... OK
* checking package directory ... OK
* checking ‘build’ directory ... OK
* checking DESCRIPTION meta-information ... OK
* checking top-level files ... OK
* checking for left-over files ... OK
* checking index information ... OK
* checking package subdirectories ... OK
* checking code files for non-ASCII characters ... OK
* checking R files for syntax errors ... OK
* checking whether the package can be loaded ... OK
* checking whether the package can be loaded with stated dependencies ... OK
* checking whether the package can be unloaded cleanly ... OK
* checking whether the namespace can be loaded with stated dependencies ... OK
* checking whether the namespace can be unloaded cleanly ... OK
* checking loading without being on the library search path ... OK
* checking whether startup messages can be suppressed ... OK
* checking dependencies in R code ... OK
* checking S3 generic/method consistency ... OK
* checking replacement functions ... OK
* checking foreign function calls ... OK
* checking R code for possible problems ... NOTE
nest.SingleCellExperiment: no visible global function definition for
  ‘n’
aggregate_cells,SingleCellExperiment: no visible binding for global
  variable ‘my_id_to_split_by___’
aggregate_cells,SingleCellExperiment: no visible binding for global
  variable ‘assay_name’
aggregate_cells,SingleCellExperiment: no visible binding for global
  variable ‘.feature’
Undefined global functions or variables:
  .feature assay_name my_id_to_split_by___ n
* checking Rd files ... NOTE
prepare_Rd: group_by.Rd:98-100: Dropping empty section \seealso
* checking Rd metadata ... OK
* checking Rd cross-references ... NOTE
Non-topic package-anchored link(s) in Rd file 'pipe.Rd':
  ‘[magrittr:pipe]{%>%}’

See section 'Cross-references' in the 'Writing R Extensions' manual.

Found the following Rd file(s) with Rd \link{} targets missing package
anchors:
  formatting.Rd: tbl_format_setup
Please provide package anchors for all Rd \link{} targets not in the
package itself and the base packages.
* checking for missing documentation entries ... OK
* checking for code/documentation mismatches ... OK
* checking Rd \usage sections ... OK
* checking Rd contents ... OK
* checking for unstated dependencies in examples ... OK
* checking contents of ‘data’ directory ... OK
* checking data for non-ASCII characters ... OK
* checking data for ASCII and uncompressed saves ... OK
* checking files in ‘vignettes’ ... OK
* checking examples ... ERROR
Running examples in ‘tidySingleCellExperiment-Ex.R’ failed
The error most likely occurred in:

> base::assign(".ptime", proc.time(), pos = "CheckExEnv")
> ### Name: arrange
> ### Title: Order rows using column values
> ### Aliases: arrange arrange.SingleCellExperiment
> 
> ### ** Examples
> 
> data(pbmc_small)
> pbmc_small |> 
+     arrange(nFeature_RNA)
Loading required namespace: GenomeInfoDb
Failed with error:  ‘there is no package called ‘GenomeInfoDb’’
Error in .requirePackage(package) : 
  unable to load required package ‘GenomeInfoDb’
Calls: arrange ... .extendsForS3 -> extends -> getClassDef -> .requirePackage
Execution halted
* checking for unstated dependencies in ‘tests’ ... OK
* checking tests ...
  Running ‘testthat.R’
 ERROR
Running the tests in ‘tests/testthat.R’ failed.
Last 13 lines of output:
    9. │         ├─methods::callNextMethod()
   10. │         └─SummarizedExperiment (local) .nextMethod(object = object)
   11. │           ├─BiocGenerics::updateObject(object@rowRanges, ..., verbose = verbose)
   12. │           └─GenomicRanges::updateObject(object@rowRanges, ..., verbose = verbose)
   13. │             ├─BiocGenerics::updateObject(object@unlistData, ..., verbose = verbose)
   14. │             └─GenomicRanges::updateObject(object@unlistData, ..., verbose = verbose)
   15. │               └─BiocGenerics::updateObject(object@seqinfo, ..., verbose = verbose)
   16. └─methods:::.extendsForS3(`<chr>`)
   17.   └─methods::extends(Class, maybe = FALSE)
   18.     └─methods::getClassDef(class1)
   19.       └─methods:::.requirePackage(package)
  
  [ FAIL 9 | WARN 1 | SKIP 0 | PASS 135 ]
  Error: Test failures
  Execution halted
* checking for unstated dependencies in vignettes ... OK
* checking package vignettes ... OK
* checking running R code from vignettes ... SKIPPED
* checking re-building of vignette outputs ... SKIPPED
* checking PDF version of manual ... OK
* DONE

Status: 2 ERRORs, 3 NOTEs
See
  ‘/home/biocbuild/bbs-3.22-bioc/meat/tidySingleCellExperiment.Rcheck/00check.log’
for details.


Installation output

tidySingleCellExperiment.Rcheck/00install.out

##############################################################################
##############################################################################
###
### Running command:
###
###   /home/biocbuild/R/R/bin/R CMD INSTALL tidySingleCellExperiment
###
##############################################################################
##############################################################################


* installing to library ‘/home/biocbuild/R/R-4.5.0/site-library’
* installing *source* package ‘tidySingleCellExperiment’ ...
** this is package ‘tidySingleCellExperiment’ version ‘1.19.0’
** using staged installation
** R
** data
** inst
** byte-compile and prepare package for lazy loading
** help
*** installing help indices
** building package indices
** installing vignettes
** testing if installed package can be loaded from temporary location
** testing if installed package can be loaded from final location
** testing if installed package keeps a record of temporary installation path
* DONE (tidySingleCellExperiment)

Tests output

tidySingleCellExperiment.Rcheck/tests/testthat.Rout.fail


R version 4.5.0 (2025-04-11) -- "How About a Twenty-Six"
Copyright (C) 2025 The R Foundation for Statistical Computing
Platform: aarch64-unknown-linux-gnu

R is free software and comes with ABSOLUTELY NO WARRANTY.
You are welcome to redistribute it under certain conditions.
Type 'license()' or 'licence()' for distribution details.

R is a collaborative project with many contributors.
Type 'contributors()' for more information and
'citation()' on how to cite R or R packages in publications.

Type 'demo()' for some demos, 'help()' for on-line help, or
'help.start()' for an HTML browser interface to help.
Type 'q()' to quit R.

> library(testthat)
> library(tidySingleCellExperiment)
Loading required package: SingleCellExperiment
Loading required package: SummarizedExperiment
Loading required package: MatrixGenerics
Loading required package: matrixStats

Attaching package: 'MatrixGenerics'

The following objects are masked from 'package:matrixStats':

    colAlls, colAnyNAs, colAnys, colAvgsPerRowSet, colCollapse,
    colCounts, colCummaxs, colCummins, colCumprods, colCumsums,
    colDiffs, colIQRDiffs, colIQRs, colLogSumExps, colMadDiffs,
    colMads, colMaxs, colMeans2, colMedians, colMins, colOrderStats,
    colProds, colQuantiles, colRanges, colRanks, colSdDiffs, colSds,
    colSums2, colTabulates, colVarDiffs, colVars, colWeightedMads,
    colWeightedMeans, colWeightedMedians, colWeightedSds,
    colWeightedVars, rowAlls, rowAnyNAs, rowAnys, rowAvgsPerColSet,
    rowCollapse, rowCounts, rowCummaxs, rowCummins, rowCumprods,
    rowCumsums, rowDiffs, rowIQRDiffs, rowIQRs, rowLogSumExps,
    rowMadDiffs, rowMads, rowMaxs, rowMeans2, rowMedians, rowMins,
    rowOrderStats, rowProds, rowQuantiles, rowRanges, rowRanks,
    rowSdDiffs, rowSds, rowSums2, rowTabulates, rowVarDiffs, rowVars,
    rowWeightedMads, rowWeightedMeans, rowWeightedMedians,
    rowWeightedSds, rowWeightedVars

Loading required package: GenomicRanges
Loading required package: stats4
Loading required package: BiocGenerics
Loading required package: generics

Attaching package: 'generics'

The following objects are masked from 'package:base':

    as.difftime, as.factor, as.ordered, intersect, is.element, setdiff,
    setequal, union


Attaching package: 'BiocGenerics'

The following objects are masked from 'package:stats':

    IQR, mad, sd, var, xtabs

The following objects are masked from 'package:base':

    Filter, Find, Map, Position, Reduce, anyDuplicated, aperm, append,
    as.data.frame, basename, cbind, colnames, dirname, do.call,
    duplicated, eval, evalq, get, grep, grepl, is.unsorted, lapply,
    mapply, match, mget, order, paste, pmax, pmax.int, pmin, pmin.int,
    rank, rbind, rownames, sapply, saveRDS, table, tapply, unique,
    unsplit, which.max, which.min

Loading required package: S4Vectors

Attaching package: 'S4Vectors'

The following object is masked from 'package:utils':

    findMatches

The following objects are masked from 'package:base':

    I, expand.grid, unname

Loading required package: IRanges
Loading required package: Seqinfo
Loading required package: Biobase
Welcome to Bioconductor

    Vignettes contain introductory material; view with
    'browseVignettes()'. To cite Bioconductor, see
    'citation("Biobase")', and for packages 'citation("pkgname")'.


Attaching package: 'Biobase'

The following object is masked from 'package:MatrixGenerics':

    rowMedians

The following objects are masked from 'package:matrixStats':

    anyMissing, rowMedians


Attaching package: 'tidySingleCellExperiment'

The following object is masked from 'package:generics':

    tidy

> 
> test_check("tidySingleCellExperiment")
Failed with error:  'there is no package called 'GenomeInfoDb''
Failed with error:  'there is no package called 'GenomeInfoDb''
Failed with error:  'there is no package called 'GenomeInfoDb''
Failed with error:  'there is no package called 'GenomeInfoDb''
Failed with error:  'there is no package called 'GenomeInfoDb''
Failed with error:  'there is no package called 'GenomeInfoDb''
Failed with error:  'there is no package called 'GenomeInfoDb''
Failed with error:  'there is no package called 'GenomeInfoDb''
Failed with error:  'there is no package called 'GenomeInfoDb''
[ FAIL 9 | WARN 1 | SKIP 0 | PASS 135 ]

══ Failed tests ════════════════════════════════════════════════════════════════
── Error ('test-dplyr_methods.R:241:5'): slice_sample() ────────────────────────
Error in `.requirePackage(package)`: unable to load required package 'GenomeInfoDb'
Backtrace:
     ▆
  1. ├─testthat::expect_equal(...) at test-dplyr_methods.R:241:5
  2. │ └─testthat::quasi_label(enquo(object), label, arg = "object")
  3. │   └─rlang::eval_bare(expr, quo_get_env(quo))
  4. ├─base::ncol(slice_sample(pbmc_small, n = 0))
  5. ├─dplyr::slice_sample(pbmc_small, n = 0)
  6. ├─tidySingleCellExperiment:::slice_sample.SingleCellExperiment(...)
  7. │ ├─.data[, pull(new_meta, !!c_(.data)$symbol)]
  8. │ └─.data[, pull(new_meta, !!c_(.data)$symbol)]
  9. │   ├─BiocGenerics::updateObject(x)
 10. │   └─SingleCellExperiment::updateObject(x)
 11. │     ├─methods::callNextMethod()
 12. │     └─SummarizedExperiment (local) .nextMethod(object = object)
 13. │       ├─BiocGenerics::updateObject(object@rowRanges, ..., verbose = verbose)
 14. │       └─GenomicRanges::updateObject(object@rowRanges, ..., verbose = verbose)
 15. │         ├─BiocGenerics::updateObject(object@unlistData, ..., verbose = verbose)
 16. │         └─GenomicRanges::updateObject(object@unlistData, ..., verbose = verbose)
 17. │           └─BiocGenerics::updateObject(object@seqinfo, ..., verbose = verbose)
 18. └─methods:::.extendsForS3(`<chr>`)
 19.   └─methods::extends(Class, maybe = FALSE)
 20.     └─methods::getClassDef(class1)
 21.       └─methods:::.requirePackage(package)
── Error ('test-dplyr_methods.R:252:5'): slice_head() ──────────────────────────
Error in `.requirePackage(package)`: unable to load required package 'GenomeInfoDb'
Backtrace:
     ▆
  1. ├─testthat::expect_equal(ncol(slice_head(pbmc_small, n = 0)), 0) at test-dplyr_methods.R:252:5
  2. │ └─testthat::quasi_label(enquo(object), label, arg = "object")
  3. │   └─rlang::eval_bare(expr, quo_get_env(quo))
  4. ├─base::ncol(slice_head(pbmc_small, n = 0))
  5. ├─dplyr::slice_head(pbmc_small, n = 0)
  6. ├─tidySingleCellExperiment:::slice_head.SingleCellExperiment(...)
  7. │ ├─.data[, idx]
  8. │ └─.data[, idx]
  9. │   ├─BiocGenerics::updateObject(x)
 10. │   └─SingleCellExperiment::updateObject(x)
 11. │     ├─methods::callNextMethod()
 12. │     └─SummarizedExperiment (local) .nextMethod(object = object)
 13. │       ├─BiocGenerics::updateObject(object@rowRanges, ..., verbose = verbose)
 14. │       └─GenomicRanges::updateObject(object@rowRanges, ..., verbose = verbose)
 15. │         ├─BiocGenerics::updateObject(object@unlistData, ..., verbose = verbose)
 16. │         └─GenomicRanges::updateObject(object@unlistData, ..., verbose = verbose)
 17. │           └─BiocGenerics::updateObject(object@seqinfo, ..., verbose = verbose)
 18. └─methods:::.extendsForS3(`<chr>`)
 19.   └─methods::extends(Class, maybe = FALSE)
 20.     └─methods::getClassDef(class1)
 21.       └─methods:::.requirePackage(package)
── Error ('test-dplyr_methods.R:267:5'): slice_tail() ──────────────────────────
Error in `.requirePackage(package)`: unable to load required package 'GenomeInfoDb'
Backtrace:
     ▆
  1. ├─testthat::expect_equal(ncol(slice_tail(pbmc_small, n = 0)), 0) at test-dplyr_methods.R:267:5
  2. │ └─testthat::quasi_label(enquo(object), label, arg = "object")
  3. │   └─rlang::eval_bare(expr, quo_get_env(quo))
  4. ├─base::ncol(slice_tail(pbmc_small, n = 0))
  5. ├─dplyr::slice_tail(pbmc_small, n = 0)
  6. ├─tidySingleCellExperiment:::slice_tail.SingleCellExperiment(...)
  7. │ ├─.data[, idx]
  8. │ └─.data[, idx]
  9. │   ├─BiocGenerics::updateObject(x)
 10. │   └─SingleCellExperiment::updateObject(x)
 11. │     ├─methods::callNextMethod()
 12. │     └─SummarizedExperiment (local) .nextMethod(object = object)
 13. │       ├─BiocGenerics::updateObject(object@rowRanges, ..., verbose = verbose)
 14. │       └─GenomicRanges::updateObject(object@rowRanges, ..., verbose = verbose)
 15. │         ├─BiocGenerics::updateObject(object@unlistData, ..., verbose = verbose)
 16. │         └─GenomicRanges::updateObject(object@unlistData, ..., verbose = verbose)
 17. │           └─BiocGenerics::updateObject(object@seqinfo, ..., verbose = verbose)
 18. └─methods:::.extendsForS3(`<chr>`)
 19.   └─methods::extends(Class, maybe = FALSE)
 20.     └─methods::getClassDef(class1)
 21.       └─methods:::.requirePackage(package)
── Error ('test-dplyr_methods.R:282:5'): slice_min() ───────────────────────────
Error in `.requirePackage(package)`: unable to load required package 'GenomeInfoDb'
Backtrace:
     ▆
  1. ├─testthat::expect_equal(...) at test-dplyr_methods.R:282:5
  2. │ └─testthat::quasi_label(enquo(object), label, arg = "object")
  3. │   └─rlang::eval_bare(expr, quo_get_env(quo))
  4. ├─base::ncol(slice_min(pbmc_small, nFeature_RNA, n = 0))
  5. ├─dplyr::slice_min(pbmc_small, nFeature_RNA, n = 0)
  6. ├─tidySingleCellExperiment:::slice_min.SingleCellExperiment(...)
  7. │ ├─.data[, idx]
  8. │ └─.data[, idx]
  9. │   ├─BiocGenerics::updateObject(x)
 10. │   └─SingleCellExperiment::updateObject(x)
 11. │     ├─methods::callNextMethod()
 12. │     └─SummarizedExperiment (local) .nextMethod(object = object)
 13. │       ├─BiocGenerics::updateObject(object@rowRanges, ..., verbose = verbose)
 14. │       └─GenomicRanges::updateObject(object@rowRanges, ..., verbose = verbose)
 15. │         ├─BiocGenerics::updateObject(object@unlistData, ..., verbose = verbose)
 16. │         └─GenomicRanges::updateObject(object@unlistData, ..., verbose = verbose)
 17. │           └─BiocGenerics::updateObject(object@seqinfo, ..., verbose = verbose)
 18. └─methods:::.extendsForS3(`<chr>`)
 19.   └─methods::extends(Class, maybe = FALSE)
 20.     └─methods::getClassDef(class1)
 21.       └─methods:::.requirePackage(package)
── Error ('test-dplyr_methods.R:299:5'): slice_max() ───────────────────────────
Error in `.requirePackage(package)`: unable to load required package 'GenomeInfoDb'
Backtrace:
     ▆
  1. ├─testthat::expect_equal(...) at test-dplyr_methods.R:299:5
  2. │ └─testthat::quasi_label(enquo(object), label, arg = "object")
  3. │   └─rlang::eval_bare(expr, quo_get_env(quo))
  4. ├─base::ncol(slice_max(pbmc_small, nFeature_RNA, n = 0))
  5. ├─dplyr::slice_max(pbmc_small, nFeature_RNA, n = 0)
  6. ├─tidySingleCellExperiment:::slice_max.SingleCellExperiment(...)
  7. │ ├─.data[, idx]
  8. │ └─.data[, idx]
  9. │   ├─BiocGenerics::updateObject(x)
 10. │   └─SingleCellExperiment::updateObject(x)
 11. │     ├─methods::callNextMethod()
 12. │     └─SummarizedExperiment (local) .nextMethod(object = object)
 13. │       ├─BiocGenerics::updateObject(object@rowRanges, ..., verbose = verbose)
 14. │       └─GenomicRanges::updateObject(object@rowRanges, ..., verbose = verbose)
 15. │         ├─BiocGenerics::updateObject(object@unlistData, ..., verbose = verbose)
 16. │         └─GenomicRanges::updateObject(object@unlistData, ..., verbose = verbose)
 17. │           └─BiocGenerics::updateObject(object@seqinfo, ..., verbose = verbose)
 18. └─methods:::.extendsForS3(`<chr>`)
 19.   └─methods::extends(Class, maybe = FALSE)
 20.     └─methods::getClassDef(class1)
 21.       └─methods:::.requirePackage(package)
── Error ('test-dplyr_methods.R:316:3'): slice_min() slice_max() tibble input for order_by ──
Error in `.requirePackage(package)`: unable to load required package 'GenomeInfoDb'
Backtrace:
     ▆
  1. ├─testthat::expect_equal(...) at test-dplyr_methods.R:316:3
  2. │ └─testthat::quasi_label(enquo(object), label, arg = "object")
  3. │   └─rlang::eval_bare(expr, quo_get_env(quo))
  4. ├─base::ncol(...)
  5. ├─dplyr::slice_min(...)
  6. ├─tidySingleCellExperiment:::slice_min.SingleCellExperiment(...)
  7. │ ├─.data[, idx]
  8. │ └─.data[, idx]
  9. │   ├─BiocGenerics::updateObject(x)
 10. │   └─SingleCellExperiment::updateObject(x)
 11. │     ├─methods::callNextMethod()
 12. │     └─SummarizedExperiment (local) .nextMethod(object = object)
 13. │       ├─BiocGenerics::updateObject(object@rowRanges, ..., verbose = verbose)
 14. │       └─GenomicRanges::updateObject(object@rowRanges, ..., verbose = verbose)
 15. │         ├─BiocGenerics::updateObject(object@unlistData, ..., verbose = verbose)
 16. │         └─GenomicRanges::updateObject(object@unlistData, ..., verbose = verbose)
 17. │           └─BiocGenerics::updateObject(object@seqinfo, ..., verbose = verbose)
 18. └─methods:::.extendsForS3(`<chr>`)
 19.   └─methods::extends(Class, maybe = FALSE)
 20.     └─methods::getClassDef(class1)
 21.       └─methods:::.requirePackage(package)
── Error ('test-methods.R:5:5'): show() ────────────────────────────────────────
Error in `.requirePackage(package)`: unable to load required package 'GenomeInfoDb'
Backtrace:
     ▆
  1. ├─utils::capture.output(show(df)) at test-methods.R:5:5
  2. │ └─base::withVisible(...elt(i))
  3. ├─methods::show(df)
  4. ├─tidySingleCellExperiment (local) show(df)
  5. │ ├─base::print(object)
  6. │ └─tidySingleCellExperiment:::print.SingleCellExperiment(object)
  7. │   ├─... %>% print()
  8. │   ├─vctrs::new_data_frame(...)
  9. │   ├─tibble::as_tibble(x, n_dimensions_to_return = 5)
 10. │   └─tidySingleCellExperiment:::as_tibble.SingleCellExperiment(...)
 11. │     ├─SingleCellExperiment::reducedDims(x)
 12. │     └─SingleCellExperiment::reducedDims(x)
 13. │       └─SingleCellExperiment (local) .local(x, ...)
 14. │         └─SingleCellExperiment:::.get_internal_all(...)
 15. │           ├─BiocGenerics::updateObject(x)
 16. │           └─SingleCellExperiment::updateObject(x)
 17. │             ├─methods::callNextMethod()
 18. │             └─SummarizedExperiment (local) .nextMethod(object = object)
 19. │               ├─BiocGenerics::updateObject(object@rowRanges, ..., verbose = verbose)
 20. │               └─GenomicRanges::updateObject(object@rowRanges, ..., verbose = verbose)
 21. │                 ├─BiocGenerics::updateObject(object@unlistData, ..., verbose = verbose)
 22. │                 └─GenomicRanges::updateObject(object@unlistData, ..., verbose = verbose)
 23. │                   └─BiocGenerics::updateObject(object@seqinfo, ..., verbose = verbose)
 24. ├─base::print(.)
 25. ├─tidySingleCellExperiment:::add_attr(., assayNames(x), "assay_names")
 26. ├─tidySingleCellExperiment:::add_attr(., nrow(x), "number_of_features")
 27. └─methods:::.extendsForS3(`<chr>`)
 28.   └─methods::extends(Class, maybe = FALSE)
 29.     └─methods::getClassDef(class1)
 30.       └─methods:::.requirePackage(package)
── Error ('test-methods.R:16:5'): join_features() ──────────────────────────────
Error in `.requirePackage(package)`: unable to load required package 'GenomeInfoDb'
Backtrace:
     ▆
  1. ├─ttservice::join_features(df, gs, shape = "long") at test-methods.R:16:5
  2. ├─tidySingleCellExperiment::join_features(df, gs, shape = "long")
  3. │ ├─base::suppressMessages(...)
  4. │ │ └─base::withCallingHandlers(...)
  5. │ └─... %>% ...
  6. ├─dplyr::select(...)
  7. ├─dplyr::left_join(...)
  8. ├─tidySingleCellExperiment:::left_join.SingleCellExperiment(...)
  9. │ ├─dplyr (local) fun(as_tibble(x), y, by = by, copy = copy, suffix = suffix, ...)
 10. │ ├─tibble::as_tibble(x)
 11. │ └─tidySingleCellExperiment:::as_tibble.SingleCellExperiment(x)
 12. │   ├─SingleCellExperiment::reducedDims(x)
 13. │   └─SingleCellExperiment::reducedDims(x)
 14. │     └─SingleCellExperiment (local) .local(x, ...)
 15. │       └─SingleCellExperiment:::.get_internal_all(...)
 16. │         ├─BiocGenerics::updateObject(x)
 17. │         └─SingleCellExperiment::updateObject(x)
 18. │           ├─methods::callNextMethod()
 19. │           └─SummarizedExperiment (local) .nextMethod(object = object)
 20. │             ├─BiocGenerics::updateObject(object@rowRanges, ..., verbose = verbose)
 21. │             └─GenomicRanges::updateObject(object@rowRanges, ..., verbose = verbose)
 22. │               ├─BiocGenerics::updateObject(object@unlistData, ..., verbose = verbose)
 23. │               └─GenomicRanges::updateObject(object@unlistData, ..., verbose = verbose)
 24. │                 └─BiocGenerics::updateObject(object@seqinfo, ..., verbose = verbose)
 25. └─methods:::.extendsForS3(`<chr>`)
 26.   └─methods::extends(Class, maybe = FALSE)
 27.     └─methods::getClassDef(class1)
 28.       └─methods:::.requirePackage(package)
── Error ('test-methods.R:33:5'): as_tibble() ──────────────────────────────────
Error in `.requirePackage(package)`: unable to load required package 'GenomeInfoDb'
Backtrace:
     ▆
  1. ├─tibble::as_tibble(df) at test-methods.R:33:5
  2. ├─tidySingleCellExperiment:::as_tibble.SingleCellExperiment(df)
  3. │ ├─SingleCellExperiment::reducedDims(x)
  4. │ └─SingleCellExperiment::reducedDims(x)
  5. │   └─SingleCellExperiment (local) .local(x, ...)
  6. │     └─SingleCellExperiment:::.get_internal_all(...)
  7. │       ├─BiocGenerics::updateObject(x)
  8. │       └─SingleCellExperiment::updateObject(x)
  9. │         ├─methods::callNextMethod()
 10. │         └─SummarizedExperiment (local) .nextMethod(object = object)
 11. │           ├─BiocGenerics::updateObject(object@rowRanges, ..., verbose = verbose)
 12. │           └─GenomicRanges::updateObject(object@rowRanges, ..., verbose = verbose)
 13. │             ├─BiocGenerics::updateObject(object@unlistData, ..., verbose = verbose)
 14. │             └─GenomicRanges::updateObject(object@unlistData, ..., verbose = verbose)
 15. │               └─BiocGenerics::updateObject(object@seqinfo, ..., verbose = verbose)
 16. └─methods:::.extendsForS3(`<chr>`)
 17.   └─methods::extends(Class, maybe = FALSE)
 18.     └─methods::getClassDef(class1)
 19.       └─methods:::.requirePackage(package)

[ FAIL 9 | WARN 1 | SKIP 0 | PASS 135 ]
Error: Test failures
Execution halted

Example timings

tidySingleCellExperiment.Rcheck/tidySingleCellExperiment-Ex.timings

nameusersystemelapsed
aggregate_cells0.5960.0120.633