| Back to Multiple platform build/check report for BioC 3.22: simplified long | 
 | 
This page was generated on 2025-10-30 12:36 -0400 (Thu, 30 Oct 2025).
| Hostname | OS | Arch (*) | R version | Installed pkgs | 
|---|---|---|---|---|
| nebbiolo2 | Linux (Ubuntu 24.04.3 LTS) | x86_64 | 4.5.1 Patched (2025-08-23 r88802) -- "Great Square Root" | 4901 | 
| lconway | macOS 12.7.6 Monterey | x86_64 | 4.5.1 Patched (2025-09-10 r88807) -- "Great Square Root" | 4691 | 
| kjohnson3 | macOS 13.7.7 Ventura | arm64 | 4.5.1 Patched (2025-09-10 r88807) -- "Great Square Root" | 4637 | 
| Click on any hostname to see more info about the system (e.g. compilers) (*) as reported by 'uname -p', except on Windows and Mac OS X | ||||
| Package 2258/2361 | Hostname | OS / Arch | INSTALL | BUILD | CHECK | BUILD BIN | ||||||||
| treeclimbR 1.6.0  (landing page) Charlotte Soneson 
 | nebbiolo2 | Linux (Ubuntu 24.04.3 LTS) / x86_64 | OK | ERROR | skipped | |||||||||
| lconway | macOS 12.7.6 Monterey / x86_64 | OK | ERROR | skipped | skipped | |||||||||
| kjohnson3 | macOS 13.7.7 Ventura / arm64 | OK | ERROR | skipped | skipped | |||||||||
| To the developers/maintainers of the treeclimbR package: - Allow up to 24 hours (and sometimes 48 hours) for your latest push to git@git.bioconductor.org:packages/treeclimbR.git to reflect on this report. See Troubleshooting Build Report for more information. - Use the following Renviron settings to reproduce errors and warnings. - If 'R CMD check' started to fail recently on the Linux builder(s) over a missing dependency, add the missing dependency to 'Suggests:' in your DESCRIPTION file. See Renviron.bioc for more information. | 
| Package: treeclimbR | 
| Version: 1.6.0 | 
| Command: /Library/Frameworks/R.framework/Resources/bin/R CMD build --keep-empty-dirs --no-resave-data treeclimbR | 
| StartedAt: 2025-10-30 01:46:56 -0400 (Thu, 30 Oct 2025) | 
| EndedAt: 2025-10-30 01:47:52 -0400 (Thu, 30 Oct 2025) | 
| EllapsedTime: 56.4 seconds | 
| RetCode: 1 | 
| Status: ERROR | 
| PackageFile: None | 
| PackageFileSize: NA | 
##############################################################################
##############################################################################
###
### Running command:
###
###   /Library/Frameworks/R.framework/Resources/bin/R CMD build --keep-empty-dirs --no-resave-data treeclimbR
###
##############################################################################
##############################################################################
* checking for file ‘treeclimbR/DESCRIPTION’ ... OK
* preparing ‘treeclimbR’:
* checking DESCRIPTION meta-information ... OK
* installing the package to build vignettes
* creating vignettes ... ERROR
--- re-building ‘treeclimbR.Rmd’ using rmarkdown
Quitting from treeclimbR.Rmd:110-163 [da-load-and-visualize-data]
~~~~~~~~~~~~~~~~~~~~~~~~~~~~~~~~~~~~~~~~~~~~~~~~~~~~~~~~~~~~~~~~~~~~~~~~~~~~~~~~
<error/rlang_error>
Error in `adjust_hclust_tip.edge.len()`:
! could not find function "adjust_hclust_tip.edge.len"
---
Backtrace:
    ▆
 1. ├─... %<+% df_color
 2. └─ggtree::ggtree(...)
 3.   ├─base::suppressWarnings(...)
 4.   │ └─base::withCallingHandlers(...)
 5.   ├─ggplot2::ggplot(...)
 6.   └─ggplot2:::ggplot.default(...)
 7.     ├─ggplot2::fortify(data, ...)
 8.     └─ggtree:::fortify.phylo(data, ...)
~~~~~~~~~~~~~~~~~~~~~~~~~~~~~~~~~~~~~~~~~~~~~~~~~~~~~~~~~~~~~~~~~~~~~~~~~~~~~~~~
Error: processing vignette 'treeclimbR.Rmd' failed with diagnostics:
could not find function "adjust_hclust_tip.edge.len"
--- failed re-building ‘treeclimbR.Rmd’
SUMMARY: processing the following file failed:
  ‘treeclimbR.Rmd’
Error: Vignette re-building failed.
Execution halted