| Back to Build/check report for BioC 3.22 annotations | 
 | 
This page was generated on 2025-10-29 06:45 -0400 (Wed, 29 Oct 2025).
| Hostname | OS | Arch (*) | R version | Installed pkgs | 
|---|---|---|---|---|
| nebbiolo2 | Linux (Ubuntu 24.04.3 LTS) | x86_64 | 4.5.1 Patched (2025-08-23 r88802) -- "Great Square Root" | 4901 | 
| Click on any hostname to see more info about the system (e.g. compilers) (*) as reported by 'uname -p', except on Windows and Mac OS X | ||||
| Package 10/49 | Hostname | OS / Arch | INSTALL | BUILD | CHECK | ||||||||
| alternativeSplicingEvents.hg19 1.1.0  (landing page) Nuno Agostinho 
 | nebbiolo2 | Linux (Ubuntu 24.04.3 LTS) / x86_64 | OK | OK | OK |  | |||||||
| To the developers/maintainers of the alternativeSplicingEvents.hg19 package: - Use the following Renviron settings to reproduce errors and warnings. - If 'R CMD check' started to fail recently on the Linux builder(s) over a missing dependency, add the missing dependency to 'Suggests:' in your DESCRIPTION file. See Renviron.bioc for more information. | 
| Package: alternativeSplicingEvents.hg19 | 
| Version: 1.1.0 | 
| Command: /home/biocbuild/bbs-3.22-bioc/R/bin/R CMD check --install=check:alternativeSplicingEvents.hg19.install-out.txt --library=/home/biocbuild/bbs-3.22-bioc/R/site-library --timings alternativeSplicingEvents.hg19_1.1.0.tar.gz | 
| StartedAt: 2025-10-29 05:58:44 -0400 (Wed, 29 Oct 2025) | 
| EndedAt: 2025-10-29 05:58:45 -0400 (Wed, 29 Oct 2025) | 
| EllapsedTime: 1.0 seconds | 
| RetCode: 0 | 
| Status: OK | 
| CheckDir: alternativeSplicingEvents.hg19.Rcheck | 
| Warnings: 0 | 
##############################################################################
##############################################################################
###
### Running command:
###
###   /home/biocbuild/bbs-3.22-bioc/R/bin/R CMD check --install=check:alternativeSplicingEvents.hg19.install-out.txt --library=/home/biocbuild/bbs-3.22-bioc/R/site-library --timings alternativeSplicingEvents.hg19_1.1.0.tar.gz
###
##############################################################################
##############################################################################
* using log directory ‘/home/biocbuild/bbs-3.22-data-annotation/meat/alternativeSplicingEvents.hg19.Rcheck’
* using R version 4.5.1 Patched (2025-08-23 r88802)
* using platform: x86_64-pc-linux-gnu
* R was compiled by
    gcc (Ubuntu 13.3.0-6ubuntu2~24.04) 13.3.0
    GNU Fortran (Ubuntu 13.3.0-6ubuntu2~24.04) 13.3.0
* running under: Ubuntu 24.04.3 LTS
* using session charset: UTF-8
* checking for file ‘alternativeSplicingEvents.hg19/DESCRIPTION’ ... OK
* checking extension type ... ERROR
Extensions with Type ‘Annotation package’ cannot be checked.
* DONE
Status: 1 ERROR
See
  ‘/home/biocbuild/bbs-3.22-data-annotation/meat/alternativeSplicingEvents.hg19.Rcheck/00check.log’
for details.