| HD2013SGI 1.0.4 Bernd Fischer
 
 | Snapshot Date: 2013-10-08 10:15:19 -0700 (Tue, 08 Oct 2013) |  | URL: https://hedgehog.fhcrc.org/bioc-data/trunk/experiment/pkgs/HD2013SGI |  | Last Changed Rev: 2399 / Revision: 2510 |  | Last Changed Date: 2013-07-18 02:50:56 -0700 (Thu, 18 Jul 2013) | 
 | george2 | Linux (Ubuntu 12.04.1 LTS) / x86_64 | [ ERROR ] | skipped |  | 
| moscato2 | Windows Server 2008 R2 Enterprise SP1 (64-bit) / x64 | ERROR | skipped | skipped | 
| petty | Mac OS X Snow Leopard (10.6.8) / x86_64 | ERROR | skipped | skipped | 
* checking for file ‘HD2013SGI/DESCRIPTION’ ... OK
* preparing ‘HD2013SGI’:
* checking DESCRIPTION meta-information ... OK
* installing the package to re-build vignettes
* creating vignettes ... ERROR
Error: processing vignette ‘HD2013SGI.Rnw’ failed with diagnostics:
 chunk 1 (label = style) 
Error in loadNamespace(name) : there is no package called ‘BiocStyle’
Execution halted