| ccTutorial 1.0.22 Joern Toedling
 
 | Snapshot Date: 2013-01-17 10:15:10 -0800 (Thu, 17 Jan 2013) |  | URL: https://hedgehog.fhcrc.org/bioc-data/trunk/experiment/pkgs/ccTutorial |  | Last Changed Rev: 2168 / Revision: 2199 |  | Last Changed Date: 2012-10-01 10:57:19 -0700 (Mon, 01 Oct 2012) | 
 | george2 | Linux (Ubuntu 12.04.1 LTS) / x86_64 | OK | OK |  | 
| lamb2 | Linux (openSUSE 11.4) / x86_64 | [ OK ] | OK |  | 
| moscato2 | Windows Server 2008 R2 Enterprise SP1 (64-bit) / x64 | OK | OK | OK | 
| petty | Mac OS X Leopard (10.5.8) / i386 | OK | OK | OK | 
* checking for file ‘ccTutorial/DESCRIPTION’ ... OK
* preparing ‘ccTutorial’:
* checking DESCRIPTION meta-information ... OK
* installing the package to re-build vignettes
* creating vignettes ... WARNING
  Unused files in inst/doc which are pointless or misleading
  as they will be re-created from the vignettes on installation:
   ccTutorial.R
   ccTutorialSupplement.R
  have been removed
* checking for LF line-endings in source and make files
* checking for empty or unneeded directories
* looking to see if a ‘data/datalist’ file should be added
* building ‘ccTutorial_1.0.22.tar.gz’