Back to Multiple platform build/check report for BioC 3.22:   simplified   long
ABCDEFGHIJKL[M]NOPQRSTUVWXYZ

This page was generated on 2025-10-06 12:07 -0400 (Mon, 06 Oct 2025).

HostnameOSArch (*)R versionInstalled pkgs
nebbiolo2Linux (Ubuntu 24.04.3 LTS)x86_644.5.1 Patched (2025-08-23 r88802) -- "Great Square Root" 4853
lconwaymacOS 12.7.1 Montereyx86_644.5.1 Patched (2025-09-10 r88807) -- "Great Square Root" 4640
kjohnson3macOS 13.7.7 Venturaarm644.5.1 Patched (2025-09-10 r88807) -- "Great Square Root" 4585
taishanLinux (openEuler 24.03 LTS)aarch644.5.0 (2025-04-11) -- "How About a Twenty-Six" 4576
Click on any hostname to see more info about the system (e.g. compilers)      (*) as reported by 'uname -p', except on Windows and Mac OS X

Package 1365/2341HostnameOS / ArchINSTALLBUILDCHECKBUILD BIN
MsBackendMetaboLights 1.3.1  (landing page)
Johannes Rainer
Snapshot Date: 2025-10-05 13:45 -0400 (Sun, 05 Oct 2025)
git_url: https://git.bioconductor.org/packages/MsBackendMetaboLights
git_branch: devel
git_last_commit: 11ea78a
git_last_commit_date: 2025-04-30 02:41:33 -0400 (Wed, 30 Apr 2025)
nebbiolo2Linux (Ubuntu 24.04.3 LTS) / x86_64  OK    OK    ERROR  
lconwaymacOS 12.7.1 Monterey / x86_64  OK    OK    OK    OK  UNNEEDED, same version is already published
kjohnson3macOS 13.7.7 Ventura / arm64  OK    OK    OK    OK  UNNEEDED, same version is already published
taishanLinux (openEuler 24.03 LTS) / aarch64  OK    ERROR  skipped


BUILD results for MsBackendMetaboLights on taishan

To the developers/maintainers of the MsBackendMetaboLights package:
- Allow up to 24 hours (and sometimes 48 hours) for your latest push to git@git.bioconductor.org:packages/MsBackendMetaboLights.git to reflect on this report. See Troubleshooting Build Report for more information.
- Use the following Renviron settings to reproduce errors and warnings.
- If 'R CMD check' started to fail recently on the Linux builder(s) over a missing dependency, add the missing dependency to 'Suggests:' in your DESCRIPTION file. See Renviron.bioc for more information.
- See Martin Grigorov's blog post for how to debug Linux ARM64 related issues on a x86_64 host.

raw results


Summary

Package: MsBackendMetaboLights
Version: 1.3.1
Command: /home/biocbuild/R/R/bin/R CMD build --keep-empty-dirs --no-resave-data MsBackendMetaboLights
StartedAt: 2025-10-03 01:38:20 -0000 (Fri, 03 Oct 2025)
EndedAt: 2025-10-03 01:39:08 -0000 (Fri, 03 Oct 2025)
EllapsedTime: 48.0 seconds
RetCode: 1
Status:   ERROR  
PackageFile: None
PackageFileSize: NA

Command output

##############################################################################
##############################################################################
###
### Running command:
###
###   /home/biocbuild/R/R/bin/R CMD build --keep-empty-dirs --no-resave-data MsBackendMetaboLights
###
##############################################################################
##############################################################################


* checking for file ‘MsBackendMetaboLights/DESCRIPTION’ ... OK
* preparing ‘MsBackendMetaboLights’:
* checking DESCRIPTION meta-information ... OK
* installing the package to build vignettes
* creating vignettes ... ERROR
--- re-building ‘MsBackendMetaboLights.Rmd’ using rmarkdown

Quitting from MsBackendMetaboLights.Rmd:102-110 [unnamed-chunk-6]
~~~~~~~~~~~~~~~~~~~~~~~~~~~~~~~~~~~~~~~~~~~~~~~~~~~~~~~~~~~~~~~~~~~~~~~~~~~~~~~~
<error/rlang_error>
Error in `file()`:
! cannot open the connection to 'ftp://ftp.ebi.ac.uk/pub/databases/metabolights/studies/public/MTBLS39/a_MTBLS39_the_plasticity_of_the_grapevine_berry_transcriptome_metabolite_profiling_mass_spectrometry.txt'
---
Backtrace:
    ▆
 1. └─utils::read.table(...)
 2.   └─base::file(file, "rt")
~~~~~~~~~~~~~~~~~~~~~~~~~~~~~~~~~~~~~~~~~~~~~~~~~~~~~~~~~~~~~~~~~~~~~~~~~~~~~~~~

Error: processing vignette 'MsBackendMetaboLights.Rmd' failed with diagnostics:
cannot open the connection to 'ftp://ftp.ebi.ac.uk/pub/databases/metabolights/studies/public/MTBLS39/a_MTBLS39_the_plasticity_of_the_grapevine_berry_transcriptome_metabolite_profiling_mass_spectrometry.txt'
--- failed re-building ‘MsBackendMetaboLights.Rmd’

SUMMARY: processing the following file failed:
  ‘MsBackendMetaboLights.Rmd’

Error: Vignette re-building failed.
Execution halted