Back to Multiple platform build/check report for BioC 3.22: simplified long |
|
This page was generated on 2025-10-11 12:04 -0400 (Sat, 11 Oct 2025).
Hostname | OS | Arch (*) | R version | Installed pkgs |
---|---|---|---|---|
nebbiolo2 | Linux (Ubuntu 24.04.3 LTS) | x86_64 | 4.5.1 Patched (2025-08-23 r88802) -- "Great Square Root" | 4864 |
lconway | macOS 12.7.1 Monterey | x86_64 | 4.5.1 Patched (2025-09-10 r88807) -- "Great Square Root" | 4652 |
kjohnson3 | macOS 13.7.7 Ventura | arm64 | 4.5.1 Patched (2025-09-10 r88807) -- "Great Square Root" | 4597 |
taishan | Linux (openEuler 24.03 LTS) | aarch64 | 4.5.0 (2025-04-11) -- "How About a Twenty-Six" | 4586 |
Click on any hostname to see more info about the system (e.g. compilers) (*) as reported by 'uname -p', except on Windows and Mac OS X |
Package 2083/2346 | Hostname | OS / Arch | INSTALL | BUILD | CHECK | BUILD BIN | ||||||||
SPIAT 1.11.0 (landing page) Yuzhou Feng
| nebbiolo2 | Linux (Ubuntu 24.04.3 LTS) / x86_64 | OK | OK | ERROR | |||||||||
lconway | macOS 12.7.1 Monterey / x86_64 | OK | OK | OK | OK | ![]() | ||||||||
kjohnson3 | macOS 13.7.7 Ventura / arm64 | OK | OK | OK | OK | ![]() | ||||||||
taishan | Linux (openEuler 24.03 LTS) / aarch64 | OK | OK | OK | ||||||||||
To the developers/maintainers of the SPIAT package: - Allow up to 24 hours (and sometimes 48 hours) for your latest push to git@git.bioconductor.org:packages/SPIAT.git to reflect on this report. See Troubleshooting Build Report for more information. - Use the following Renviron settings to reproduce errors and warnings. - If 'R CMD check' started to fail recently on the Linux builder(s) over a missing dependency, add the missing dependency to 'Suggests:' in your DESCRIPTION file. See Renviron.bioc for more information. |
Package: SPIAT |
Version: 1.11.0 |
Command: /home/biocbuild/bbs-3.22-bioc/R/bin/R CMD check --install=check:SPIAT.install-out.txt --library=/home/biocbuild/bbs-3.22-bioc/R/site-library --timings SPIAT_1.11.0.tar.gz |
StartedAt: 2025-10-11 04:52:22 -0400 (Sat, 11 Oct 2025) |
EndedAt: 2025-10-11 04:59:32 -0400 (Sat, 11 Oct 2025) |
EllapsedTime: 429.4 seconds |
RetCode: 1 |
Status: ERROR |
CheckDir: SPIAT.Rcheck |
Warnings: NA |
############################################################################## ############################################################################## ### ### Running command: ### ### /home/biocbuild/bbs-3.22-bioc/R/bin/R CMD check --install=check:SPIAT.install-out.txt --library=/home/biocbuild/bbs-3.22-bioc/R/site-library --timings SPIAT_1.11.0.tar.gz ### ############################################################################## ############################################################################## * using log directory ‘/home/biocbuild/bbs-3.22-bioc/meat/SPIAT.Rcheck’ * using R version 4.5.1 Patched (2025-08-23 r88802) * using platform: x86_64-pc-linux-gnu * R was compiled by gcc (Ubuntu 13.3.0-6ubuntu2~24.04) 13.3.0 GNU Fortran (Ubuntu 13.3.0-6ubuntu2~24.04) 13.3.0 * running under: Ubuntu 24.04.3 LTS * using session charset: UTF-8 * checking for file ‘SPIAT/DESCRIPTION’ ... OK * checking extension type ... Package * this is package ‘SPIAT’ version ‘1.11.0’ * package encoding: UTF-8 * checking package namespace information ... OK * checking package dependencies ... OK * checking if this is a source package ... OK * checking if there is a namespace ... OK * checking for hidden files and directories ... OK * checking for portable file names ... OK * checking for sufficient/correct file permissions ... OK * checking whether package ‘SPIAT’ can be installed ... OK * checking installed package size ... OK * checking package directory ... OK * checking ‘build’ directory ... OK * checking DESCRIPTION meta-information ... NOTE License components with restrictions not permitted: Artistic-2.0 + file LICENSE * checking top-level files ... OK * checking for left-over files ... OK * checking index information ... OK * checking package subdirectories ... OK * checking code files for non-ASCII characters ... OK * checking R files for syntax errors ... OK * checking whether the package can be loaded ... OK * checking whether the package can be loaded with stated dependencies ... OK * checking whether the package can be unloaded cleanly ... OK * checking whether the namespace can be loaded with stated dependencies ... OK * checking whether the namespace can be unloaded cleanly ... OK * checking loading without being on the library search path ... OK * checking dependencies in R code ... OK * checking S3 generic/method consistency ... OK * checking replacement functions ... OK * checking foreign function calls ... OK * checking R code for possible problems ... OK * checking Rd files ... OK * checking Rd metadata ... OK * checking Rd cross-references ... OK * checking for missing documentation entries ... OK * checking for code/documentation mismatches ... OK * checking Rd \usage sections ... OK * checking Rd contents ... OK * checking for unstated dependencies in examples ... OK * checking contents of ‘data’ directory ... OK * checking data for non-ASCII characters ... OK * checking LazyData ... OK * checking data for ASCII and uncompressed saves ... OK * checking files in ‘vignettes’ ... OK * checking examples ... OK Examples with CPU (user + system) or elapsed time > 5s user system elapsed dimensionality_reduction_plot 20.634 0.149 20.783 calculate_percentage_of_grids 7.216 0.086 7.303 * checking for unstated dependencies in ‘tests’ ... OK * checking tests ... Running ‘testthat.R’ OK * checking for unstated dependencies in vignettes ... OK * checking package vignettes ... OK * checking re-building of vignette outputs ... ERROR Error(s) in re-building vignettes: --- re-building ‘SPIAT.Rmd’ using rmarkdown --- finished re-building ‘SPIAT.Rmd’ --- re-building ‘basic_analysis.Rmd’ using rmarkdown Failed with error: 'there is no package called 'GenomeInfoDb'' Quitting from basic_analysis.Rmd:34-46 [unnamed-chunk-2] ~~~~~~~~~~~~~~~~~~~~~~~~~~~~~~~~~~~~~~~~~~~~~~~~~~~~~~~~~~~~~~~~~~~~~~~~~~~~~~~~ <error/rlang_error> Error in `.requirePackage()`: ! unable to load required package 'GenomeInfoDb' --- Backtrace: ▆ 1. ├─SPIAT::define_celltypes(...) 2. │ ├─`*tmp*`[, spe_object[[category_colname]] == categories[i]] 3. │ └─`*tmp*`[, spe_object[[category_colname]] == categories[i]] 4. │ ├─methods::callNextMethod() 5. │ └─SingleCellExperiment (local) .nextMethod(x = x, i = , j = j) 6. │ ├─BiocGenerics::updateObject(x) 7. │ └─SingleCellExperiment::updateObject(x) 8. │ ├─methods::callNextMethod() 9. │ └─SummarizedExperiment (local) .nextMethod(object = object) 10. │ ├─BiocGenerics::updateObject(object@rowRanges, ..., verbose = verbose) 11. │ └─GenomicRanges::updateObject(object@rowRanges, ..., verbose = verbose) 12. │ ├─BiocGenerics::updateObject(object@unlistData, ..., verbose = verbose) 13. │ └─GenomicRanges::updateObject(object@unlistData, ..., verbose = verbose) 14. │ └─BiocGenerics::updateObject(object@seqinfo, ..., verbose = verbose) 15. └─methods:::.extendsForS3(`<chr>`) 16. └─methods::extends(Class, maybe = FALSE) 17. └─methods::getClassDef(class1) 18. └─methods:::.requirePackage(package) ~~~~~~~~~~~~~~~~~~~~~~~~~~~~~~~~~~~~~~~~~~~~~~~~~~~~~~~~~~~~~~~~~~~~~~~~~~~~~~~~ Error: processing vignette 'basic_analysis.Rmd' failed with diagnostics: unable to load required package 'GenomeInfoDb' --- failed re-building ‘basic_analysis.Rmd’ --- re-building ‘cell-colocalisation.Rmd’ using rmarkdown Failed with error: 'there is no package called 'GenomeInfoDb'' Quitting from cell-colocalisation.Rmd:37-49 [unnamed-chunk-2] ~~~~~~~~~~~~~~~~~~~~~~~~~~~~~~~~~~~~~~~~~~~~~~~~~~~~~~~~~~~~~~~~~~~~~~~~~~~~~~~~ <error/rlang_error> Error in `.requirePackage()`: ! unable to load required package 'GenomeInfoDb' --- Backtrace: ▆ 1. ├─SPIAT::define_celltypes(...) 2. │ ├─`*tmp*`[, spe_object[[category_colname]] == categories[i]] 3. │ └─`*tmp*`[, spe_object[[category_colname]] == categories[i]] 4. │ ├─methods::callNextMethod() 5. │ └─SingleCellExperiment (local) .nextMethod(x = x, i = , j = j) 6. │ ├─BiocGenerics::updateObject(x) 7. │ └─SingleCellExperiment::updateObject(x) 8. │ ├─methods::callNextMethod() 9. │ └─SummarizedExperiment (local) .nextMethod(object = object) 10. │ ├─BiocGenerics::updateObject(object@rowRanges, ..., verbose = verbose) 11. │ └─GenomicRanges::updateObject(object@rowRanges, ..., verbose = verbose) 12. │ ├─BiocGenerics::updateObject(object@unlistData, ..., verbose = verbose) 13. │ └─GenomicRanges::updateObject(object@unlistData, ..., verbose = verbose) 14. │ └─BiocGenerics::updateObject(object@seqinfo, ..., verbose = verbose) 15. └─methods:::.extendsForS3(`<chr>`) 16. └─methods::extends(Class, maybe = FALSE) 17. └─methods::getClassDef(class1) 18. └─methods:::.requirePackage(package) ~~~~~~~~~~~~~~~~~~~~~~~~~~~~~~~~~~~~~~~~~~~~~~~~~~~~~~~~~~~~~~~~~~~~~~~~~~~~~~~~ Error: processing vignette 'cell-colocalisation.Rmd' failed with diagnostics: unable to load required package 'GenomeInfoDb' --- failed re-building ‘cell-colocalisation.Rmd’ --- re-building ‘data_reading-formatting.Rmd’ using rmarkdown --- finished re-building ‘data_reading-formatting.Rmd’ --- re-building ‘neighborhood.Rmd’ using rmarkdown --- finished re-building ‘neighborhood.Rmd’ --- re-building ‘quality-control_visualisation.Rmd’ using rmarkdown Failed with error: 'there is no package called 'GenomeInfoDb'' Quitting from quality-control_visualisation.Rmd:40-52 [unnamed-chunk-2] ~~~~~~~~~~~~~~~~~~~~~~~~~~~~~~~~~~~~~~~~~~~~~~~~~~~~~~~~~~~~~~~~~~~~~~~~~~~~~~~~ <error/rlang_error> Error in `.requirePackage()`: ! unable to load required package 'GenomeInfoDb' --- Backtrace: ▆ 1. ├─SPIAT::define_celltypes(...) 2. │ ├─`*tmp*`[, spe_object[[category_colname]] == categories[i]] 3. │ └─`*tmp*`[, spe_object[[category_colname]] == categories[i]] 4. │ ├─methods::callNextMethod() 5. │ └─SingleCellExperiment (local) .nextMethod(x = x, i = , j = j) 6. │ ├─BiocGenerics::updateObject(x) 7. │ └─SingleCellExperiment::updateObject(x) 8. │ ├─methods::callNextMethod() 9. │ └─SummarizedExperiment (local) .nextMethod(object = object) 10. │ ├─BiocGenerics::updateObject(object@rowRanges, ..., verbose = verbose) 11. │ └─GenomicRanges::updateObject(object@rowRanges, ..., verbose = verbose) 12. │ ├─BiocGenerics::updateObject(object@unlistData, ..., verbose = verbose) 13. │ └─GenomicRanges::updateObject(object@unlistData, ..., verbose = verbose) 14. │ └─BiocGenerics::updateObject(object@seqinfo, ..., verbose = verbose) 15. └─methods:::.extendsForS3(`<chr>`) 16. └─methods::extends(Class, maybe = FALSE) 17. └─methods::getClassDef(class1) 18. └─methods:::.requirePackage(package) ~~~~~~~~~~~~~~~~~~~~~~~~~~~~~~~~~~~~~~~~~~~~~~~~~~~~~~~~~~~~~~~~~~~~~~~~~~~~~~~~ Error: processing vignette 'quality-control_visualisation.Rmd' failed with diagnostics: unable to load required package 'GenomeInfoDb' --- failed re-building ‘quality-control_visualisation.Rmd’ --- re-building ‘spatial-heterogeneity.Rmd’ using rmarkdown Failed with error: 'there is no package called 'GenomeInfoDb'' Quitting from spatial-heterogeneity.Rmd:43-55 [unnamed-chunk-2] ~~~~~~~~~~~~~~~~~~~~~~~~~~~~~~~~~~~~~~~~~~~~~~~~~~~~~~~~~~~~~~~~~~~~~~~~~~~~~~~~ <error/rlang_error> Error in `.requirePackage()`: ! unable to load required package 'GenomeInfoDb' --- Backtrace: ▆ 1. ├─SPIAT::define_celltypes(...) 2. │ ├─`*tmp*`[, spe_object[[category_colname]] == categories[i]] 3. │ └─`*tmp*`[, spe_object[[category_colname]] == categories[i]] 4. │ ├─methods::callNextMethod() 5. │ └─SingleCellExperiment (local) .nextMethod(x = x, i = , j = j) 6. │ ├─BiocGenerics::updateObject(x) 7. │ └─SingleCellExperiment::updateObject(x) 8. │ ├─methods::callNextMethod() 9. │ └─SummarizedExperiment (local) .nextMethod(object = object) 10. │ ├─BiocGenerics::updateObject(object@rowRanges, ..., verbose = verbose) 11. │ └─GenomicRanges::updateObject(object@rowRanges, ..., verbose = verbose) 12. │ ├─BiocGenerics::updateObject(object@unlistData, ..., verbose = verbose) 13. │ └─GenomicRanges::updateObject(object@unlistData, ..., verbose = verbose) 14. │ └─BiocGenerics::updateObject(object@seqinfo, ..., verbose = verbose) 15. └─methods:::.extendsForS3(`<chr>`) 16. └─methods::extends(Class, maybe = FALSE) 17. └─methods::getClassDef(class1) 18. └─methods:::.requirePackage(package) ~~~~~~~~~~~~~~~~~~~~~~~~~~~~~~~~~~~~~~~~~~~~~~~~~~~~~~~~~~~~~~~~~~~~~~~~~~~~~~~~ Error: processing vignette 'spatial-heterogeneity.Rmd' failed with diagnostics: unable to load required package 'GenomeInfoDb' --- failed re-building ‘spatial-heterogeneity.Rmd’ --- re-building ‘tissue-structure.Rmd’ using rmarkdown Failed with error: 'there is no package called 'GenomeInfoDb'' Quitting from tissue-structure.Rmd:46-58 [unnamed-chunk-2] ~~~~~~~~~~~~~~~~~~~~~~~~~~~~~~~~~~~~~~~~~~~~~~~~~~~~~~~~~~~~~~~~~~~~~~~~~~~~~~~~ <error/rlang_error> Error in `.requirePackage()`: ! unable to load required package 'GenomeInfoDb' --- Backtrace: ▆ 1. ├─SPIAT::define_celltypes(...) 2. │ ├─`*tmp*`[, spe_object[[category_colname]] == categories[i]] 3. │ └─`*tmp*`[, spe_object[[category_colname]] == categories[i]] 4. │ ├─methods::callNextMethod() 5. │ └─SingleCellExperiment (local) .nextMethod(x = x, i = , j = j) 6. │ ├─BiocGenerics::updateObject(x) 7. │ └─SingleCellExperiment::updateObject(x) 8. │ ├─methods::callNextMethod() 9. │ └─SummarizedExperiment (local) .nextMethod(object = object) 10. │ ├─BiocGenerics::updateObject(object@rowRanges, ..., verbose = verbose) 11. │ └─GenomicRanges::updateObject(object@rowRanges, ..., verbose = verbose) 12. │ ├─BiocGenerics::updateObject(object@unlistData, ..., verbose = verbose) 13. │ └─GenomicRanges::updateObject(object@unlistData, ..., verbose = verbose) 14. │ └─BiocGenerics::updateObject(object@seqinfo, ..., verbose = verbose) 15. └─methods:::.extendsForS3(`<chr>`) 16. └─methods::extends(Class, maybe = FALSE) 17. └─methods::getClassDef(class1) 18. └─methods:::.requirePackage(package) ~~~~~~~~~~~~~~~~~~~~~~~~~~~~~~~~~~~~~~~~~~~~~~~~~~~~~~~~~~~~~~~~~~~~~~~~~~~~~~~~ Error: processing vignette 'tissue-structure.Rmd' failed with diagnostics: unable to load required package 'GenomeInfoDb' --- failed re-building ‘tissue-structure.Rmd’ SUMMARY: processing the following files failed: ‘basic_analysis.Rmd’ ‘cell-colocalisation.Rmd’ ‘quality-control_visualisation.Rmd’ ‘spatial-heterogeneity.Rmd’ ‘tissue-structure.Rmd’ Error: Vignette re-building failed. Execution halted * checking PDF version of manual ... OK * DONE Status: 1 ERROR, 1 NOTE See ‘/home/biocbuild/bbs-3.22-bioc/meat/SPIAT.Rcheck/00check.log’ for details.
SPIAT.Rcheck/00install.out
############################################################################## ############################################################################## ### ### Running command: ### ### /home/biocbuild/bbs-3.22-bioc/R/bin/R CMD INSTALL SPIAT ### ############################################################################## ############################################################################## * installing to library ‘/home/biocbuild/bbs-3.22-bioc/R/site-library’ * installing *source* package ‘SPIAT’ ... ** this is package ‘SPIAT’ version ‘1.11.0’ ** using staged installation ** R ** data *** moving datasets to lazyload DB ** inst ** byte-compile and prepare package for lazy loading ** help *** installing help indices ** building package indices ** installing vignettes ** testing if installed package can be loaded from temporary location ** testing if installed package can be loaded from final location ** testing if installed package keeps a record of temporary installation path * DONE (SPIAT)
SPIAT.Rcheck/tests/testthat.Rout
R version 4.5.1 Patched (2025-08-23 r88802) -- "Great Square Root" Copyright (C) 2025 The R Foundation for Statistical Computing Platform: x86_64-pc-linux-gnu R is free software and comes with ABSOLUTELY NO WARRANTY. You are welcome to redistribute it under certain conditions. Type 'license()' or 'licence()' for distribution details. R is a collaborative project with many contributors. Type 'contributors()' for more information and 'citation()' on how to cite R or R packages in publications. Type 'demo()' for some demos, 'help()' for on-line help, or 'help.start()' for an HTML browser interface to help. Type 'q()' to quit R. > library(testthat) > library(SPIAT) Loading required package: SpatialExperiment Loading required package: SingleCellExperiment Loading required package: SummarizedExperiment Loading required package: MatrixGenerics Loading required package: matrixStats Attaching package: 'MatrixGenerics' The following objects are masked from 'package:matrixStats': colAlls, colAnyNAs, colAnys, colAvgsPerRowSet, colCollapse, colCounts, colCummaxs, colCummins, colCumprods, colCumsums, colDiffs, colIQRDiffs, colIQRs, colLogSumExps, colMadDiffs, colMads, colMaxs, colMeans2, colMedians, colMins, colOrderStats, colProds, colQuantiles, colRanges, colRanks, colSdDiffs, colSds, colSums2, colTabulates, colVarDiffs, colVars, colWeightedMads, colWeightedMeans, colWeightedMedians, colWeightedSds, colWeightedVars, rowAlls, rowAnyNAs, rowAnys, rowAvgsPerColSet, rowCollapse, rowCounts, rowCummaxs, rowCummins, rowCumprods, rowCumsums, rowDiffs, rowIQRDiffs, rowIQRs, rowLogSumExps, rowMadDiffs, rowMads, rowMaxs, rowMeans2, rowMedians, rowMins, rowOrderStats, rowProds, rowQuantiles, rowRanges, rowRanks, rowSdDiffs, rowSds, rowSums2, rowTabulates, rowVarDiffs, rowVars, rowWeightedMads, rowWeightedMeans, rowWeightedMedians, rowWeightedSds, rowWeightedVars Loading required package: GenomicRanges Loading required package: stats4 Loading required package: BiocGenerics Loading required package: generics Attaching package: 'generics' The following objects are masked from 'package:base': as.difftime, as.factor, as.ordered, intersect, is.element, setdiff, setequal, union Attaching package: 'BiocGenerics' The following objects are masked from 'package:stats': IQR, mad, sd, var, xtabs The following objects are masked from 'package:base': Filter, Find, Map, Position, Reduce, anyDuplicated, aperm, append, as.data.frame, basename, cbind, colnames, dirname, do.call, duplicated, eval, evalq, get, grep, grepl, is.unsorted, lapply, mapply, match, mget, order, paste, pmax, pmax.int, pmin, pmin.int, rank, rbind, rownames, sapply, saveRDS, table, tapply, unique, unsplit, which.max, which.min Loading required package: S4Vectors Attaching package: 'S4Vectors' The following object is masked from 'package:utils': findMatches The following objects are masked from 'package:base': I, expand.grid, unname Loading required package: IRanges Loading required package: Seqinfo Loading required package: Biobase Welcome to Bioconductor Vignettes contain introductory material; view with 'browseVignettes()'. To cite Bioconductor, see 'citation("Biobase")', and for packages 'citation("pkgname")'. Attaching package: 'Biobase' The following object is masked from 'package:MatrixGenerics': rowMedians The following objects are masked from 'package:matrixStats': anyMissing, rowMedians > > test_check("SPIAT") [1] "Markers had been selected in minimum distance calculation: " [1] "Immune1" "Tumour" [1] "Crossing of cross K function is detected for this image, indicating a potential immune ring." [1] "The crossing happens at the 50% of the specified distance." [1] "The alpha of Polygon is: 63.24375" [1] "Markers had been selected in minimum distance calculation: " [1] "Non-border" "Border" [1] "Tumour_marker" [1] "Immune_marker1" [1] "Immune_marker2" [1] "Immune_marker3" [1] "Immune_marker4" [1] "Tumour_marker" [1] "Immune_marker1" [1] "Immune_marker2" [1] "Immune_marker3" [1] "Immune_marker4" [1] "Tumour_marker threshold intensity: 0.445450443784465" [1] "Immune_marker1 threshold intensity: 0.116980867970434" [1] "Immune_marker2 threshold intensity: 0.124283809517202" [1] "Immune_marker3 threshold intensity: 0.0166413130263845" [1] "Immune_marker4 threshold intensity: 0.00989731350898589" [ FAIL 0 | WARN 0 | SKIP 0 | PASS 80 ] > > proc.time() user system elapsed 62.768 1.969 64.719
SPIAT.Rcheck/SPIAT-Ex.timings
name | user | system | elapsed | |
AUC_of_cross_function | 0.161 | 0.005 | 0.168 | |
R_BC | 1.784 | 0.063 | 1.849 | |
average_marker_intensity_within_radius | 0.047 | 0.001 | 0.049 | |
average_minimum_distance | 0.018 | 0.000 | 0.018 | |
average_nearest_neighbor_index | 0.200 | 0.001 | 0.201 | |
average_percentage_of_cells_within_radius | 0.888 | 0.015 | 0.903 | |
calculate_cell_proportions | 0.010 | 0.001 | 0.011 | |
calculate_cross_functions | 0.149 | 0.000 | 0.149 | |
calculate_distance_to_margin | 1.045 | 0.001 | 1.045 | |
calculate_entropy | 0.009 | 0.000 | 0.009 | |
calculate_minimum_distances_between_celltypes | 0.014 | 0.000 | 0.014 | |
calculate_pairwise_distances_between_celltypes | 4.374 | 0.327 | 4.701 | |
calculate_percentage_of_grids | 7.216 | 0.086 | 7.303 | |
calculate_proportions_of_cells_in_structure | 1.175 | 0.009 | 1.184 | |
calculate_spatial_autocorrelation | 2.998 | 0.010 | 3.008 | |
calculate_summary_distances_between_celltypes | 2.863 | 0.176 | 3.039 | |
calculate_summary_distances_of_cells_to_borders | 1.048 | 0.059 | 1.107 | |
composition_of_neighborhoods | 1.220 | 0.166 | 1.385 | |
compute_gradient | 0.055 | 0.000 | 0.054 | |
crossing_of_crossK | 0.110 | 0.000 | 0.109 | |
define_celltypes | 0.588 | 0.001 | 0.589 | |
define_structure | 1.445 | 0.001 | 1.447 | |
dimensionality_reduction_plot | 20.634 | 0.149 | 20.783 | |
entropy_gradient_aggregated | 0.488 | 0.008 | 0.496 | |
format_cellprofiler_to_spe | 0.104 | 0.006 | 0.111 | |
format_codex_to_spe | 0.090 | 0.000 | 0.091 | |
format_colData_to_spe | 0.09 | 0.00 | 0.09 | |
format_halo_to_spe | 0.348 | 0.098 | 0.437 | |
format_image_to_spe | 0.092 | 0.000 | 0.093 | |
format_inform_to_spe | 0.157 | 0.054 | 0.209 | |
format_spe_to_ppp | 0.016 | 0.000 | 0.016 | |
grid_metrics | 2.617 | 0.064 | 2.681 | |
identify_bordering_cells | 0.581 | 0.010 | 0.591 | |
identify_neighborhoods | 2.000 | 0.173 | 2.172 | |
image_splitter | 0.827 | 0.002 | 0.828 | |
marker_intensity_boxplot | 0.384 | 0.007 | 0.390 | |
marker_prediction_plot | 1.755 | 0.012 | 1.767 | |
marker_surface_plot | 0.178 | 0.006 | 0.184 | |
marker_surface_plot_stack | 0.182 | 0.002 | 0.185 | |
measure_association_to_cell_properties | 0.500 | 0.002 | 0.503 | |
mixing_score_summary | 0.016 | 0.000 | 0.015 | |
number_of_cells_within_radius | 0.010 | 0.001 | 0.011 | |
plot_average_intensity | 0.355 | 0.001 | 0.357 | |
plot_cell_categories | 0.350 | 0.003 | 0.353 | |
plot_cell_distances_violin | 1.183 | 0.020 | 1.204 | |
plot_cell_marker_levels | 0.219 | 0.000 | 0.219 | |
plot_cell_percentages | 0.598 | 0.000 | 0.598 | |
plot_composition_heatmap | 3.334 | 0.064 | 3.398 | |
plot_distance_heatmap | 3.036 | 0.008 | 3.044 | |
plot_marker_level_heatmap | 0.429 | 0.012 | 0.442 | |
predict_phenotypes | 2.308 | 0.011 | 2.319 | |
select_celltypes | 0.058 | 0.000 | 0.058 | |